{"id":620,"date":"2023-03-22T20:32:28","date_gmt":"2023-03-22T19:32:28","guid":{"rendered":"https:\/\/blogsaverroes.juntadeandalucia.es\/sep-montoro\/?page_id=620"},"modified":"2023-05-17T09:58:50","modified_gmt":"2023-05-17T08:58:50","slug":"act-extraescolares","status":"publish","type":"page","link":"https:\/\/blogsaverroes.juntadeandalucia.es\/sep-montoro\/act-extraescolares\/","title":{"rendered":"ACT. EXTRAESCOLARES"},"content":{"rendered":"<p><span style=\"font-size: 18pt;font-family: 'comic sans ms', sans-serif\"><strong>EXCURSI\u00d3N A CA\u00d1ETE DE LAS TORRES<\/strong><\/span><\/p>\n<p>&nbsp;<\/p>\n<p>El pasado 4 de mayo nos fuimos de excursi\u00f3n a Ca\u00f1ete de las Torres. Una localidad con mucho encanto en la que pudimos disfrutar de sus coloridas calles llenas de flores y la amabilidad de sus habitantes que nos recibieron con los brazos abiertos.&nbsp;<\/p>\n<p>Adem\u00e1s del centro de adultos de Montoro, tambi\u00e9n compartimos este d\u00eda con el resto de centros pertenecientes al CEPER Fuensanta, por lo que tuvimos un d\u00eda de convivencia extraordinario que comenz\u00f3 con un desayuno. Tras el desayuno, una gu\u00eda tur\u00edstica nos hizo una ruta por el pueblo y despu\u00e9s almorzamos. Finalmente, hicimos un concurso de carteles y escuchamos m\u00fasica para bailar e incluso cantar karaoke.<\/p>\n<p>\u00a1Lo pasamos genial!&nbsp;<\/p>\n<p>&nbsp;<\/p>\n<p><img loading=\"lazy\" decoding=\"async\" class=\"alignnone size-medium wp-image-762\" src=\"https:\/\/blogsaverroes.juntadeandalucia.es\/sep-montoro\/files\/2023\/05\/1684311791114-225x300.jpg\" alt=\"\" width=\"225\" height=\"300\" srcset=\"https:\/\/blogsaverroes.juntadeandalucia.es\/sep-montoro\/files\/2023\/05\/1684311791114-225x300.jpg 225w, https:\/\/blogsaverroes.juntadeandalucia.es\/sep-montoro\/files\/2023\/05\/1684311791114-768x1024.jpg 768w, https:\/\/blogsaverroes.juntadeandalucia.es\/sep-montoro\/files\/2023\/05\/1684311791114-1152x1536.jpg 1152w, https:\/\/blogsaverroes.juntadeandalucia.es\/sep-montoro\/files\/2023\/05\/1684311791114-1536x2048.jpg 1536w, https:\/\/blogsaverroes.juntadeandalucia.es\/sep-montoro\/files\/2023\/05\/1684311791114-scaled.jpg 1920w\" sizes=\"(max-width: 225px) 100vw, 225px\" \/><img loading=\"lazy\" decoding=\"async\" class=\"alignnone size-medium wp-image-763\" src=\"https:\/\/blogsaverroes.juntadeandalucia.es\/sep-montoro\/files\/2023\/05\/1684311791123-225x300.jpg\" alt=\"\" width=\"225\" height=\"300\" srcset=\"https:\/\/blogsaverroes.juntadeandalucia.es\/sep-montoro\/files\/2023\/05\/1684311791123-225x300.jpg 225w, https:\/\/blogsaverroes.juntadeandalucia.es\/sep-montoro\/files\/2023\/05\/1684311791123-768x1024.jpg 768w, https:\/\/blogsaverroes.juntadeandalucia.es\/sep-montoro\/files\/2023\/05\/1684311791123-1152x1536.jpg 1152w, https:\/\/blogsaverroes.juntadeandalucia.es\/sep-montoro\/files\/2023\/05\/1684311791123-1536x2048.jpg 1536w, https:\/\/blogsaverroes.juntadeandalucia.es\/sep-montoro\/files\/2023\/05\/1684311791123-scaled.jpg 1920w\" sizes=\"(max-width: 225px) 100vw, 225px\" \/><\/p>\n<p>&nbsp;<\/p>\n<p><strong>________________________________________________________________________________________<\/strong><\/p>\n<p>&nbsp;<\/p>\n<p><span style=\"font-size: 18pt;font-family: 'comic sans ms', sans-serif\"><strong>CELEBRANDO EL MAYO CORDOB\u00c9S<\/strong><\/span><\/p>\n<p>&nbsp;<\/p>\n<p>El 11 de mayo celebramos el mayo cordob\u00e9s en&nbsp; nuestro centro y es por ello que el alumnado de los planes educativos de Formaci\u00f3n B\u00e1sica y Patrimonio Cultural Andaluz han colaborado en la realizaci\u00f3n y decoraci\u00f3n del patio del centro para convertirlo en un patio cordob\u00e9s con una bonita cruz hecha de flores de papel, macetas con flores t\u00edpicas, vidrieras sobre monumentos andaluces, abanicos flamencos y cuadros dibujados por el alumnado sobre edificios y monumentos t\u00edpicos de la localidad de Montoro.<\/p>\n<p>Tambi\u00e9n escribimos en la pared un bonito poema sobre la primavera y Andaluc\u00eda, cuya autora es una de nuestras alumnas del centro, qui\u00e9n escribe unas poes\u00edas preciosas.<\/p>\n<p>Tras m\u00e1s de un mes y medio de trabajo, por fin el d\u00eda 11 de mayo pudimos disfrutar de nuestro patio, haciendo una gran merienda y jornada de convivencia. \u00a1Nos encanta celebrar la primavera!<\/p>\n<p>&nbsp;<\/p>\n<p><img loading=\"lazy\" decoding=\"async\" class=\"alignnone size-medium wp-image-771\" src=\"https:\/\/blogsaverroes.juntadeandalucia.es\/sep-montoro\/files\/2023\/05\/1684311643763-300x225.jpg\" alt=\"\" width=\"300\" height=\"225\" srcset=\"https:\/\/blogsaverroes.juntadeandalucia.es\/sep-montoro\/files\/2023\/05\/1684311643763-300x225.jpg 300w, https:\/\/blogsaverroes.juntadeandalucia.es\/sep-montoro\/files\/2023\/05\/1684311643763-1024x768.jpg 1024w, https:\/\/blogsaverroes.juntadeandalucia.es\/sep-montoro\/files\/2023\/05\/1684311643763-768x576.jpg 768w, https:\/\/blogsaverroes.juntadeandalucia.es\/sep-montoro\/files\/2023\/05\/1684311643763-1536x1152.jpg 1536w, https:\/\/blogsaverroes.juntadeandalucia.es\/sep-montoro\/files\/2023\/05\/1684311643763-2048x1536.jpg 2048w\" sizes=\"(max-width: 300px) 100vw, 300px\" \/>&nbsp; &nbsp; &nbsp; &nbsp; &nbsp; &nbsp; &nbsp; &nbsp; &nbsp;<img loading=\"lazy\" decoding=\"async\" class=\"alignnone size-medium wp-image-769\" src=\"https:\/\/blogsaverroes.juntadeandalucia.es\/sep-montoro\/files\/2023\/05\/1684311643748-169x300.jpg\" alt=\"\" width=\"169\" height=\"300\" srcset=\"https:\/\/blogsaverroes.juntadeandalucia.es\/sep-montoro\/files\/2023\/05\/1684311643748-169x300.jpg 169w, https:\/\/blogsaverroes.juntadeandalucia.es\/sep-montoro\/files\/2023\/05\/1684311643748-576x1024.jpg 576w, https:\/\/blogsaverroes.juntadeandalucia.es\/sep-montoro\/files\/2023\/05\/1684311643748-768x1365.jpg 768w, https:\/\/blogsaverroes.juntadeandalucia.es\/sep-montoro\/files\/2023\/05\/1684311643748-864x1536.jpg 864w, https:\/\/blogsaverroes.juntadeandalucia.es\/sep-montoro\/files\/2023\/05\/1684311643748.jpg 900w\" sizes=\"(max-width: 169px) 100vw, 169px\" \/>&nbsp; &nbsp; &nbsp; &nbsp; &nbsp; &nbsp; &nbsp; &nbsp;&nbsp; &nbsp;<img loading=\"lazy\" decoding=\"async\" class=\"alignnone size-medium wp-image-767\" src=\"https:\/\/blogsaverroes.juntadeandalucia.es\/sep-montoro\/files\/2023\/05\/1684311643735-300x225.jpg\" alt=\"\" width=\"300\" height=\"225\" srcset=\"https:\/\/blogsaverroes.juntadeandalucia.es\/sep-montoro\/files\/2023\/05\/1684311643735-300x225.jpg 300w, https:\/\/blogsaverroes.juntadeandalucia.es\/sep-montoro\/files\/2023\/05\/1684311643735-1024x768.jpg 1024w, https:\/\/blogsaverroes.juntadeandalucia.es\/sep-montoro\/files\/2023\/05\/1684311643735-768x576.jpg 768w, https:\/\/blogsaverroes.juntadeandalucia.es\/sep-montoro\/files\/2023\/05\/1684311643735-1536x1152.jpg 1536w, https:\/\/blogsaverroes.juntadeandalucia.es\/sep-montoro\/files\/2023\/05\/1684311643735-2048x1536.jpg 2048w\" sizes=\"(max-width: 300px) 100vw, 300px\" \/><\/p>\n<p>&nbsp;<\/p>\n<p>&nbsp; &nbsp; &nbsp; &nbsp; &nbsp; &nbsp; &nbsp; &nbsp; &nbsp; &nbsp; &nbsp; &nbsp; &nbsp; &nbsp; &nbsp; <img loading=\"lazy\" decoding=\"async\" class=\"alignnone size-medium wp-image-770\" src=\"https:\/\/blogsaverroes.juntadeandalucia.es\/sep-montoro\/files\/2023\/05\/1684311643756-300x225.jpg\" alt=\"\" width=\"300\" height=\"225\" srcset=\"https:\/\/blogsaverroes.juntadeandalucia.es\/sep-montoro\/files\/2023\/05\/1684311643756-300x225.jpg 300w, https:\/\/blogsaverroes.juntadeandalucia.es\/sep-montoro\/files\/2023\/05\/1684311643756-1024x768.jpg 1024w, https:\/\/blogsaverroes.juntadeandalucia.es\/sep-montoro\/files\/2023\/05\/1684311643756-768x576.jpg 768w, https:\/\/blogsaverroes.juntadeandalucia.es\/sep-montoro\/files\/2023\/05\/1684311643756-1536x1152.jpg 1536w, https:\/\/blogsaverroes.juntadeandalucia.es\/sep-montoro\/files\/2023\/05\/1684311643756-2048x1536.jpg 2048w\" sizes=\"(max-width: 300px) 100vw, 300px\" \/>&nbsp; &nbsp; &nbsp; &nbsp; &nbsp; &nbsp; &nbsp; &nbsp; &nbsp; &nbsp; &nbsp; &nbsp; &nbsp; &nbsp; &nbsp; &nbsp; &nbsp; &nbsp; &nbsp; &nbsp; &nbsp;<img loading=\"lazy\" decoding=\"async\" class=\"alignnone size-medium wp-image-768\" src=\"https:\/\/blogsaverroes.juntadeandalucia.es\/sep-montoro\/files\/2023\/05\/1684311643742-300x169.jpg\" alt=\"\" width=\"300\" height=\"169\" srcset=\"https:\/\/blogsaverroes.juntadeandalucia.es\/sep-montoro\/files\/2023\/05\/1684311643742-300x169.jpg 300w, https:\/\/blogsaverroes.juntadeandalucia.es\/sep-montoro\/files\/2023\/05\/1684311643742-1024x576.jpg 1024w, https:\/\/blogsaverroes.juntadeandalucia.es\/sep-montoro\/files\/2023\/05\/1684311643742-768x432.jpg 768w, https:\/\/blogsaverroes.juntadeandalucia.es\/sep-montoro\/files\/2023\/05\/1684311643742-1536x864.jpg 1536w, https:\/\/blogsaverroes.juntadeandalucia.es\/sep-montoro\/files\/2023\/05\/1684311643742.jpg 1600w\" sizes=\"(max-width: 300px) 100vw, 300px\" \/><\/p>\n","protected":false},"excerpt":{"rendered":"<p>EXCURSI\u00d3N A CA\u00d1ETE DE LAS TORRES &nbsp; El pasado 4 de mayo nos fuimos de excursi\u00f3n a Ca\u00f1ete de las Torres. Una localidad con mucho encanto en la que pudimos disfrutar de sus coloridas&#46;&#46;&#46;<\/p>\n","protected":false},"author":17234,"featured_media":0,"parent":0,"menu_order":0,"comment_status":"closed","ping_status":"closed","template":"","meta":{"ngg_post_thumbnail":0,"footnotes":""},"aioseo_notices":[],"_links":{"self":[{"href":"https:\/\/blogsaverroes.juntadeandalucia.es\/sep-montoro\/wp-json\/wp\/v2\/pages\/620"}],"collection":[{"href":"https:\/\/blogsaverroes.juntadeandalucia.es\/sep-montoro\/wp-json\/wp\/v2\/pages"}],"about":[{"href":"https:\/\/blogsaverroes.juntadeandalucia.es\/sep-montoro\/wp-json\/wp\/v2\/types\/page"}],"author":[{"embeddable":true,"href":"https:\/\/blogsaverroes.juntadeandalucia.es\/sep-montoro\/wp-json\/wp\/v2\/users\/17234"}],"replies":[{"embeddable":true,"href":"https:\/\/blogsaverroes.juntadeandalucia.es\/sep-montoro\/wp-json\/wp\/v2\/comments?post=620"}],"version-history":[{"count":4,"href":"https:\/\/blogsaverroes.juntadeandalucia.es\/sep-montoro\/wp-json\/wp\/v2\/pages\/620\/revisions"}],"predecessor-version":[{"id":774,"href":"https:\/\/blogsaverroes.juntadeandalucia.es\/sep-montoro\/wp-json\/wp\/v2\/pages\/620\/revisions\/774"}],"wp:attachment":[{"href":"https:\/\/blogsaverroes.juntadeandalucia.es\/sep-montoro\/wp-json\/wp\/v2\/media?parent=620"}],"curies":[{"name":"wp","href":"https:\/\/api.w.org\/{rel}","templated":true}]}}