{"id":634,"date":"2023-03-23T16:44:22","date_gmt":"2023-03-23T15:44:22","guid":{"rendered":"https:\/\/blogsaverroes.juntadeandalucia.es\/sep-montoro\/?page_id=634"},"modified":"2023-09-15T15:47:32","modified_gmt":"2023-09-15T14:47:32","slug":"calendario-escolar","status":"publish","type":"page","link":"https:\/\/blogsaverroes.juntadeandalucia.es\/sep-montoro\/calendario-escolar\/","title":{"rendered":"Calendario escolar"},"content":{"rendered":"<p><span style=\"font-size: 14pt\">Las clases del curso escolar 2023-2024 comienzan el 15 de septiembre. A continuaci\u00f3n, puede acceder al calendario completo establecido por la delegaci\u00f3n de educaci\u00f3n para la provincia de C\u00f3rdoba:<\/span><\/p>\n<p>&nbsp;<\/p>\n<p style=\"text-align: center\"><img loading=\"lazy\" decoding=\"async\" class=\"alignnone size-full wp-image-802\" src=\"https:\/\/blogsaverroes.juntadeandalucia.es\/sep-montoro\/files\/2023\/09\/Captura-de-pantalla-2.png\" alt=\"\" width=\"571\" height=\"858\" srcset=\"https:\/\/blogsaverroes.juntadeandalucia.es\/sep-montoro\/files\/2023\/09\/Captura-de-pantalla-2.png 571w, https:\/\/blogsaverroes.juntadeandalucia.es\/sep-montoro\/files\/2023\/09\/Captura-de-pantalla-2-200x300.png 200w\" sizes=\"(max-width: 571px) 100vw, 571px\" \/><\/p>\n<p>&nbsp;<\/p>\n<p><span style=\"font-size: 14pt\">Adem\u00e1s, en el siguiente enlace podr\u00e1 acceder al calendario escolar concreto del centro de Educaci\u00f3n Permanente <strong>SEP Montoro<\/strong> para conocer con detalle los d\u00edas festivos espec\u00edficos de la localidad:&nbsp;<\/span><\/p>\n<p><span style=\"font-size: 14pt\"><a href=\"https:\/\/www.juntadeandalucia.es\/educacion\/secretariavirtual\/consulta\/calendario-escolar\/mostrar\/\">https:\/\/www.juntadeandalucia.es\/educacion\/secretariavirtual\/consulta\/calendario-escolar\/mostrar\/<\/a><\/span><\/p>\n<p>&nbsp;<\/p>\n","protected":false},"excerpt":{"rendered":"<p>Las clases del curso escolar 2023-2024 comienzan el 15 de septiembre. A continuaci\u00f3n, puede acceder al calendario completo establecido por la delegaci\u00f3n de educaci\u00f3n para la provincia de C\u00f3rdoba: &nbsp; &nbsp; Adem\u00e1s, en el&#46;&#46;&#46;<\/p>\n","protected":false},"author":17234,"featured_media":0,"parent":0,"menu_order":0,"comment_status":"closed","ping_status":"closed","template":"","meta":{"ngg_post_thumbnail":0,"footnotes":""},"aioseo_notices":[],"_links":{"self":[{"href":"https:\/\/blogsaverroes.juntadeandalucia.es\/sep-montoro\/wp-json\/wp\/v2\/pages\/634"}],"collection":[{"href":"https:\/\/blogsaverroes.juntadeandalucia.es\/sep-montoro\/wp-json\/wp\/v2\/pages"}],"about":[{"href":"https:\/\/blogsaverroes.juntadeandalucia.es\/sep-montoro\/wp-json\/wp\/v2\/types\/page"}],"author":[{"embeddable":true,"href":"https:\/\/blogsaverroes.juntadeandalucia.es\/sep-montoro\/wp-json\/wp\/v2\/users\/17234"}],"replies":[{"embeddable":true,"href":"https:\/\/blogsaverroes.juntadeandalucia.es\/sep-montoro\/wp-json\/wp\/v2\/comments?post=634"}],"version-history":[{"count":7,"href":"https:\/\/blogsaverroes.juntadeandalucia.es\/sep-montoro\/wp-json\/wp\/v2\/pages\/634\/revisions"}],"predecessor-version":[{"id":803,"href":"https:\/\/blogsaverroes.juntadeandalucia.es\/sep-montoro\/wp-json\/wp\/v2\/pages\/634\/revisions\/803"}],"wp:attachment":[{"href":"https:\/\/blogsaverroes.juntadeandalucia.es\/sep-montoro\/wp-json\/wp\/v2\/media?parent=634"}],"curies":[{"name":"wp","href":"https:\/\/api.w.org\/{rel}","templated":true}]}}