{"id":55,"date":"2019-11-17T20:13:17","date_gmt":"2019-11-17T19:13:17","guid":{"rendered":"https:\/\/blogsaverroes.juntadeandalucia.es\/seplacampana\/?page_id=55"},"modified":"2019-11-17T20:13:17","modified_gmt":"2019-11-17T19:13:17","slug":"contacto","status":"publish","type":"page","link":"https:\/\/blogsaverroes.juntadeandalucia.es\/seplacampana\/contacto\/","title":{"rendered":"Contacto"},"content":{"rendered":"<p><span style=\"font-size: 36pt\">SEP La Campana<\/span><\/p>\n<p><span style=\"font-size: 24pt\">Centro de Adultos<\/span><\/p>\n<p><strong>Direcci\u00f3n: <\/strong><\/p>\n<p>Avenida Fuentes de Andaluc\u00eda s\/n<br \/>\n41429 La Campana<br \/>\nSEVILLA (ESPA\u00d1A)<\/p>\n<p><strong>Tel\u00e9fono:<\/strong><\/p>\n<p>955 649 615<\/p>\n<p><strong>Correos Electr\u00f3nicos:<\/strong><\/p>\n<p>educacionadultoslacampana@gamil.com<\/p>\n<p>41500852.edu@juntadeandalucia.es<\/p>\n<p>&nbsp;<\/p>\n","protected":false},"excerpt":{"rendered":"<p>SEP La Campana Centro de Adultos Direcci\u00f3n: Avenida Fuentes de Andaluc\u00eda s\/n 41429 La Campana SEVILLA (ESPA\u00d1A) Tel\u00e9fono: 955 649 615 Correos Electr\u00f3nicos: educacionadultoslacampana@gamil.com 41500852.edu@juntadeandalucia.es &nbsp;<\/p>\n","protected":false},"author":7924,"featured_media":0,"parent":0,"menu_order":0,"comment_status":"closed","ping_status":"closed","template":"","meta":{"ngg_post_thumbnail":0,"footnotes":""},"aioseo_notices":[],"_links":{"self":[{"href":"https:\/\/blogsaverroes.juntadeandalucia.es\/seplacampana\/wp-json\/wp\/v2\/pages\/55"}],"collection":[{"href":"https:\/\/blogsaverroes.juntadeandalucia.es\/seplacampana\/wp-json\/wp\/v2\/pages"}],"about":[{"href":"https:\/\/blogsaverroes.juntadeandalucia.es\/seplacampana\/wp-json\/wp\/v2\/types\/page"}],"author":[{"embeddable":true,"href":"https:\/\/blogsaverroes.juntadeandalucia.es\/seplacampana\/wp-json\/wp\/v2\/users\/7924"}],"replies":[{"embeddable":true,"href":"https:\/\/blogsaverroes.juntadeandalucia.es\/seplacampana\/wp-json\/wp\/v2\/comments?post=55"}],"version-history":[{"count":1,"href":"https:\/\/blogsaverroes.juntadeandalucia.es\/seplacampana\/wp-json\/wp\/v2\/pages\/55\/revisions"}],"predecessor-version":[{"id":57,"href":"https:\/\/blogsaverroes.juntadeandalucia.es\/seplacampana\/wp-json\/wp\/v2\/pages\/55\/revisions\/57"}],"wp:attachment":[{"href":"https:\/\/blogsaverroes.juntadeandalucia.es\/seplacampana\/wp-json\/wp\/v2\/media?parent=55"}],"curies":[{"name":"wp","href":"https:\/\/api.w.org\/{rel}","templated":true}]}}