{"id":141,"date":"2015-03-17T07:13:24","date_gmt":"2015-03-17T07:13:24","guid":{"rendered":"http:\/\/blogsaverroes.juntadeandalucia.es\/pre\/ceip\/?page_id=141"},"modified":"2018-06-01T19:10:00","modified_gmt":"2018-06-01T17:10:00","slug":"matriculacion","status":"publish","type":"page","link":"https:\/\/blogsaverroes.juntadeandalucia.es\/sepmcastejon\/matriculacion\/","title":{"rendered":"Escolarizaci\u00f3n"},"content":{"rendered":"<p><a href=\"https:\/\/blogsaverroes.juntadeandalucia.es\/sepmcastejon\/files\/2015\/03\/escolarizacion1617.png\"><img loading=\"lazy\" decoding=\"async\" class=\" wp-image-2346 aligncenter\" src=\"https:\/\/blogsaverroes.juntadeandalucia.es\/sepmcastejon\/files\/2015\/03\/escolarizacion1617-300x57.png\" alt=\"escolarizacion1617\" width=\"364\" height=\"76\"><\/a><\/p>\n<p>&nbsp;<\/p>\n<h2 style=\"text-align: center\"><strong>PLAZO DE MATRICULACI\u00d3N: DEL 1 AL 30 DE SEPTIEMBRE<\/strong><\/h2>\n<h3 style=\"text-align: center\"><strong>HORARIO SECRETAR\u00cdA: LUNES A VIERNES DE 10 A 13 HORAS<\/strong><\/h3>\n<p style=\"text-align: center\">(A PARTIR DEL D\u00cdA 15 EL HORARIO SER\u00c1 DE 17 A 20 HORAS)<\/p>\n<h3 style=\"text-align: center\"><strong>DOCUMENTACI\u00d3N A APORTAR: FOTOCOPIA DNI<\/strong><\/h3>\n<p>&nbsp;<\/p>\n<h4 style=\"text-align: center\"><strong><a title=\"Portal escolarizaci\u00f3n\" href=\"http:\/\/www.juntadeandalucia.es\/educacion\/portals\/web\/escolarizacion\" target=\"_blank\" rel=\"noopener\">Enlace al portal de escolarizaci\u00f3n<\/a><\/strong><\/h4>\n<p>&nbsp;<\/p>\n","protected":false},"excerpt":{"rendered":"<p>&nbsp; PLAZO DE MATRICULACI\u00d3N: DEL 1 AL 30 DE SEPTIEMBRE HORARIO SECRETAR\u00cdA: LUNES A VIERNES DE 10 A 13 HORAS (A PARTIR DEL D\u00cdA 15 EL HORARIO SER\u00c1 DE 17 A 20 HORAS) DOCUMENTACI\u00d3N&#46;&#46;&#46;<\/p>\n","protected":false},"author":1,"featured_media":0,"parent":0,"menu_order":0,"comment_status":"closed","ping_status":"open","template":"","meta":{"ngg_post_thumbnail":0,"footnotes":"","_mc_calendar":[]},"aioseo_notices":[],"_links":{"self":[{"href":"https:\/\/blogsaverroes.juntadeandalucia.es\/sepmcastejon\/wp-json\/wp\/v2\/pages\/141"}],"collection":[{"href":"https:\/\/blogsaverroes.juntadeandalucia.es\/sepmcastejon\/wp-json\/wp\/v2\/pages"}],"about":[{"href":"https:\/\/blogsaverroes.juntadeandalucia.es\/sepmcastejon\/wp-json\/wp\/v2\/types\/page"}],"author":[{"embeddable":true,"href":"https:\/\/blogsaverroes.juntadeandalucia.es\/sepmcastejon\/wp-json\/wp\/v2\/users\/1"}],"replies":[{"embeddable":true,"href":"https:\/\/blogsaverroes.juntadeandalucia.es\/sepmcastejon\/wp-json\/wp\/v2\/comments?post=141"}],"version-history":[{"count":19,"href":"https:\/\/blogsaverroes.juntadeandalucia.es\/sepmcastejon\/wp-json\/wp\/v2\/pages\/141\/revisions"}],"predecessor-version":[{"id":2439,"href":"https:\/\/blogsaverroes.juntadeandalucia.es\/sepmcastejon\/wp-json\/wp\/v2\/pages\/141\/revisions\/2439"}],"wp:attachment":[{"href":"https:\/\/blogsaverroes.juntadeandalucia.es\/sepmcastejon\/wp-json\/wp\/v2\/media?parent=141"}],"curies":[{"name":"wp","href":"https:\/\/api.w.org\/{rel}","templated":true}]}}

Escolarización

<p><a href="https://blogsaverroes.juntadeandalucia.es/sepmcastejon/files/2015/03/escolarizacion1617.png"><img loading="lazy" decoding="async" class=" wp-image-2346 aligncenter" src="https://blogsaverroes.juntadeandalucia.es/sepmcastejon/files/2015/03/escolarizacion1617-300x57.png" alt="escolarizacion1617" width="364" height="76"></a></p>
<p>&nbsp;</p>
<h2 style="text-align: center"><strong>PLAZO DE MATRICULACIÓN: DEL 1 AL 30 DE SEPTIEMBRE</strong></h2>
<h3 style="text-align: center"><strong>HORARIO SECRETARÍA: LUNES A VIERNES DE 10 A 13 HORAS</strong></h3>
<p style="text-align: center">(A PARTIR DEL DÍA 15 EL HORARIO SERÁ DE 17 A 20 HORAS)</p>
<h3 style="text-align: center"><strong>DOCUMENTACIÓN A APORTAR: FOTOCOPIA DNI</strong></h3>
<p>&nbsp;</p>
<h4 style="text-align: center"><strong><a title="Portal escolarización" href="http://www.juntadeandalucia.es/educacion/portals/web/escolarizacion" target="_blank" rel="noopener">Enlace al portal de escolarización</a></strong></h4>
<p>&nbsp;</p>

<p>&nbsp; PLAZO DE MATRICULACIÓN: DEL 1 AL 30 DE SEPTIEMBRE HORARIO SECRETARÍA: LUNES A VIERNES DE 10 A 13 HORAS (A PARTIR DEL DÍA 15 EL HORARIO SERÁ DE 17 A 20 HORAS) DOCUMENTACIÓN&#46;&#46;&#46;</p>
