{"id":82,"date":"2015-03-16T06:59:55","date_gmt":"2015-03-16T06:59:55","guid":{"rendered":"http:\/\/blogsaverroes.juntadeandalucia.es\/pre\/ceip\/?page_id=82"},"modified":"2016-06-20T16:27:42","modified_gmt":"2016-06-20T14:27:42","slug":"horarios","status":"publish","type":"page","link":"https:\/\/blogsaverroes.juntadeandalucia.es\/sepmcastejon\/horarios\/","title":{"rendered":"Horarios"},"content":{"rendered":"<h2 style=\"text-align: center\"><strong>CURSO 2015\/2016<\/strong><\/h2>\n<h4><strong>ACCESO CICLO FORMATIVO GRADO SUPERIOR\u00a0<\/strong><\/h4>\n<table style=\"height: 222px;border-color: #f0f5f4;background-color: #d3ede6\" width=\"817\">\n<tbody>\n<tr>\n<td><\/td>\n<td>LUNES<\/td>\n<td>MARTES<\/td>\n<td>MI\u00c9RCOLES<\/td>\n<td>JUEVES<\/td>\n<td>VIERNES<\/td>\n<\/tr>\n<tr>\n<td>16&#8217;00-17&#8217;00<\/td>\n<td><\/td>\n<td><\/td>\n<td><\/td>\n<td>Ingl\u00e9s<\/td>\n<td><\/td>\n<\/tr>\n<tr>\n<td>17&#8217;00-18 &#8217;00<\/td>\n<td><\/td>\n<td><\/td>\n<td><\/td>\n<td>Ingl\u00e9s<\/td>\n<td><\/td>\n<\/tr>\n<tr>\n<td>18&#8217;00-19&#8217;00<\/td>\n<td>Econom\u00eda<\/td>\n<td><\/td>\n<td>Geograf\u00eda<\/td>\n<td>Geograf\u00eda<\/td>\n<td>Econom\u00eda<\/td>\n<\/tr>\n<tr>\n<td>19&#8217;00-20&#8217;00<\/td>\n<td>Matem\u00e1ticas<\/td>\n<td>Lengua<\/td>\n<td>Matem\u00e1ticas<\/td>\n<td><\/td>\n<td>Lengua<\/td>\n<\/tr>\n<tr>\n<td>20&#8217;00-21 &#8217;00<\/td>\n<td>Matem\u00e1ticas<\/td>\n<td>Lengua<\/td>\n<td>Matem\u00e1ticas<\/td>\n<td><\/td>\n<td>Lengua<\/td>\n<\/tr>\n<\/tbody>\n<\/table>\n<h4><strong>TUTOR\u00cdA DE APOYO AL ESTUDIO (GRADUADO)<\/strong><\/h4>\n<table style=\"border-color: #e4f0e5;background-color: #aae6bf\">\n<tbody>\n<tr>\n<td><\/td>\n<td>LUNES<\/td>\n<td>MARTES<\/td>\n<td>MIERCOLES<\/td>\n<td>JUEVES<\/td>\n<td>VIERNES<\/td>\n<\/tr>\n<tr>\n<td>17&#8217;00-18 &#8217;00<\/td>\n<td><em>Tutor\u00eda<\/em><\/td>\n<td><\/td>\n<td><\/td>\n<td><\/td>\n<td><\/td>\n<\/tr>\n<tr>\n<td>18&#8217;00-19&#8217;00<\/td>\n<td><em>Sociales<\/em><\/td>\n<td><em>Lengua<\/em><\/td>\n<td><\/td>\n<td><em>Ciencias<\/em><\/td>\n<td><em>Sociales<\/em><\/td>\n<\/tr>\n<tr>\n<td>19&#8217;00-20&#8217;00<\/td>\n<td>Lengua<\/td>\n<td>Ciencias<\/td>\n<td>Sociales<\/td>\n<td><em>Tutor\u00eda<\/em><\/td>\n<td>Ciencias<\/td>\n<\/tr>\n<tr>\n<td>20&#8217;00-21 &#8217;00<\/td>\n<td>Lengua<\/td>\n<td>Ciencias<\/td>\n<td>Sociales<\/td>\n<td>Ingl\u00e9s<\/td>\n<td>Ciencias<\/td>\n<\/tr>\n<tr>\n<td>21 &#8217;00-22 &#8217;00<\/td>\n<td><\/td>\n<td><\/td>\n<td><\/td>\n<td>Ingl\u00e9s<\/td>\n<td><\/td>\n<\/tr>\n<\/tbody>\n<\/table>\n<h6>NOTA: LAS HORAS EN CURSIVA SON DE REFUERZO<\/h6>\n<h4><strong>INGL\u00c9S BASICO<\/strong><\/h4>\n<table style=\"border-color: #f0e4ec;background-color: #edc0e5\">\n<tbody>\n<tr>\n<td><\/td>\n<td>LUNES<\/td>\n<td>MARTES<\/td>\n<td>MI\u00c9RCOLES<\/td>\n<td>JUEVES<\/td>\n<td>VIERNES<\/td>\n<\/tr>\n<tr>\n<td>18&#8217;00-19&#8217;00<\/td>\n<td><\/td>\n<td>Ingl\u00e9s<\/td>\n<td><\/td>\n<td>Ingl\u00e9s<\/td>\n<td><\/td>\n<\/tr>\n<tr>\n<td>19&#8217;00-20&#8217;00<\/td>\n<td><\/td>\n<td><\/td>\n<td><\/td>\n<td>Ingl\u00e9s<\/td>\n<td><\/td>\n<\/tr>\n<\/tbody>\n<\/table>\n<h4><strong>TALLER INFORM\u00c1TICA<\/strong><\/h4>\n<p>NIVEL I: MI\u00c9RCOLES DE 6 A 8<\/p>\n<p>NIVEL II: LUNES DE 6 A 8<\/p>\n<h4><strong>FORMACI\u00d3N B\u00c1SICA<\/strong><\/h4>\n<p>LUNES A VIERNES DE 4 A 6<\/p>\n","protected":false},"excerpt":{"rendered":"<p>CURSO 2015\/2016 ACCESO CICLO FORMATIVO GRADO SUPERIOR\u00a0 LUNES MARTES MI\u00c9RCOLES JUEVES VIERNES 16&#8217;00-17&#8217;00 Ingl\u00e9s 17&#8217;00-18 &#8217;00 Ingl\u00e9s 18&#8217;00-19&#8217;00 Econom\u00eda Geograf\u00eda Geograf\u00eda Econom\u00eda 19&#8217;00-20&#8217;00 Matem\u00e1ticas Lengua Matem\u00e1ticas Lengua 20&#8217;00-21 &#8217;00 Matem\u00e1ticas Lengua Matem\u00e1ticas Lengua TUTOR\u00cdA&#46;&#46;&#46;<\/p>\n","protected":false},"author":1,"featured_media":0,"parent":0,"menu_order":0,"comment_status":"closed","ping_status":"open","template":"","meta":{"ngg_post_thumbnail":0,"footnotes":"","_mc_calendar":[]},"aioseo_notices":[],"_links":{"self":[{"href":"https:\/\/blogsaverroes.juntadeandalucia.es\/sepmcastejon\/wp-json\/wp\/v2\/pages\/82"}],"collection":[{"href":"https:\/\/blogsaverroes.juntadeandalucia.es\/sepmcastejon\/wp-json\/wp\/v2\/pages"}],"about":[{"href":"https:\/\/blogsaverroes.juntadeandalucia.es\/sepmcastejon\/wp-json\/wp\/v2\/types\/page"}],"author":[{"embeddable":true,"href":"https:\/\/blogsaverroes.juntadeandalucia.es\/sepmcastejon\/wp-json\/wp\/v2\/users\/1"}],"replies":[{"embeddable":true,"href":"https:\/\/blogsaverroes.juntadeandalucia.es\/sepmcastejon\/wp-json\/wp\/v2\/comments?post=82"}],"version-history":[{"count":13,"href":"https:\/\/blogsaverroes.juntadeandalucia.es\/sepmcastejon\/wp-json\/wp\/v2\/pages\/82\/revisions"}],"predecessor-version":[{"id":2369,"href":"https:\/\/blogsaverroes.juntadeandalucia.es\/sepmcastejon\/wp-json\/wp\/v2\/pages\/82\/revisions\/2369"}],"wp:attachment":[{"href":"https:\/\/blogsaverroes.juntadeandalucia.es\/sepmcastejon\/wp-json\/wp\/v2\/media?parent=82"}],"curies":[{"name":"wp","href":"https:\/\/api.w.org\/{rel}","templated":true}]}}

<h2 style="text-align: center"><strong>CURSO 2015/2016</strong></h2>
<h4><strong>ACCESO CICLO FORMATIVO GRADO SUPERIOR </strong></h4>
<table style="height: 222px;border-color: #f0f5f4;background-color: #d3ede6" width="817">
<tbody>
<tr>
<td></td>
<td>LUNES</td>
<td>MARTES</td>
<td>MIÉRCOLES</td>
<td>JUEVES</td>
<td>VIERNES</td>
</tr>
<tr>
<td>16&#8217;00-17&#8217;00</td>
<td></td>
<td></td>
<td></td>
<td>Inglés</td>
<td></td>
</tr>
<tr>
<td>17&#8217;00-18 &#8217;00</td>
<td></td>
<td></td>
<td></td>
<td>Inglés</td>
<td></td>
</tr>
<tr>
<td>18&#8217;00-19&#8217;00</td>
<td>Economía</td>
<td></td>
<td>Geografía</td>
<td>Geografía</td>
<td>Economía</td>
</tr>
<tr>
<td>19&#8217;00-20&#8217;00</td>
<td>Matemáticas</td>
<td>Lengua</td>
<td>Matemáticas</td>
<td></td>
<td>Lengua</td>
</tr>
<tr>
<td>20&#8217;00-21 &#8217;00</td>
<td>Matemáticas</td>
<td>Lengua</td>
<td>Matemáticas</td>
<td></td>
<td>Lengua</td>
</tr>
</tbody>
</table>
<h4><strong>TUTORÍA DE APOYO AL ESTUDIO (GRADUADO)</strong></h4>
<table style="border-color: #e4f0e5;background-color: #aae6bf">
<tbody>
<tr>
<td></td>
<td>LUNES</td>
<td>MARTES</td>
<td>MIERCOLES</td>
<td>JUEVES</td>
<td>VIERNES</td>
</tr>
<tr>
<td>17&#8217;00-18 &#8217;00</td>
<td><em>Tutoría</em></td>
<td></td>
<td></td>
<td></td>
<td></td>
</tr>
<tr>
<td>18&#8217;00-19&#8217;00</td>
<td><em>Sociales</em></td>
<td><em>Lengua</em></td>
<td></td>
<td><em>Ciencias</em></td>
<td><em>Sociales</em></td>
</tr>
<tr>
<td>19&#8217;00-20&#8217;00</td>
<td>Lengua</td>
<td>Ciencias</td>
<td>Sociales</td>
<td><em>Tutoría</em></td>
<td>Ciencias</td>
</tr>
<tr>
<td>20&#8217;00-21 &#8217;00</td>
<td>Lengua</td>
<td>Ciencias</td>
<td>Sociales</td>
<td>Inglés</td>
<td>Ciencias</td>
</tr>
<tr>
<td>21 &#8217;00-22 &#8217;00</td>
<td></td>
<td></td>
<td></td>
<td>Inglés</td>
<td></td>
</tr>
</tbody>
</table>
<h6>NOTA: LAS HORAS EN CURSIVA SON DE REFUERZO</h6>
<h4><strong>INGLÉS BASICO</strong></h4>
<table style="border-color: #f0e4ec;background-color: #edc0e5">
<tbody>
<tr>
<td></td>
<td>LUNES</td>
<td>MARTES</td>
<td>MIÉRCOLES</td>
<td>JUEVES</td>
<td>VIERNES</td>
</tr>
<tr>
<td>18&#8217;00-19&#8217;00</td>
<td></td>
<td>Inglés</td>
<td></td>
<td>Inglés</td>
<td></td>
</tr>
<tr>
<td>19&#8217;00-20&#8217;00</td>
<td></td>
<td></td>
<td></td>
<td>Inglés</td>
<td></td>
</tr>
</tbody>
</table>
<h4><strong>TALLER INFORMÁTICA</strong></h4>
<p>NIVEL I: MIÉRCOLES DE 6 A 8</p>
<p>NIVEL II: LUNES DE 6 A 8</p>
<h4><strong>FORMACIÓN BÁSICA</strong></h4>
<p>LUNES A VIERNES DE 4 A 6</p>

<p>CURSO 2015/2016 ACCESO CICLO FORMATIVO GRADO SUPERIOR  LUNES MARTES MIÉRCOLES JUEVES VIERNES 16&#8217;00-17&#8217;00 Inglés 17&#8217;00-18 &#8217;00 Inglés 18&#8217;00-19&#8217;00 Economía Geografía Geografía Economía 19&#8217;00-20&#8217;00 Matemáticas Lengua Matemáticas Lengua 20&#8217;00-21 &#8217;00 Matemáticas Lengua Matemáticas Lengua TUTORÍA&#46;&#46;&#46;</p>
