{"id":3091,"date":"2021-12-03T12:19:20","date_gmt":"2021-12-03T12:19:20","guid":{"rendered":"https:\/\/blogsaverroes.juntadeandalucia.es\/ceperjosefinamolina\/?page_id=3091"},"modified":"2022-11-01T17:12:43","modified_gmt":"2022-11-01T16:12:43","slug":"organigrama-2","status":"publish","type":"page","link":"https:\/\/blogsaverroes.juntadeandalucia.es\/sepparquefigueroa\/organigrama-2\/","title":{"rendered":"Organigrama"},"content":{"rendered":"<p><span style=\"font-size: 18pt\"><strong>EQUIPO DIRECTIVO<\/strong><\/span><\/p>\n<ul>\n<li><strong>DIRECTORA: <\/strong>&nbsp;Ruiz Calatrava, M\u00aa Carmen<\/li>\n<li><strong>DIRECTOR EN FUNCIONES:<\/strong> Reyes Secilla, Jes\u00fas&nbsp;<\/li>\n<li><strong>JEFA DE ESTUDIOS DELEGADA (SEP PARQUE FIGUEROA):<\/strong> Duro Almaz\u00e1n, M\u00aa del Valle&nbsp;<\/li>\n<li><strong>JEFE DE ESTUDIOS DELEGADO (SEP PAULO FREIRE):<\/strong> Garc\u00eda Carrasco, Jaime&nbsp;<\/li>\n<\/ul>\n<p>&nbsp;<\/p>\n<div class=\"entry-content\">\n<header class=\"entry-header\">\n<p class=\"entry-title\"><strong><span style=\"font-size: 18pt\">EQUIPO DOCENTE<\/span><\/strong><\/p>\n<\/header>\n<div class=\"entry-content\">\n<ol>\n<li>Barbero Casta\u00f1eda, Eladia<\/li>\n<li>Duro Almaz\u00e1n, M del Valle<\/li>\n<li>Jim\u00e9nez Guerrero, M\u00aa Dolores<\/li>\n<li>L\u00f3pez Alcal\u00e1, \u00c1ngel Rafael<\/li>\n<li>Ortiz Ots, M\u00aa Florencia<\/li>\n<li>Pedraza Fern\u00e1ndez, Petra<\/li>\n<li>Reyes Secilla, Jes\u00fas<\/li>\n<li>Ruiz Calatrava, M\u00aa Carmen<\/li>\n<li>Ruiz Chac\u00f3n, Jos\u00e9 Luis<\/li>\n<li>S\u00e1nchez \u00c1lvarez, Beatriz<\/li>\n<\/ol>\n<\/div>\n<\/div>\n<p>&nbsp;<\/p>\n<p><span style=\"font-size: 18pt\"><strong>CONSEJO DE CENTRO<\/strong><\/span><\/p>\n<p class=\"CDt4Ke zfr3Q\" dir=\"ltr\">\u00c9stos son actualmente los miembros del Consejo Escolar de este centro, en representaci\u00f3n de los diferentes sectores:<\/p>\n<p class=\"CDt4Ke zfr3Q\" dir=\"ltr\"><strong>Equipo Directivo<\/strong><\/p>\n<ul>\n<li class=\"CDt4Ke zfr3Q\">Ruiz Calatrava M\u00aa Carmen<span style=\"font-size: 8pt\"> (DIRECTORA)(IMPULSOR ADE MEDIDAS PARA EL FOMENTO DE LA IGUALDAD ENTRE HOMBRES Y MUJERES)<\/span><\/li>\n<li class=\"CDt4Ke zfr3Q\">Duro Almaz\u00e1n, M\u00aa del Valle <span style=\"font-size: 8pt\">(JEFA DE ESTUDIOS DELEGADA)<\/span><\/li>\n<li class=\"CDt4Ke zfr3Q\"><span style=\"font-size: 8pt\"><span style=\"font-size: 12pt\">Beatriz S\u00e1nchez \u00c1lvarez <\/span>(JEFE DE ESTUDIOS DELEGADA)&nbsp;<\/span><\/li>\n<\/ul>\n<p class=\"CDt4Ke zfr3Q\" dir=\"ltr\"><strong>Profesorado<\/strong><\/p>\n<ul>\n<li>Jim\u00e9nez Guerrero, M\u00aa Dolores<span style=\"font-size: 8pt\"> (SECRETARIA)<\/span><\/li>\n<\/ul>\n<p class=\"CDt4Ke zfr3Q\" dir=\"ltr\"><strong>Alumnado<\/strong><\/p>\n<ul>\n<li class=\"CDt4Ke zfr3Q\">Bellido Molina, Mar\u00eda Dolores&nbsp;<span style=\"font-size: 8pt\"> (SEP Parque Figueroa)<\/span><\/li>\n<li>L\u00f3pez Rodr\u00edguez, Mar\u00eda <span style=\"font-size: 8pt\">(CEPER Josefina Molina)<\/span><\/li>\n<\/ul>\n<p class=\"CDt4Ke zfr3Q\" dir=\"ltr\"><strong>Personal Adm\u00f3n. y Servicios<\/strong><\/p>\n<ul>\n<li class=\"CDt4Ke zfr3Q\">El centro no dispone<\/li>\n<\/ul>\n<p class=\"CDt4Ke zfr3Q\" dir=\"ltr\"><strong>Ayuntamiento<\/strong><\/p>\n<ul>\n<li class=\"CDt4Ke zfr3Q\">Cuevas Hoyas, Alberto&nbsp; &nbsp;<span style=\"font-size: 8pt\">(REPRESENTANTE DEL AYUNTAMIENTO)<\/span><\/li>\n<\/ul>\n<p>&nbsp;<\/p>\n","protected":false},"excerpt":{"rendered":"<p>EQUIPO DIRECTIVO DIRECTORA: &nbsp;Ruiz Calatrava, M\u00aa Carmen DIRECTOR EN FUNCIONES: Reyes Secilla, Jes\u00fas&nbsp; JEFA DE ESTUDIOS DELEGADA (SEP PARQUE FIGUEROA): Duro Almaz\u00e1n, M\u00aa del Valle&nbsp; JEFE DE ESTUDIOS DELEGADO (SEP PAULO FREIRE): Garc\u00eda Carrasco,&#46;&#46;&#46;<\/p>\n","protected":false},"author":6168,"featured_media":0,"parent":0,"menu_order":0,"comment_status":"closed","ping_status":"closed","template":"","meta":{"ngg_post_thumbnail":0,"footnotes":""},"aioseo_notices":[],"_links":{"self":[{"href":"https:\/\/blogsaverroes.juntadeandalucia.es\/sepparquefigueroa\/wp-json\/wp\/v2\/pages\/3091"}],"collection":[{"href":"https:\/\/blogsaverroes.juntadeandalucia.es\/sepparquefigueroa\/wp-json\/wp\/v2\/pages"}],"about":[{"href":"https:\/\/blogsaverroes.juntadeandalucia.es\/sepparquefigueroa\/wp-json\/wp\/v2\/types\/page"}],"author":[{"embeddable":true,"href":"https:\/\/blogsaverroes.juntadeandalucia.es\/sepparquefigueroa\/wp-json\/wp\/v2\/users\/6168"}],"replies":[{"embeddable":true,"href":"https:\/\/blogsaverroes.juntadeandalucia.es\/sepparquefigueroa\/wp-json\/wp\/v2\/comments?post=3091"}],"version-history":[{"count":5,"href":"https:\/\/blogsaverroes.juntadeandalucia.es\/sepparquefigueroa\/wp-json\/wp\/v2\/pages\/3091\/revisions"}],"predecessor-version":[{"id":3533,"href":"https:\/\/blogsaverroes.juntadeandalucia.es\/sepparquefigueroa\/wp-json\/wp\/v2\/pages\/3091\/revisions\/3533"}],"wp:attachment":[{"href":"https:\/\/blogsaverroes.juntadeandalucia.es\/sepparquefigueroa\/wp-json\/wp\/v2\/media?parent=3091"}],"curies":[{"name":"wp","href":"https:\/\/api.w.org\/{rel}","templated":true}]}}