{"id":3566,"date":"2023-09-13T00:24:39","date_gmt":"2023-09-12T23:24:39","guid":{"rendered":"https:\/\/blogsaverroes.juntadeandalucia.es\/sepparquefigueroa\/?page_id=3566"},"modified":"2023-09-13T00:24:39","modified_gmt":"2023-09-12T23:24:39","slug":"directorio-de-centro","status":"publish","type":"page","link":"https:\/\/blogsaverroes.juntadeandalucia.es\/sepparquefigueroa\/directorio-de-centro\/","title":{"rendered":"DIRECTORIO DE CENTRO"},"content":{"rendered":"<p>Para poder acceder a toda la informaci\u00f3n relacionada con el centro, tu plan educativo y tu grupo, adem\u00e1s de conocer el correo electr\u00f3nico de tu tutor o tutora, te dejamos el Directorio del CEPER y sus Secciones, esperando que te sea de gran utilidad tanto en la docencia presencial como telem\u00e1tica.&nbsp;<\/p>\n<p><img loading=\"lazy\" decoding=\"async\" class=\"aligncenter wp-image-3567 size-full\" src=\"https:\/\/blogsaverroes.juntadeandalucia.es\/sepparquefigueroa\/files\/2023\/09\/Comunicado-oficial-directorio-centros-2023-24_page-0001.jpg\" alt=\"\" width=\"1240\" height=\"1755\" srcset=\"https:\/\/blogsaverroes.juntadeandalucia.es\/sepparquefigueroa\/files\/2023\/09\/Comunicado-oficial-directorio-centros-2023-24_page-0001.jpg 1240w, https:\/\/blogsaverroes.juntadeandalucia.es\/sepparquefigueroa\/files\/2023\/09\/Comunicado-oficial-directorio-centros-2023-24_page-0001-212x300.jpg 212w, https:\/\/blogsaverroes.juntadeandalucia.es\/sepparquefigueroa\/files\/2023\/09\/Comunicado-oficial-directorio-centros-2023-24_page-0001-724x1024.jpg 724w, https:\/\/blogsaverroes.juntadeandalucia.es\/sepparquefigueroa\/files\/2023\/09\/Comunicado-oficial-directorio-centros-2023-24_page-0001-768x1087.jpg 768w, https:\/\/blogsaverroes.juntadeandalucia.es\/sepparquefigueroa\/files\/2023\/09\/Comunicado-oficial-directorio-centros-2023-24_page-0001-1085x1536.jpg 1085w\" sizes=\"(max-width: 1240px) 100vw, 1240px\" \/><\/p>\n","protected":false},"excerpt":{"rendered":"<p>Para poder acceder a toda la informaci\u00f3n relacionada con el centro, tu plan educativo y tu grupo, adem\u00e1s de conocer el correo electr\u00f3nico de tu tutor o tutora, te dejamos el Directorio del CEPER&#46;&#46;&#46;<\/p>\n","protected":false},"author":14188,"featured_media":3568,"parent":0,"menu_order":0,"comment_status":"closed","ping_status":"closed","template":"","meta":{"ngg_post_thumbnail":0,"footnotes":""},"aioseo_notices":[],"_links":{"self":[{"href":"https:\/\/blogsaverroes.juntadeandalucia.es\/sepparquefigueroa\/wp-json\/wp\/v2\/pages\/3566"}],"collection":[{"href":"https:\/\/blogsaverroes.juntadeandalucia.es\/sepparquefigueroa\/wp-json\/wp\/v2\/pages"}],"about":[{"href":"https:\/\/blogsaverroes.juntadeandalucia.es\/sepparquefigueroa\/wp-json\/wp\/v2\/types\/page"}],"author":[{"embeddable":true,"href":"https:\/\/blogsaverroes.juntadeandalucia.es\/sepparquefigueroa\/wp-json\/wp\/v2\/users\/14188"}],"replies":[{"embeddable":true,"href":"https:\/\/blogsaverroes.juntadeandalucia.es\/sepparquefigueroa\/wp-json\/wp\/v2\/comments?post=3566"}],"version-history":[{"count":1,"href":"https:\/\/blogsaverroes.juntadeandalucia.es\/sepparquefigueroa\/wp-json\/wp\/v2\/pages\/3566\/revisions"}],"predecessor-version":[{"id":3569,"href":"https:\/\/blogsaverroes.juntadeandalucia.es\/sepparquefigueroa\/wp-json\/wp\/v2\/pages\/3566\/revisions\/3569"}],"wp:featuredmedia":[{"embeddable":true,"href":"https:\/\/blogsaverroes.juntadeandalucia.es\/sepparquefigueroa\/wp-json\/wp\/v2\/media\/3568"}],"wp:attachment":[{"href":"https:\/\/blogsaverroes.juntadeandalucia.es\/sepparquefigueroa\/wp-json\/wp\/v2\/media?parent=3566"}],"curies":[{"name":"wp","href":"https:\/\/api.w.org\/{rel}","templated":true}]}}