{"id":3098,"date":"2021-12-03T12:22:50","date_gmt":"2021-12-03T12:22:50","guid":{"rendered":"https:\/\/blogsaverroes.juntadeandalucia.es\/ceperjosefinamolina\/?page_id=3098"},"modified":"2023-05-29T14:22:23","modified_gmt":"2023-05-29T14:22:23","slug":"plan-educativo-de-formacion-basica","status":"publish","type":"page","link":"https:\/\/blogsaverroes.juntadeandalucia.es\/seppaulofreire\/plan-educativo-de-formacion-basica\/","title":{"rendered":"Plan educativo de Formaci\u00f3n B\u00e1sica"},"content":{"rendered":"<p class=\"p1\"><span class=\"s1\">El&nbsp;<b>Plan educativo de Formaci\u00f3n B\u00e1sica<\/b>&nbsp;est\u00e1 dirigido a personas con dificultades lectoescritoras o de comprensi\u00f3n y expresi\u00f3n que desean adquirir la formaci\u00f3n necesaria para acceder a la Educaci\u00f3n Secundaria Obligatoria (ESO) para personas adultas, y as\u00ed conseguir el t\u00edtulo correspondiente.<\/span><\/p>\n<p class=\"p1\"><span class=\"s1\">Recuerda que el Plan educativo en s\u00ed mismo no te facilita dicho t\u00edtulo. Se imparte exclusivamente en<b>&nbsp;modalidad presencial<\/b>.<\/span><\/p>\n<p class=\"p1\"><span class=\"s1\">Este Plan educativo est\u00e1 organizado en dos niveles de un curso de duraci\u00f3n cada uno; Nivel I y Nivel II. Puedes emplear de manera&nbsp; excepcional hasta&nbsp;<b>un m\u00e1ximo de tres a\u00f1os por nivel<\/b>&nbsp;si lo necesitaras.<\/span><\/p>\n<p class=\"p1\"><span class=\"s1\">Cada nivel contiene tres \u00e1mbitos de conocimiento y cada \u00e1mbito tres m\u00f3dulos, uno por trimestre.<\/span><\/p>\n<p class=\"p2\"><span class=\"s1\"><i>Nivel I<\/i><\/span><\/p>\n<ul class=\"ul1\">\n<li class=\"li2\"><i><\/i><span class=\"s1\"><i>\u00c1mbito de comunicaci\u00f3n<\/i><\/span><\/li>\n<li class=\"li2\"><i><\/i><span class=\"s1\"><i>\u00c1mbito cient\u00edfico-t\u00e9cnol\u00f3gico<\/i><\/span><\/li>\n<li class=\"li2\"><i><\/i><span class=\"s1\"><i>\u00c1mbito Social<\/i><\/span><\/li>\n<\/ul>\n<p class=\"p2\"><span class=\"s1\"><i>Nivel II<\/i><\/span><\/p>\n<ul class=\"ul1\">\n<li class=\"li2\"><i><\/i><span class=\"s1\"><i>\u00c1mbito comunicaci\u00f3n<\/i><\/span><\/li>\n<li class=\"li2\"><i><\/i><span class=\"s1\"><i>\u00c1mbito cient\u00edfico-tecnol\u00f3gico<\/i><\/span><\/li>\n<li class=\"li2\"><i><\/i><span class=\"s1\"><i>\u00c1mbito Social<\/i><\/span><\/li>\n<\/ul>\n<p>PROGRAMACI\u00d3N<\/p>\n<div style=\"text-align: center\">\n<div style=\"margin: 8px 0px 4px\"><a href=\"https:\/\/www.calameo.com\/books\/0073667011796538871f1\" target=\"_blank\" rel=\"noopener noreferrer\">Programaci\u00f3n Formaci\u00f3n B\u00e1sica Completa<\/a><\/div>\n<p><iframe loading=\"lazy\" src=\"\/\/v.calameo.com\/?bkcode=0073667011796538871f1&amp;mode=mini\" width=\"480\" height=\"300\" frameborder=\"0\" scrolling=\"no\"><\/iframe><\/p>\n<div style=\"margin: 4px 0px 8px\"><a href=\"http:\/\/www.calameo.com\/\" target=\"_blank\" rel=\"noopener noreferrer\">Leer m\u00e1s publicaciones en Calam\u00e9o<\/a><\/div>\n<\/div>\n<p>&nbsp;<\/p>\n","protected":false},"excerpt":{"rendered":"<p>El&nbsp;Plan educativo de Formaci\u00f3n B\u00e1sica&nbsp;est\u00e1 dirigido a personas con dificultades lectoescritoras o de comprensi\u00f3n y expresi\u00f3n que desean adquirir la formaci\u00f3n necesaria para acceder a la Educaci\u00f3n Secundaria Obligatoria (ESO) para personas adultas, y&#46;&#46;&#46;<\/p>\n","protected":false},"author":6168,"featured_media":0,"parent":0,"menu_order":0,"comment_status":"closed","ping_status":"closed","template":"","meta":{"ngg_post_thumbnail":0,"footnotes":""},"aioseo_notices":[],"_links":{"self":[{"href":"https:\/\/blogsaverroes.juntadeandalucia.es\/seppaulofreire\/wp-json\/wp\/v2\/pages\/3098"}],"collection":[{"href":"https:\/\/blogsaverroes.juntadeandalucia.es\/seppaulofreire\/wp-json\/wp\/v2\/pages"}],"about":[{"href":"https:\/\/blogsaverroes.juntadeandalucia.es\/seppaulofreire\/wp-json\/wp\/v2\/types\/page"}],"author":[{"embeddable":true,"href":"https:\/\/blogsaverroes.juntadeandalucia.es\/seppaulofreire\/wp-json\/wp\/v2\/users\/6168"}],"replies":[{"embeddable":true,"href":"https:\/\/blogsaverroes.juntadeandalucia.es\/seppaulofreire\/wp-json\/wp\/v2\/comments?post=3098"}],"version-history":[{"count":1,"href":"https:\/\/blogsaverroes.juntadeandalucia.es\/seppaulofreire\/wp-json\/wp\/v2\/pages\/3098\/revisions"}],"predecessor-version":[{"id":3563,"href":"https:\/\/blogsaverroes.juntadeandalucia.es\/seppaulofreire\/wp-json\/wp\/v2\/pages\/3098\/revisions\/3563"}],"wp:attachment":[{"href":"https:\/\/blogsaverroes.juntadeandalucia.es\/seppaulofreire\/wp-json\/wp\/v2\/media?parent=3098"}],"curies":[{"name":"wp","href":"https:\/\/api.w.org\/{rel}","templated":true}]}}