{"id":1037,"date":"2023-05-08T17:46:48","date_gmt":"2023-05-08T16:46:48","guid":{"rendered":"https:\/\/blogsaverroes.juntadeandalucia.es\/seppedroabad\/?page_id=1037"},"modified":"2023-05-09T18:49:33","modified_gmt":"2023-05-09T17:49:33","slug":"formacion-basica","status":"publish","type":"page","link":"https:\/\/blogsaverroes.juntadeandalucia.es\/seppedroabad\/formacion-basica\/","title":{"rendered":"Formaci\u00f3n B\u00e1sica"},"content":{"rendered":"<p>La&nbsp;<strong>Formaci\u00f3n B\u00e1sica<\/strong>&nbsp;est\u00e1&nbsp; dise\u00f1ada para distintos grupos de personas que no son capaces de utilizar, con soltura, la lectura y escritura para resolver las situaciones que se le presentan en su vida cotidiana o para aquellas personas que carecen de conocimientos b\u00e1sicos para acceder a una titulaci\u00f3n.<\/p>\n<p>Este Plan educativo est\u00e1 organizado en dos niveles de un curso de duraci\u00f3n cada uno; Nivel I y Nivel II. Cada nivel contiene tres \u00e1mbitos de conocimiento y cada \u00e1mbito tres m\u00f3dulos, uno por trimestre. Puedes emplear de manera&nbsp; excepcional hasta&nbsp;<b>un m\u00e1ximo de tres a\u00f1os por nivel<\/b>&nbsp;si lo necesitaras.<\/p>\n<ul>\n<li>\u00c1mbito de Comunicaci\u00f3n.<\/li>\n<li>\u00c1mbito Cient\u00edfico-Tecnol\u00f3gico.<\/li>\n<li>\u00c1mbito Social.<\/li>\n<\/ul>\n<p>En la Formaci\u00f3n B\u00e1sica se promueve&nbsp; la adquisici\u00f3n de los conocimientos, las capacidades, las actitudes, as\u00ed como los objetivos generales y de las competencias b\u00e1sicas necesarias para acceder a la etapa de la Educaci\u00f3n Secundaria Obligatoria.<\/p>\n","protected":false},"excerpt":{"rendered":"<p>La&nbsp;Formaci\u00f3n B\u00e1sica&nbsp;est\u00e1&nbsp; dise\u00f1ada para distintos grupos de personas que no son capaces de utilizar, con soltura, la lectura y escritura para resolver las situaciones que se le presentan en su vida cotidiana o para&#46;&#46;&#46;<\/p>\n","protected":false},"author":13374,"featured_media":0,"parent":0,"menu_order":0,"comment_status":"closed","ping_status":"closed","template":"","meta":{"ngg_post_thumbnail":0,"footnotes":""},"aioseo_notices":[],"_links":{"self":[{"href":"https:\/\/blogsaverroes.juntadeandalucia.es\/seppedroabad\/wp-json\/wp\/v2\/pages\/1037"}],"collection":[{"href":"https:\/\/blogsaverroes.juntadeandalucia.es\/seppedroabad\/wp-json\/wp\/v2\/pages"}],"about":[{"href":"https:\/\/blogsaverroes.juntadeandalucia.es\/seppedroabad\/wp-json\/wp\/v2\/types\/page"}],"author":[{"embeddable":true,"href":"https:\/\/blogsaverroes.juntadeandalucia.es\/seppedroabad\/wp-json\/wp\/v2\/users\/13374"}],"replies":[{"embeddable":true,"href":"https:\/\/blogsaverroes.juntadeandalucia.es\/seppedroabad\/wp-json\/wp\/v2\/comments?post=1037"}],"version-history":[{"count":2,"href":"https:\/\/blogsaverroes.juntadeandalucia.es\/seppedroabad\/wp-json\/wp\/v2\/pages\/1037\/revisions"}],"predecessor-version":[{"id":1079,"href":"https:\/\/blogsaverroes.juntadeandalucia.es\/seppedroabad\/wp-json\/wp\/v2\/pages\/1037\/revisions\/1079"}],"wp:attachment":[{"href":"https:\/\/blogsaverroes.juntadeandalucia.es\/seppedroabad\/wp-json\/wp\/v2\/media?parent=1037"}],"curies":[{"name":"wp","href":"https:\/\/api.w.org\/{rel}","templated":true}]}}

Formación Básica

<p>La&nbsp;<strong>Formación Básica</strong>&nbsp;está&nbsp; diseñada para distintos grupos de personas que no son capaces de utilizar, con soltura, la lectura y escritura para resolver las situaciones que se le presentan en su vida cotidiana o para aquellas personas que carecen de conocimientos básicos para acceder a una titulación.</p>
<p>Este Plan educativo está organizado en dos niveles de un curso de duración cada uno; Nivel I y Nivel II. Cada nivel contiene tres ámbitos de conocimiento y cada ámbito tres módulos, uno por trimestre. Puedes emplear de manera&nbsp; excepcional hasta&nbsp;<b>un máximo de tres años por nivel</b>&nbsp;si lo necesitaras.</p>
<ul>
<li>Ámbito de Comunicación.</li>
<li>Ámbito Científico-Tecnológico.</li>
<li>Ámbito Social.</li>
</ul>
<p>En la Formación Básica se promueve&nbsp; la adquisición de los conocimientos, las capacidades, las actitudes, así como los objetivos generales y de las competencias básicas necesarias para acceder a la etapa de la Educación Secundaria Obligatoria.</p>

<p>La&nbsp;Formación Básica&nbsp;está&nbsp; diseñada para distintos grupos de personas que no son capaces de utilizar, con soltura, la lectura y escritura para resolver las situaciones que se le presentan en su vida cotidiana o para&#46;&#46;&#46;</p>
