{"id":1000,"date":"2021-12-15T18:29:02","date_gmt":"2021-12-15T17:29:02","guid":{"rendered":"https:\/\/blogsaverroes.juntadeandalucia.es\/sepsansebastian\/?page_id=1000"},"modified":"2021-12-15T18:29:02","modified_gmt":"2021-12-15T17:29:02","slug":"uso-basico-de-idiomas-extranjeros","status":"publish","type":"page","link":"https:\/\/blogsaverroes.juntadeandalucia.es\/sepsansebastian\/uso-basico-de-idiomas-extranjeros\/","title":{"rendered":"Uso B\u00e1sico de Idiomas Extranjeros"},"content":{"rendered":"<p>\u00bfHas pensado en estudiar Ingl\u00e9s? \u00a1En el plan de Uso B\u00e1sico de Idiomas Extranjeros podr\u00e1s comenzar desde un nivel b\u00e1sico y continuar hasta B1! Podr\u00e1s utilizar el idioma de manera suficiente, tanto en forma hablada como escrita, en situaciones cotidianas que requieran comprender y producir textos breves, as\u00ed como aprender estructuras y vocabulario de uso frecuente. <img loading=\"lazy\" decoding=\"async\" class=\"size-medium wp-image-1001 aligncenter\" src=\"https:\/\/blogsaverroes.juntadeandalucia.es\/sepsansebastian\/files\/2021\/12\/english-course-300x169.jpg\" alt=\"\" width=\"300\" height=\"169\" data-wp-editing=\"1\" srcset=\"https:\/\/blogsaverroes.juntadeandalucia.es\/sepsansebastian\/files\/2021\/12\/english-course-300x169.jpg 300w, https:\/\/blogsaverroes.juntadeandalucia.es\/sepsansebastian\/files\/2021\/12\/english-course-1024x576.jpg 1024w, https:\/\/blogsaverroes.juntadeandalucia.es\/sepsansebastian\/files\/2021\/12\/english-course-768x432.jpg 768w, https:\/\/blogsaverroes.juntadeandalucia.es\/sepsansebastian\/files\/2021\/12\/english-course-1536x864.jpg 1536w, https:\/\/blogsaverroes.juntadeandalucia.es\/sepsansebastian\/files\/2021\/12\/english-course-1080x608.jpg 1080w, https:\/\/blogsaverroes.juntadeandalucia.es\/sepsansebastian\/files\/2021\/12\/english-course-1280x720.jpg 1280w, https:\/\/blogsaverroes.juntadeandalucia.es\/sepsansebastian\/files\/2021\/12\/english-course-980x551.jpg 980w, https:\/\/blogsaverroes.juntadeandalucia.es\/sepsansebastian\/files\/2021\/12\/english-course-480x270.jpg 480w, https:\/\/blogsaverroes.juntadeandalucia.es\/sepsansebastian\/files\/2021\/12\/english-course.jpg 1920w\" sizes=\"(max-width: 300px) 100vw, 300px\" \/><\/p>\n","protected":false},"excerpt":{"rendered":"<p>\u00bfHas pensado en estudiar Ingl\u00e9s? \u00a1En el plan de Uso B\u00e1sico de Idiomas Extranjeros podr\u00e1s comenzar desde un nivel b\u00e1sico y continuar hasta B1! Podr\u00e1s utilizar el idioma de manera suficiente, tanto en forma&#46;&#46;&#46;<\/p>\n","protected":false},"author":13695,"featured_media":0,"parent":0,"menu_order":0,"comment_status":"closed","ping_status":"closed","template":"","meta":{"ngg_post_thumbnail":0,"footnotes":""},"aioseo_notices":[],"_links":{"self":[{"href":"https:\/\/blogsaverroes.juntadeandalucia.es\/sepsansebastian\/wp-json\/wp\/v2\/pages\/1000"}],"collection":[{"href":"https:\/\/blogsaverroes.juntadeandalucia.es\/sepsansebastian\/wp-json\/wp\/v2\/pages"}],"about":[{"href":"https:\/\/blogsaverroes.juntadeandalucia.es\/sepsansebastian\/wp-json\/wp\/v2\/types\/page"}],"author":[{"embeddable":true,"href":"https:\/\/blogsaverroes.juntadeandalucia.es\/sepsansebastian\/wp-json\/wp\/v2\/users\/13695"}],"replies":[{"embeddable":true,"href":"https:\/\/blogsaverroes.juntadeandalucia.es\/sepsansebastian\/wp-json\/wp\/v2\/comments?post=1000"}],"version-history":[{"count":1,"href":"https:\/\/blogsaverroes.juntadeandalucia.es\/sepsansebastian\/wp-json\/wp\/v2\/pages\/1000\/revisions"}],"predecessor-version":[{"id":1003,"href":"https:\/\/blogsaverroes.juntadeandalucia.es\/sepsansebastian\/wp-json\/wp\/v2\/pages\/1000\/revisions\/1003"}],"wp:attachment":[{"href":"https:\/\/blogsaverroes.juntadeandalucia.es\/sepsansebastian\/wp-json\/wp\/v2\/media?parent=1000"}],"curies":[{"name":"wp","href":"https:\/\/api.w.org\/{rel}","templated":true}]}}