{"id":46,"date":"2021-11-21T08:21:05","date_gmt":"2021-11-21T08:21:05","guid":{"rendered":"https:\/\/blogsaverroes.juntadeandalucia.es\/sepvegataxara\/?page_id=46"},"modified":"2021-11-21T08:21:05","modified_gmt":"2021-11-21T08:21:05","slug":"horario-del-centro-y-de-atencion-al-publico","status":"publish","type":"page","link":"https:\/\/blogsaverroes.juntadeandalucia.es\/sepvegataxara\/horario-del-centro-y-de-atencion-al-publico\/","title":{"rendered":"Horario del centro y de atenci\u00f3n al p\u00fablico"},"content":{"rendered":"<p><strong>*Horario general del centro&nbsp;<\/strong><\/p>\n<p>Lunes -Viernes&nbsp; :16:00-21:00<\/p>\n<p>Mi\u00e9rcoles:11:00-14:00<\/p>\n<p>Jueves y Viernes : 09:00-14:00<\/p>\n<p><span style=\"color: #000000\"><strong>* Horario de atenci\u00f3n al p\u00fablico de Lunes a Viernes ser\u00eda:<\/strong><\/span><\/p>\n<p><span style=\"color: #000000\">Lunes &#8211; Jueves :16:00-18:00<\/span><br \/>\n<span style=\"color: #000000\">Viernes : 11:00-12:00<\/span><\/p>\n","protected":false},"excerpt":{"rendered":"<p>*Horario general del centro&nbsp; Lunes -Viernes&nbsp; :16:00-21:00 Mi\u00e9rcoles:11:00-14:00 Jueves y Viernes : 09:00-14:00 * Horario de atenci\u00f3n al p\u00fablico de Lunes a Viernes ser\u00eda: Lunes &#8211; Jueves :16:00-18:00 Viernes : 11:00-12:00<\/p>\n","protected":false},"author":11841,"featured_media":0,"parent":0,"menu_order":0,"comment_status":"closed","ping_status":"closed","template":"","meta":{"ngg_post_thumbnail":0,"footnotes":""},"aioseo_notices":[],"_links":{"self":[{"href":"https:\/\/blogsaverroes.juntadeandalucia.es\/sepvegataxara\/wp-json\/wp\/v2\/pages\/46"}],"collection":[{"href":"https:\/\/blogsaverroes.juntadeandalucia.es\/sepvegataxara\/wp-json\/wp\/v2\/pages"}],"about":[{"href":"https:\/\/blogsaverroes.juntadeandalucia.es\/sepvegataxara\/wp-json\/wp\/v2\/types\/page"}],"author":[{"embeddable":true,"href":"https:\/\/blogsaverroes.juntadeandalucia.es\/sepvegataxara\/wp-json\/wp\/v2\/users\/11841"}],"replies":[{"embeddable":true,"href":"https:\/\/blogsaverroes.juntadeandalucia.es\/sepvegataxara\/wp-json\/wp\/v2\/comments?post=46"}],"version-history":[{"count":1,"href":"https:\/\/blogsaverroes.juntadeandalucia.es\/sepvegataxara\/wp-json\/wp\/v2\/pages\/46\/revisions"}],"predecessor-version":[{"id":47,"href":"https:\/\/blogsaverroes.juntadeandalucia.es\/sepvegataxara\/wp-json\/wp\/v2\/pages\/46\/revisions\/47"}],"wp:attachment":[{"href":"https:\/\/blogsaverroes.juntadeandalucia.es\/sepvegataxara\/wp-json\/wp\/v2\/media?parent=46"}],"curies":[{"name":"wp","href":"https:\/\/api.w.org\/{rel}","templated":true}]}}

Horario del centro y de atención al público

<p><strong>*Horario general del centro&nbsp;</strong></p>
<p>Lunes -Viernes&nbsp; :16:00-21:00</p>
<p>Miércoles:11:00-14:00</p>
<p>Jueves y Viernes : 09:00-14:00</p>
<p><span style="color: #000000"><strong>* Horario de atención al público de Lunes a Viernes sería:</strong></span></p>
<p><span style="color: #000000">Lunes &#8211; Jueves :16:00-18:00</span><br />
<span style="color: #000000">Viernes : 11:00-12:00</span></p>

<p>*Horario general del centro&nbsp; Lunes -Viernes&nbsp; :16:00-21:00 Miércoles:11:00-14:00 Jueves y Viernes : 09:00-14:00 * Horario de atención al público de Lunes a Viernes sería: Lunes &#8211; Jueves :16:00-18:00 Viernes : 11:00-12:00</p>
