{"id":346,"date":"2021-10-06T18:07:59","date_gmt":"2021-10-06T16:07:59","guid":{"rendered":"http:\/\/iesteatinos.es\/?page_id=346"},"modified":"2021-10-06T18:07:59","modified_gmt":"2021-10-06T16:07:59","slug":"orientacion","status":"publish","type":"page","link":"https:\/\/blogsaverroes.juntadeandalucia.es\/sesoteatinos\/orientacion\/","title":{"rendered":"Orientaci\u00f3n"},"content":{"rendered":"\n<h5 class=\"wp-block-heading\">Bienvenidos y bienvenidas al espacio virtual del Departamento de Orientaci\u00f3n<\/h5>\n\n\n\n<p>Os presentamos el Blog de Orientaci\u00f3n Acad\u00e9mica y Profesional, que contiene toda la informaci\u00f3n que necesitas para tomar las mejores decisiones acerca de tu futuro pr\u00f3ximo. Descarga la Gu\u00eda de Orientaci\u00f3n, utiliza el \u00abPrograma Orienta\u00bb para resolver tus dudas y entra en los diferentes apartados del blog para completar la informaci\u00f3n que necesites acerca de aquello que te interese, en nuestra comunidad aut\u00f3noma. Se ir\u00e1 actualizando conforme aparezca informaci\u00f3n nueva&#8230; \u00a1no te pierdas nada!<\/p>\n\n\n\n<p><a href=\"https:\/\/elorienta.com\/iesteatinos\/\">https:\/\/elorienta.com\/iesteatinos\/<\/a><\/p>\n","protected":false},"excerpt":{"rendered":"<p>Bienvenidos y bienvenidas al espacio virtual del Departamento de Orientaci\u00f3n Os presentamos el Blog de Orientaci\u00f3n Acad\u00e9mica y Profesional, que contiene toda la informaci\u00f3n que necesitas para tomar las mejores decisiones acerca de tu futuro pr\u00f3ximo. Descarga la Gu\u00eda de Orientaci\u00f3n, utiliza el \u00abPrograma Orienta\u00bb para resolver tus dudas y entra en los diferentes apartados [&hellip;]<\/p>\n","protected":false},"author":10629,"featured_media":0,"parent":0,"menu_order":0,"comment_status":"closed","ping_status":"closed","template":"","meta":{"ngg_post_thumbnail":0,"footnotes":""},"aioseo_notices":[],"_links":{"self":[{"href":"https:\/\/blogsaverroes.juntadeandalucia.es\/sesoteatinos\/wp-json\/wp\/v2\/pages\/346"}],"collection":[{"href":"https:\/\/blogsaverroes.juntadeandalucia.es\/sesoteatinos\/wp-json\/wp\/v2\/pages"}],"about":[{"href":"https:\/\/blogsaverroes.juntadeandalucia.es\/sesoteatinos\/wp-json\/wp\/v2\/types\/page"}],"author":[{"embeddable":true,"href":"https:\/\/blogsaverroes.juntadeandalucia.es\/sesoteatinos\/wp-json\/wp\/v2\/users\/10629"}],"replies":[{"embeddable":true,"href":"https:\/\/blogsaverroes.juntadeandalucia.es\/sesoteatinos\/wp-json\/wp\/v2\/comments?post=346"}],"version-history":[{"count":0,"href":"https:\/\/blogsaverroes.juntadeandalucia.es\/sesoteatinos\/wp-json\/wp\/v2\/pages\/346\/revisions"}],"wp:attachment":[{"href":"https:\/\/blogsaverroes.juntadeandalucia.es\/sesoteatinos\/wp-json\/wp\/v2\/media?parent=346"}],"curies":[{"name":"wp","href":"https:\/\/api.w.org\/{rel}","templated":true}]}}