{"id":42,"date":"2015-03-13T08:40:47","date_gmt":"2015-03-13T08:40:47","guid":{"rendered":"http:\/\/blogsaverroes.juntadeandalucia.es\/pre\/ceip\/?page_id=42"},"modified":"2025-05-05T10:27:17","modified_gmt":"2025-05-05T09:27:17","slug":"equipo-directivo","status":"publish","type":"page","link":"https:\/\/blogsaverroes.juntadeandalucia.es\/sierradecadiz\/equipo-directivo\/","title":{"rendered":"Equipo Directivo"},"content":{"rendered":"<p><strong>Mandato desde el curso 22\/23&nbsp; hasta el 25\/26<\/strong><\/p>\n<p style=\"text-align: left\"><sup><strong><span style=\"color: #333333;font-family: Georgia, 'serif'\">Direcci\u00f3n:&nbsp; &nbsp; &nbsp; &nbsp; &nbsp; &nbsp; &nbsp; D. Manuel Jes\u00fas Robles Feria<\/span><\/strong><\/sup><\/p>\n<p style=\"text-align: left\"><sup><strong><span style=\"color: #333333;font-family: Georgia, 'serif'\">Jefatura de E.:&nbsp; &nbsp; &nbsp; D<\/span><\/strong><strong><span style=\"color: #333333;font-family: Georgia, 'serif'\">. Sergio Padilla Tard\u00edo<\/span><\/strong><\/sup><\/p>\n<p style=\"text-align: left\"><sup><strong><span style=\"color: #333333;font-family: Georgia, 'serif'\">Secretar\u00eda:&nbsp; &nbsp; &nbsp; &nbsp; &nbsp; &nbsp; &nbsp;D. Juan Jos\u00e9 Salas Manche\u00f1o<\/span><\/strong><\/sup><\/p>\n<p style=\"text-align: left\"><strong><span style=\"color: #333333;font-family: 'Georgia','serif';font-size: 13pt\">HORARIO<\/span><\/strong><span style=\"color: #333333;font-family: 'Georgia','serif';font-size: 13pt\">: DE LUNES A VIERNES DE 13:00 A 14:00 PREVIA CITA<\/span><\/p>\n<p><strong>Tel\u00e9fono<\/strong>: 697952437<\/p>\n<p>&nbsp;<\/p>\n<p>&nbsp;<\/p>\n<p>&nbsp;<\/p>\n<p>&nbsp;<\/p>\n<p>&nbsp;<\/p>\n<p>&nbsp;<\/p>\n<p>&nbsp;<\/p>\n","protected":false},"excerpt":{"rendered":"<p>Mandato desde el curso 22\/23&nbsp; hasta el 25\/26 Direcci\u00f3n:&nbsp; &nbsp; &nbsp; &nbsp; &nbsp; &nbsp; &nbsp; D. Manuel Jes\u00fas Robles Feria Jefatura de E.:&nbsp; &nbsp; &nbsp; D. Sergio Padilla Tard\u00edo Secretar\u00eda:&nbsp; &nbsp; &nbsp; &nbsp; &nbsp;&#46;&#46;&#46;<\/p>\n","protected":false},"author":1,"featured_media":0,"parent":0,"menu_order":0,"comment_status":"closed","ping_status":"open","template":"","meta":{"ngg_post_thumbnail":0,"footnotes":"","_mc_calendar":[]},"aioseo_notices":[],"_links":{"self":[{"href":"https:\/\/blogsaverroes.juntadeandalucia.es\/sierradecadiz\/wp-json\/wp\/v2\/pages\/42"}],"collection":[{"href":"https:\/\/blogsaverroes.juntadeandalucia.es\/sierradecadiz\/wp-json\/wp\/v2\/pages"}],"about":[{"href":"https:\/\/blogsaverroes.juntadeandalucia.es\/sierradecadiz\/wp-json\/wp\/v2\/types\/page"}],"author":[{"embeddable":true,"href":"https:\/\/blogsaverroes.juntadeandalucia.es\/sierradecadiz\/wp-json\/wp\/v2\/users\/1"}],"replies":[{"embeddable":true,"href":"https:\/\/blogsaverroes.juntadeandalucia.es\/sierradecadiz\/wp-json\/wp\/v2\/comments?post=42"}],"version-history":[{"count":14,"href":"https:\/\/blogsaverroes.juntadeandalucia.es\/sierradecadiz\/wp-json\/wp\/v2\/pages\/42\/revisions"}],"predecessor-version":[{"id":3147,"href":"https:\/\/blogsaverroes.juntadeandalucia.es\/sierradecadiz\/wp-json\/wp\/v2\/pages\/42\/revisions\/3147"}],"wp:attachment":[{"href":"https:\/\/blogsaverroes.juntadeandalucia.es\/sierradecadiz\/wp-json\/wp\/v2\/media?parent=42"}],"curies":[{"name":"wp","href":"https:\/\/api.w.org\/{rel}","templated":true}]}}

<p><strong>Mandato desde el curso 22/23&nbsp; hasta el 25/26</strong></p>
<p style="text-align: left"><sup><strong><span style="color: #333333;font-family: Georgia, 'serif'">Dirección:&nbsp; &nbsp; &nbsp; &nbsp; &nbsp; &nbsp; &nbsp; D. Manuel Jesús Robles Feria</span></strong></sup></p>
<p style="text-align: left"><sup><strong><span style="color: #333333;font-family: Georgia, 'serif'">Jefatura de E.:&nbsp; &nbsp; &nbsp; D</span></strong><strong><span style="color: #333333;font-family: Georgia, 'serif'">. Sergio Padilla Tardío</span></strong></sup></p>
<p style="text-align: left"><sup><strong><span style="color: #333333;font-family: Georgia, 'serif'">Secretaría:&nbsp; &nbsp; &nbsp; &nbsp; &nbsp; &nbsp; &nbsp;D. Juan José Salas Mancheño</span></strong></sup></p>
<p style="text-align: left"><strong><span style="color: #333333;font-family: 'Georgia','serif';font-size: 13pt">HORARIO</span></strong><span style="color: #333333;font-family: 'Georgia','serif';font-size: 13pt">: DE LUNES A VIERNES DE 13:00 A 14:00 PREVIA CITA</span></p>
<p><strong>Teléfono</strong>: 697952437</p>
<p>&nbsp;</p>
<p>&nbsp;</p>
<p>&nbsp;</p>
<p>&nbsp;</p>
<p>&nbsp;</p>
<p>&nbsp;</p>
<p>&nbsp;</p>

<p>Mandato desde el curso 22/23&nbsp; hasta el 25/26 Dirección:&nbsp; &nbsp; &nbsp; &nbsp; &nbsp; &nbsp; &nbsp; D. Manuel Jesús Robles Feria Jefatura de E.:&nbsp; &nbsp; &nbsp; D. Sergio Padilla Tardío Secretaría:&nbsp; &nbsp; &nbsp; &nbsp; &nbsp;&#46;&#46;&#46;</p>
