{"id":172,"date":"2015-10-17T07:55:49","date_gmt":"2015-10-17T06:55:49","guid":{"rendered":"http:\/\/blogsaverroes.juntadeandalucia.es\/pre\/ceip\/?page_id=172"},"modified":"2018-09-05T12:45:04","modified_gmt":"2018-09-05T10:45:04","slug":"fyq","status":"publish","type":"page","link":"https:\/\/blogsaverroes.juntadeandalucia.es\/sierramagina\/fyq\/","title":{"rendered":"F\u00edsica y Qu\u00edmica"},"content":{"rendered":"<p>&nbsp;<\/p>\n<p style=\"text-align: justify\">&nbsp;[youtube https:\/\/www.youtube.com\/watch?v=01Wu-Y4IFMI&#038;w=560&#038;h=315]<\/p>\n<p style=\"text-align: justify\">&nbsp; La ense\u00f1anza de la F\u00edsica y la Qu\u00edmica juega un papel central en el desarrollo intelectual de los alumnos y las alumnas, promoviendo la adquisici\u00f3n de competencias&nbsp;relativas a&nbsp;capacidad para resolver problemas, potenciando&nbsp;la argumentaci\u00f3n verbal y la capacidad de establecer relaciones cuantitativas y espaciales, con precisi\u00f3n y rigor.<\/p>\n<p style=\"text-align: justify\">&nbsp; &nbsp; &nbsp;Como disciplina cient\u00edfica, tiene el compromiso a\u00f1adido de dotar al alumno de herramientas espec\u00edficas que le permitan afrontar el futuro con garant\u00edas, participando en el desarrollo econ\u00f3mico y social al que est\u00e1 ligada la capacidad cient\u00edfica, tecnol\u00f3gica e innovadora de la propia sociedad.<\/p>\n<p style=\"text-align: justify\">&nbsp; &nbsp; &nbsp;Aparte de lo anterior, esta&nbsp;web tiene como principal objetivo ayudar a los alumnos de nuestro Centro, el IES \u00abSierra M\u00e1gina\u00bb en Mancha Real (Ja\u00e9n),&nbsp;aunque no menospreciamos la idea de que cualquier otro miembro de otra comunidad educativa pueda obtener beneficio, y si as\u00ed fuere, nos sentiremos a\u00fan m\u00e1s satisfechos del esfuerzo invertido.<\/p>\n<p style=\"text-align: justify\" align=\"justify\">&nbsp; &nbsp; Ofrecemos abundante material&nbsp;y relacionado con la ciencia. Merece especial atenci\u00f3n nuestro espacio denominado <a href=\"\/Users\/Pap\u00e1\/Dropbox\/docencia\/PAGINA%20WEB\/d_fyq\/laboratorio%20virtual.htm\">LABORATORIO VIRTUAL<\/a>, que puede permitir ahondar en una mayor comprensi\u00f3n de los conceptos f\u00edsicos y qu\u00edmicos gracias a las nuevas tecnolog\u00edas de simulaci\u00f3n, o la secci\u00f3n dedicada a la selectividad, principal preocupaci\u00f3n del alumnado de 2\u00ba de Bachillerato. En ella pueden encontrarse un significativo n\u00famero de pruebas resueltas por el profesorado del centro y enlaces de inter\u00e9s.<\/p>\n<p style=\"text-align: justify\" align=\"justify\">&nbsp; &nbsp; La mayor\u00eda de los documentos se encuentran en formato pdf por lo que se requiere <a href=\"http:\/\/www.adobe.es\/products\/acrobat\/readstep2.html\"> Acrobat<\/a> 7.0 o superior.<\/p>\n<p style=\"text-align: justify\" align=\"justify\">&nbsp; &nbsp; Para descargar material &gt; <a href=\"http:\/\/blogsaverroes.juntadeandalucia.es\/sierramagina\/fyq\/descargas_fyq\/\" target=\"_blank\" rel=\"noopener\">pulse aqu\u00ed<\/a><\/p>\n<p style=\"text-align: justify\" align=\"justify\">&nbsp;<\/p>\n","protected":false},"excerpt":{"rendered":"<p>&nbsp; &nbsp;[youtube https:\/\/www.youtube.com\/watch?v=01Wu-Y4IFMI&#038;w=560&#038;h=315] &nbsp; La ense\u00f1anza de la F\u00edsica y la Qu\u00edmica juega un papel central en el desarrollo intelectual de los alumnos y las alumnas, promoviendo la adquisici\u00f3n de competencias&nbsp;relativas a&nbsp;capacidad para resolver&#46;&#46;&#46;<\/p>\n","protected":false},"author":2068,"featured_media":2812,"parent":0,"menu_order":0,"comment_status":"closed","ping_status":"closed","template":"page-sc.php","meta":{"ngg_post_thumbnail":0,"footnotes":"","_mc_calendar":[]},"aioseo_notices":[],"_links":{"self":[{"href":"https:\/\/blogsaverroes.juntadeandalucia.es\/sierramagina\/wp-json\/wp\/v2\/pages\/172"}],"collection":[{"href":"https:\/\/blogsaverroes.juntadeandalucia.es\/sierramagina\/wp-json\/wp\/v2\/pages"}],"about":[{"href":"https:\/\/blogsaverroes.juntadeandalucia.es\/sierramagina\/wp-json\/wp\/v2\/types\/page"}],"author":[{"embeddable":true,"href":"https:\/\/blogsaverroes.juntadeandalucia.es\/sierramagina\/wp-json\/wp\/v2\/users\/2068"}],"replies":[{"embeddable":true,"href":"https:\/\/blogsaverroes.juntadeandalucia.es\/sierramagina\/wp-json\/wp\/v2\/comments?post=172"}],"version-history":[{"count":11,"href":"https:\/\/blogsaverroes.juntadeandalucia.es\/sierramagina\/wp-json\/wp\/v2\/pages\/172\/revisions"}],"predecessor-version":[{"id":2788,"href":"https:\/\/blogsaverroes.juntadeandalucia.es\/sierramagina\/wp-json\/wp\/v2\/pages\/172\/revisions\/2788"}],"wp:featuredmedia":[{"embeddable":true,"href":"https:\/\/blogsaverroes.juntadeandalucia.es\/sierramagina\/wp-json\/wp\/v2\/media\/2812"}],"wp:attachment":[{"href":"https:\/\/blogsaverroes.juntadeandalucia.es\/sierramagina\/wp-json\/wp\/v2\/media?parent=172"}],"curies":[{"name":"wp","href":"https:\/\/api.w.org\/{rel}","templated":true}]}}

Física y Química

<p>&nbsp;</p>
<p style="text-align: justify">&nbsp;[youtube https://www.youtube.com/watch?v=01Wu-Y4IFMI&#038;w=560&#038;h=315]</p>
<p style="text-align: justify">&nbsp; La enseñanza de la Física y la Química juega un papel central en el desarrollo intelectual de los alumnos y las alumnas, promoviendo la adquisición de competencias&nbsp;relativas a&nbsp;capacidad para resolver problemas, potenciando&nbsp;la argumentación verbal y la capacidad de establecer relaciones cuantitativas y espaciales, con precisión y rigor.</p>
<p style="text-align: justify">&nbsp; &nbsp; &nbsp;Como disciplina científica, tiene el compromiso añadido de dotar al alumno de herramientas específicas que le permitan afrontar el futuro con garantías, participando en el desarrollo económico y social al que está ligada la capacidad científica, tecnológica e innovadora de la propia sociedad.</p>
<p style="text-align: justify">&nbsp; &nbsp; &nbsp;Aparte de lo anterior, esta&nbsp;web tiene como principal objetivo ayudar a los alumnos de nuestro Centro, el IES «Sierra Mágina» en Mancha Real (Jaén),&nbsp;aunque no menospreciamos la idea de que cualquier otro miembro de otra comunidad educativa pueda obtener beneficio, y si así fuere, nos sentiremos aún más satisfechos del esfuerzo invertido.</p>
<p style="text-align: justify" align="justify">&nbsp; &nbsp; Ofrecemos abundante material&nbsp;y relacionado con la ciencia. Merece especial atención nuestro espacio denominado <a href="/Users/Papá/Dropbox/docencia/PAGINA%20WEB/d_fyq/laboratorio%20virtual.htm">LABORATORIO VIRTUAL</a>, que puede permitir ahondar en una mayor comprensión de los conceptos físicos y químicos gracias a las nuevas tecnologías de simulación, o la sección dedicada a la selectividad, principal preocupación del alumnado de 2º de Bachillerato. En ella pueden encontrarse un significativo número de pruebas resueltas por el profesorado del centro y enlaces de interés.</p>
<p style="text-align: justify" align="justify">&nbsp; &nbsp; La mayoría de los documentos se encuentran en formato pdf por lo que se requiere <a href="http://www.adobe.es/products/acrobat/readstep2.html"> Acrobat</a> 7.0 o superior.</p>
<p style="text-align: justify" align="justify">&nbsp; &nbsp; Para descargar material &gt; <a href="http://blogsaverroes.juntadeandalucia.es/sierramagina/fyq/descargas_fyq/" target="_blank" rel="noopener">pulse aquí</a></p>
<p style="text-align: justify" align="justify">&nbsp;</p>

<p>&nbsp; &nbsp;[youtube https://www.youtube.com/watch?v=01Wu-Y4IFMI&#038;w=560&#038;h=315] &nbsp; La enseñanza de la Física y la Química juega un papel central en el desarrollo intelectual de los alumnos y las alumnas, promoviendo la adquisición de competencias&nbsp;relativas a&nbsp;capacidad para resolver&#46;&#46;&#46;</p>
