{"id":1725,"date":"2015-11-30T19:52:41","date_gmt":"2015-11-30T18:52:41","guid":{"rendered":"http:\/\/blogsaverroes.juntadeandalucia.es\/sierramagina\/?page_id=1725"},"modified":"2023-11-22T11:00:07","modified_gmt":"2023-11-22T10:00:07","slug":"bienvenida","status":"publish","type":"page","link":"https:\/\/blogsaverroes.juntadeandalucia.es\/sierramagina\/curso-escolar\/bienvenida\/","title":{"rendered":"Bienvenida"},"content":{"rendered":"<h2><\/h2>\n<h2><strong>Nueva web del IES \u00abSierra M\u00e1gina\u00bb de Mancha Real.<\/strong><\/h2>\n<p>&nbsp;<\/p>\n<p style=\"text-align: justify\"><img fetchpriority=\"high\" decoding=\"async\" class=\"alignnone wp-image-8316 \" src=\"https:\/\/blogsaverroes.juntadeandalucia.es\/sierramagina\/files\/2023\/11\/Fachada-IES-SIERRA-MAGINA-533x400.jpg\" alt=\"\" width=\"360\" height=\"270\" srcset=\"https:\/\/blogsaverroes.juntadeandalucia.es\/sierramagina\/files\/2023\/11\/Fachada-IES-SIERRA-MAGINA-533x400.jpg 533w, https:\/\/blogsaverroes.juntadeandalucia.es\/sierramagina\/files\/2023\/11\/Fachada-IES-SIERRA-MAGINA-1024x768.jpg 1024w, https:\/\/blogsaverroes.juntadeandalucia.es\/sierramagina\/files\/2023\/11\/Fachada-IES-SIERRA-MAGINA-768x576.jpg 768w, https:\/\/blogsaverroes.juntadeandalucia.es\/sierramagina\/files\/2023\/11\/Fachada-IES-SIERRA-MAGINA-1536x1152.jpg 1536w, https:\/\/blogsaverroes.juntadeandalucia.es\/sierramagina\/files\/2023\/11\/Fachada-IES-SIERRA-MAGINA-2048x1536.jpg 2048w, https:\/\/blogsaverroes.juntadeandalucia.es\/sierramagina\/files\/2023\/11\/Fachada-IES-SIERRA-MAGINA-scaled.jpg 1600w\" sizes=\"(max-width: 360px) 100vw, 360px\" \/><\/p>\n<p style=\"text-align: justify\">\u00a0Iniciamos una nueva andadura con una nueva web, m\u00e1s actual y din\u00e1mica. La organizaci\u00f3n b\u00e1sica se estructura en <strong>P\u00e1ginas<\/strong> web tradicionales, donde se ubica informaci\u00f3n relevante y menos\u00a0perecedera. La novedad radica en el nuevo sistema de <strong>Entradas,<\/strong> organizadas en <strong>Categor\u00edas,<\/strong>\u00a0que aportan mayor dinamismo\u00a0en la comunicaci\u00f3n acerca de la \u00abvida\u00bb\u00a0del centro y las actividades y acontecimientos de inter\u00e9s.<\/p>\n<p style=\"text-align: justify\">\u00a0Es posible suscribirse a las novedades, mediante correo electr\u00f3nico, pero tambi\u00e9n se han activado v\u00ednculos con las principales redes sociales en un esfuerzo por abrir las puertas de nuestro centro a la comunidad.<\/p>\n","protected":false},"excerpt":{"rendered":"<p>Nueva web del IES \u00abSierra M\u00e1gina\u00bb de Mancha Real. &nbsp; \u00a0Iniciamos una nueva andadura con una nueva web, m\u00e1s actual y din\u00e1mica. La organizaci\u00f3n b\u00e1sica se estructura en P\u00e1ginas web tradicionales, donde se ubica&#46;&#46;&#46;<\/p>\n","protected":false},"author":2068,"featured_media":2614,"parent":80,"menu_order":0,"comment_status":"closed","ping_status":"closed","template":"","meta":{"ngg_post_thumbnail":0,"footnotes":"","_mc_calendar":[]},"aioseo_notices":[],"_links":{"self":[{"href":"https:\/\/blogsaverroes.juntadeandalucia.es\/sierramagina\/wp-json\/wp\/v2\/pages\/1725"}],"collection":[{"href":"https:\/\/blogsaverroes.juntadeandalucia.es\/sierramagina\/wp-json\/wp\/v2\/pages"}],"about":[{"href":"https:\/\/blogsaverroes.juntadeandalucia.es\/sierramagina\/wp-json\/wp\/v2\/types\/page"}],"author":[{"embeddable":true,"href":"https:\/\/blogsaverroes.juntadeandalucia.es\/sierramagina\/wp-json\/wp\/v2\/users\/2068"}],"replies":[{"embeddable":true,"href":"https:\/\/blogsaverroes.juntadeandalucia.es\/sierramagina\/wp-json\/wp\/v2\/comments?post=1725"}],"version-history":[{"count":24,"href":"https:\/\/blogsaverroes.juntadeandalucia.es\/sierramagina\/wp-json\/wp\/v2\/pages\/1725\/revisions"}],"predecessor-version":[{"id":8318,"href":"https:\/\/blogsaverroes.juntadeandalucia.es\/sierramagina\/wp-json\/wp\/v2\/pages\/1725\/revisions\/8318"}],"up":[{"embeddable":true,"href":"https:\/\/blogsaverroes.juntadeandalucia.es\/sierramagina\/wp-json\/wp\/v2\/pages\/80"}],"wp:featuredmedia":[{"embeddable":true,"href":"https:\/\/blogsaverroes.juntadeandalucia.es\/sierramagina\/wp-json\/wp\/v2\/media\/2614"}],"wp:attachment":[{"href":"https:\/\/blogsaverroes.juntadeandalucia.es\/sierramagina\/wp-json\/wp\/v2\/media?parent=1725"}],"curies":[{"name":"wp","href":"https:\/\/api.w.org\/{rel}","templated":true}]}}

<h2></h2>
<h2><strong>Nueva web del IES «Sierra Mágina» de Mancha Real.</strong></h2>
<p>&nbsp;</p>
<p style="text-align: justify"><img fetchpriority="high" decoding="async" class="alignnone wp-image-8316 " src="https://blogsaverroes.juntadeandalucia.es/sierramagina/files/2023/11/Fachada-IES-SIERRA-MAGINA-533x400.jpg" alt="" width="360" height="270" srcset="https://blogsaverroes.juntadeandalucia.es/sierramagina/files/2023/11/Fachada-IES-SIERRA-MAGINA-533x400.jpg 533w, https://blogsaverroes.juntadeandalucia.es/sierramagina/files/2023/11/Fachada-IES-SIERRA-MAGINA-1024x768.jpg 1024w, https://blogsaverroes.juntadeandalucia.es/sierramagina/files/2023/11/Fachada-IES-SIERRA-MAGINA-768x576.jpg 768w, https://blogsaverroes.juntadeandalucia.es/sierramagina/files/2023/11/Fachada-IES-SIERRA-MAGINA-1536x1152.jpg 1536w, https://blogsaverroes.juntadeandalucia.es/sierramagina/files/2023/11/Fachada-IES-SIERRA-MAGINA-2048x1536.jpg 2048w, https://blogsaverroes.juntadeandalucia.es/sierramagina/files/2023/11/Fachada-IES-SIERRA-MAGINA-scaled.jpg 1600w" sizes="(max-width: 360px) 100vw, 360px" /></p>
<p style="text-align: justify"> Iniciamos una nueva andadura con una nueva web, más actual y dinámica. La organización básica se estructura en <strong>Páginas</strong> web tradicionales, donde se ubica información relevante y menos perecedera. La novedad radica en el nuevo sistema de <strong>Entradas,</strong> organizadas en <strong>Categorías,</strong> que aportan mayor dinamismo en la comunicación acerca de la «vida» del centro y las actividades y acontecimientos de interés.</p>
<p style="text-align: justify"> Es posible suscribirse a las novedades, mediante correo electrónico, pero también se han activado vínculos con las principales redes sociales en un esfuerzo por abrir las puertas de nuestro centro a la comunidad.</p>

<p>Nueva web del IES «Sierra Mágina» de Mancha Real. &nbsp;  Iniciamos una nueva andadura con una nueva web, más actual y dinámica. La organización básica se estructura en Páginas web tradicionales, donde se ubica&#46;&#46;&#46;</p>
