{"id":35,"date":"2015-11-07T08:21:43","date_gmt":"2015-11-07T07:21:43","guid":{"rendered":"http:\/\/blogsaverroes.juntadeandalucia.es\/pre\/ceip\/?page_id=35"},"modified":"2021-02-22T17:57:09","modified_gmt":"2021-02-22T16:57:09","slug":"el_centro","status":"publish","type":"page","link":"https:\/\/blogsaverroes.juntadeandalucia.es\/sierramagina\/curso-escolar\/el_centro\/","title":{"rendered":"Datos del centro"},"content":{"rendered":"<h3><strong>Oferta educativa:<\/strong><\/h3>\n<p>Ense\u00f1anza Secundaria obligatoria (1\u00ba a 4\u00ba de ESO)<\/p>\n<p>Bachillerato.<\/p>\n<ul>\n<li><img decoding=\"async\" src=\"http:\/\/www.juntadeandalucia.es\/educacion\/vscripts\/centros\/datoscuract\/archivos\/bullet03.gif\" alt=\"\"\/>&nbsp;Ciencias y tecnolog\u00eda<\/li>\n<li><img decoding=\"async\" src=\"http:\/\/www.juntadeandalucia.es\/educacion\/vscripts\/centros\/datoscuract\/archivos\/bullet03.gif\" alt=\"\"\/>&nbsp;Humanidades y ciencias sociales<\/li>\n<\/ul>\n<p>Centro TIC y pluriling\u00fce (Franc\u00e9s e Ingl\u00e9s).<\/p>\n<p>&nbsp;<\/p>\n<h3><strong>Recibimos alumnos de:<\/strong><\/h3>\n<ul>\n<li><img decoding=\"async\" src=\"http:\/\/www.juntadeandalucia.es\/educacion\/vscripts\/centros\/datoscuract\/archivos\/bullet03.gif\" alt=\"\"\/>&nbsp; 2\u00ba curso de E.S.O.<br \/>\n(23000015)&nbsp; C.E.I.P.&nbsp;Fernando Molina &nbsp; 100%<\/li>\n<li><img decoding=\"async\" src=\"http:\/\/www.juntadeandalucia.es\/educacion\/vscripts\/centros\/datoscuract\/archivos\/bullet03.gif\" alt=\"\"\/>&nbsp; 2\u00ba curso de E.S.O.<br \/>\n(23002516)&nbsp; C.E.I.P.&nbsp;Ntra. Sra. de los Remedios &nbsp; 100%<\/li>\n<li><img decoding=\"async\" src=\"http:\/\/www.juntadeandalucia.es\/educacion\/vscripts\/centros\/datoscuract\/archivos\/bullet03.gif\" alt=\"\"\/>&nbsp; 2\u00ba curso de E.S.O.<br \/>\n(23004057)&nbsp; C.E.I.P.&nbsp;Aznait\u00edn &nbsp; 100%<\/li>\n<li><img decoding=\"async\" src=\"http:\/\/www.juntadeandalucia.es\/educacion\/vscripts\/centros\/datoscuract\/archivos\/bullet03.gif\" alt=\"\"\/>&nbsp; 6\u00ba de Educ. Primaria<br \/>\n(23002942)&nbsp; C.E.I.P.&nbsp;Sixto S\u00edgler &nbsp; 100%<\/li>\n<li><img decoding=\"async\" src=\"http:\/\/www.juntadeandalucia.es\/educacion\/vscripts\/centros\/datoscuract\/archivos\/bullet03.gif\" alt=\"\"\/>&nbsp; 6\u00ba de Educ. Primaria<br \/>\n(23601311)&nbsp; C.E.I.P.&nbsp;San Jos\u00e9 de Calasanz &nbsp; 100%<\/li>\n<\/ul>\n<p>&nbsp;<\/p>\n<table style=\"height: 250px\" width=\"742\">\n<tbody>\n<tr>\n<td><img fetchpriority=\"high\" decoding=\"async\" class=\"size-medium wp-image-2381 aligncenter\" src=\"http:\/\/blogsaverroes.juntadeandalucia.es\/sierramagina\/files\/2015\/03\/01-300x224.jpg\" alt=\"Entrada principal\" width=\"300\" height=\"224\" srcset=\"https:\/\/blogsaverroes.juntadeandalucia.es\/sierramagina\/files\/2015\/03\/01-300x224.jpg 300w, https:\/\/blogsaverroes.juntadeandalucia.es\/sierramagina\/files\/2015\/03\/01.jpg 567w\" sizes=\"(max-width: 300px) 100vw, 300px\" \/><\/td>\n<td>&nbsp;<img decoding=\"async\" class=\"size-medium wp-image-2382 aligncenter\" src=\"http:\/\/blogsaverroes.juntadeandalucia.es\/sierramagina\/files\/2015\/03\/00-ies-entrada-300x224.jpg\" alt=\"Patio 1\" width=\"300\" height=\"224\" srcset=\"https:\/\/blogsaverroes.juntadeandalucia.es\/sierramagina\/files\/2015\/03\/00-ies-entrada-300x224.jpg 300w, https:\/\/blogsaverroes.juntadeandalucia.es\/sierramagina\/files\/2015\/03\/00-ies-entrada.jpg 567w\" sizes=\"(max-width: 300px) 100vw, 300px\" \/>&nbsp;<\/td>\n<\/tr>\n<\/tbody>\n<\/table>\n<p>&nbsp;<\/p>\n","protected":false},"excerpt":{"rendered":"<p>Oferta educativa: Ense\u00f1anza Secundaria obligatoria (1\u00ba a 4\u00ba de ESO) Bachillerato. &nbsp;Ciencias y tecnolog\u00eda &nbsp;Humanidades y ciencias sociales Centro TIC y pluriling\u00fce (Franc\u00e9s e Ingl\u00e9s). &nbsp; Recibimos alumnos de: &nbsp; 2\u00ba curso de E.S.O.&#46;&#46;&#46;<\/p>\n","protected":false},"author":2068,"featured_media":0,"parent":80,"menu_order":0,"comment_status":"closed","ping_status":"closed","template":"","meta":{"ngg_post_thumbnail":0,"footnotes":"","_mc_calendar":[]},"aioseo_notices":[],"_links":{"self":[{"href":"https:\/\/blogsaverroes.juntadeandalucia.es\/sierramagina\/wp-json\/wp\/v2\/pages\/35"}],"collection":[{"href":"https:\/\/blogsaverroes.juntadeandalucia.es\/sierramagina\/wp-json\/wp\/v2\/pages"}],"about":[{"href":"https:\/\/blogsaverroes.juntadeandalucia.es\/sierramagina\/wp-json\/wp\/v2\/types\/page"}],"author":[{"embeddable":true,"href":"https:\/\/blogsaverroes.juntadeandalucia.es\/sierramagina\/wp-json\/wp\/v2\/users\/2068"}],"replies":[{"embeddable":true,"href":"https:\/\/blogsaverroes.juntadeandalucia.es\/sierramagina\/wp-json\/wp\/v2\/comments?post=35"}],"version-history":[{"count":51,"href":"https:\/\/blogsaverroes.juntadeandalucia.es\/sierramagina\/wp-json\/wp\/v2\/pages\/35\/revisions"}],"predecessor-version":[{"id":6538,"href":"https:\/\/blogsaverroes.juntadeandalucia.es\/sierramagina\/wp-json\/wp\/v2\/pages\/35\/revisions\/6538"}],"up":[{"embeddable":true,"href":"https:\/\/blogsaverroes.juntadeandalucia.es\/sierramagina\/wp-json\/wp\/v2\/pages\/80"}],"wp:attachment":[{"href":"https:\/\/blogsaverroes.juntadeandalucia.es\/sierramagina\/wp-json\/wp\/v2\/media?parent=35"}],"curies":[{"name":"wp","href":"https:\/\/api.w.org\/{rel}","templated":true}]}}