{"id":44,"date":"2015-03-13T08:42:15","date_gmt":"2015-03-13T08:42:15","guid":{"rendered":"http:\/\/blogsaverroes.juntadeandalucia.es\/pre\/ceip\/?page_id=44"},"modified":"2022-11-09T20:41:45","modified_gmt":"2022-11-09T19:41:45","slug":"planes-y-proyectos","status":"publish","type":"page","link":"https:\/\/blogsaverroes.juntadeandalucia.es\/sierramagina\/planes-y-proyectos\/","title":{"rendered":"Planes y Programas"},"content":{"rendered":"<p><img decoding=\"async\" class=\"alignnone size-medium wp-image-1667\" src=\"http:\/\/blogsaverroes.juntadeandalucia.es\/sierramagina\/files\/2015\/03\/planes-300x150.png\" alt=\"planes\" width=\"300\" height=\"150\" srcset=\"https:\/\/blogsaverroes.juntadeandalucia.es\/sierramagina\/files\/2015\/03\/planes-300x150.png 300w, https:\/\/blogsaverroes.juntadeandalucia.es\/sierramagina\/files\/2015\/03\/planes.png 640w\" sizes=\"(max-width: 300px) 100vw, 300px\" \/><\/p>\n<p>&nbsp; &nbsp; &nbsp;Cada centro personaliza y adapta su Proyecto Educativo adheri\u00e9ndose a diferentes <strong>Planes y Programas<\/strong> promovidos desde la Consejer\u00eda de Educaci\u00f3n, Cultura y Deporte.&nbsp;A continuaci\u00f3n se muestran los planes y proyectos llevados a cabo en nuestro centro y los coordinadores de los mismos.<\/p>\n<ul>\n<li><strong>Plan de Transformaci\u00f3n Digital Educativa <em>TDE <\/em><\/strong><em>(D\u00aa <\/em><em>Mar\u00eda Dolores L\u00f3pez Chica<\/em>)<\/li>\n<li><a title=\"Programa STEAM: Rob\u00f3tica aplicada al Aula\" href=\"https:\/\/blogsaverroes.juntadeandalucia.es\/sierramagina\/programa-steam-robotica-aplicada-al-aula\/\"><strong>Proyecto STEAM: Rob\u00f3tica aplicada al aula<\/strong><\/a> <em>(D\u00aa <\/em><em>Mar\u00eda Dolores L\u00f3pez Chica<\/em>)<\/li>\n<li><strong>Proyecto pluriling\u00fce<\/strong><em> (D\u00aa Ana Jara\u00edces Laserna)<\/em><\/li>\n<li><strong>Organizaci\u00f3n y funcionamiento de las bibliotecas escolares&nbsp;<\/strong><em>(D\u00aa <\/em><em>M\u00aa del Mar Lara Canales<\/em>)<\/li>\n<li><strong>Forma joven en el \u00e1mbito educativo <\/strong>(<em>D. Antonio Miguel Amezcua Guerrero<\/em>)<\/li>\n<li><strong>Plan de igualdad de g\u00e9nero <\/strong><em>(D\u00aa Inmaculada Molina Valdivia)<\/em><\/li>\n<li><strong>Plan de salud laboral y PRL <\/strong><em>(D. Antonio Miguel Amezcua Guerrero)<\/em><\/li>\n<\/ul>\n<p>Para descargar el plan de Centro, <a href=\"https:\/\/blogsaverroes.juntadeandalucia.es\/sierramagina\/files\/2020\/03\/Plan_de_Centro_Actualizaci\u00f3n_2019.pdf\">Haga clic aqu\u00ed<\/a><\/p>\n<p>&nbsp;<\/p>\n","protected":false},"excerpt":{"rendered":"<p>&nbsp; &nbsp; &nbsp;Cada centro personaliza y adapta su Proyecto Educativo adheri\u00e9ndose a diferentes Planes y Programas promovidos desde la Consejer\u00eda de Educaci\u00f3n, Cultura y Deporte.&nbsp;A continuaci\u00f3n se muestran los planes y proyectos llevados a&#46;&#46;&#46;<\/p>\n","protected":false},"author":1,"featured_media":0,"parent":0,"menu_order":0,"comment_status":"closed","ping_status":"closed","template":"","meta":{"ngg_post_thumbnail":0,"footnotes":"","_mc_calendar":[]},"aioseo_notices":[],"_links":{"self":[{"href":"https:\/\/blogsaverroes.juntadeandalucia.es\/sierramagina\/wp-json\/wp\/v2\/pages\/44"}],"collection":[{"href":"https:\/\/blogsaverroes.juntadeandalucia.es\/sierramagina\/wp-json\/wp\/v2\/pages"}],"about":[{"href":"https:\/\/blogsaverroes.juntadeandalucia.es\/sierramagina\/wp-json\/wp\/v2\/types\/page"}],"author":[{"embeddable":true,"href":"https:\/\/blogsaverroes.juntadeandalucia.es\/sierramagina\/wp-json\/wp\/v2\/users\/1"}],"replies":[{"embeddable":true,"href":"https:\/\/blogsaverroes.juntadeandalucia.es\/sierramagina\/wp-json\/wp\/v2\/comments?post=44"}],"version-history":[{"count":16,"href":"https:\/\/blogsaverroes.juntadeandalucia.es\/sierramagina\/wp-json\/wp\/v2\/pages\/44\/revisions"}],"predecessor-version":[{"id":7563,"href":"https:\/\/blogsaverroes.juntadeandalucia.es\/sierramagina\/wp-json\/wp\/v2\/pages\/44\/revisions\/7563"}],"wp:attachment":[{"href":"https:\/\/blogsaverroes.juntadeandalucia.es\/sierramagina\/wp-json\/wp\/v2\/media?parent=44"}],"curies":[{"name":"wp","href":"https:\/\/api.w.org\/{rel}","templated":true}]}}