{"id":58,"date":"2020-01-10T07:56:04","date_gmt":"2020-01-10T06:56:04","guid":{"rendered":"http:\/\/blogsaverroes.juntadeandalucia.es\/pre\/nuevoiesv2\/?page_id=58"},"modified":"2024-11-12T09:45:18","modified_gmt":"2024-11-12T08:45:18","slug":"idiomas","status":"publish","type":"page","link":"https:\/\/blogsaverroes.juntadeandalucia.es\/sierrasur\/idiomas\/","title":{"rendered":"Idiomas"},"content":{"rendered":"<p>[et_pb_section fb_built=&#8221;1&#8243; _builder_version=&#8221;4.16&#8243; custom_padding=&#8221;0px||0px|&#8221; z_index_tablet=&#8221;500&#8243; box_shadow_horizontal_tablet=&#8221;0px&#8221; box_shadow_vertical_tablet=&#8221;0px&#8221; box_shadow_blur_tablet=&#8221;40px&#8221; box_shadow_spread_tablet=&#8221;0px&#8221; global_colors_info=&#8221;{}&#8221;][et_pb_row _builder_version=&#8221;4.16&#8243; background_size=&#8221;initial&#8221; background_position=&#8221;top_left&#8221; background_repeat=&#8221;repeat&#8221; global_colors_info=&#8221;{}&#8221;][et_pb_column type=&#8221;4_4&#8243; _builder_version=&#8221;4.16&#8243; custom_padding=&#8221;|||&#8221; global_colors_info=&#8221;{}&#8221; custom_padding__hover=&#8221;|||&#8221;][et_pb_text admin_label=&#8221;Texto descriptivo&#8221; _builder_version=&#8221;4.24.2&#8243; hover_enabled=&#8221;0&#8243; z_index_tablet=&#8221;500&#8243; text_text_shadow_horizontal_length_tablet=&#8221;0px&#8221; text_text_shadow_vertical_length_tablet=&#8221;0px&#8221; text_text_shadow_blur_strength_tablet=&#8221;1px&#8221; link_text_shadow_horizontal_length_tablet=&#8221;0px&#8221; link_text_shadow_vertical_length_tablet=&#8221;0px&#8221; link_text_shadow_blur_strength_tablet=&#8221;1px&#8221; ul_text_shadow_horizontal_length_tablet=&#8221;0px&#8221; ul_text_shadow_vertical_length_tablet=&#8221;0px&#8221; ul_text_shadow_blur_strength_tablet=&#8221;1px&#8221; ol_text_shadow_horizontal_length_tablet=&#8221;0px&#8221; ol_text_shadow_vertical_length_tablet=&#8221;0px&#8221; ol_text_shadow_blur_strength_tablet=&#8221;1px&#8221; quote_text_shadow_horizontal_length_tablet=&#8221;0px&#8221; quote_text_shadow_vertical_length_tablet=&#8221;0px&#8221; quote_text_shadow_blur_strength_tablet=&#8221;1px&#8221; header_text_shadow_horizontal_length_tablet=&#8221;0px&#8221; header_text_shadow_vertical_length_tablet=&#8221;0px&#8221; header_text_shadow_blur_strength_tablet=&#8221;1px&#8221; header_2_text_shadow_horizontal_length_tablet=&#8221;0px&#8221; header_2_text_shadow_vertical_length_tablet=&#8221;0px&#8221; header_2_text_shadow_blur_strength_tablet=&#8221;1px&#8221; header_3_text_shadow_horizontal_length_tablet=&#8221;0px&#8221; header_3_text_shadow_vertical_length_tablet=&#8221;0px&#8221; header_3_text_shadow_blur_strength_tablet=&#8221;1px&#8221; header_4_text_shadow_horizontal_length_tablet=&#8221;0px&#8221; header_4_text_shadow_vertical_length_tablet=&#8221;0px&#8221; header_4_text_shadow_blur_strength_tablet=&#8221;1px&#8221; header_5_text_shadow_horizontal_length_tablet=&#8221;0px&#8221; header_5_text_shadow_vertical_length_tablet=&#8221;0px&#8221; header_5_text_shadow_blur_strength_tablet=&#8221;1px&#8221; header_6_text_shadow_horizontal_length_tablet=&#8221;0px&#8221; header_6_text_shadow_vertical_length_tablet=&#8221;0px&#8221; header_6_text_shadow_blur_strength_tablet=&#8221;1px&#8221; box_shadow_horizontal_tablet=&#8221;0px&#8221; box_shadow_vertical_tablet=&#8221;0px&#8221; box_shadow_blur_tablet=&#8221;40px&#8221; box_shadow_spread_tablet=&#8221;0px&#8221; global_colors_info=&#8221;{}&#8221; sticky_enabled=&#8221;0&#8243;]<\/p>\n<h2 style=\"text-align: center\"><strong>ERASMUS+<\/strong><\/h2>\n<div><span style=\"font-size: 14pt\">Este curso 24-25, gracias al Consorcio ERASMUS+ con el C.E.P de Ja\u00e9n, nuestro centro participar\u00e1 en distintas actividades Erasmus+, tales como \u201cMovilidad de profesorado\u201d o \u201cJob shadowing\u201d, &nbsp;\u201cMovilidad de alumnado\u201d y cursos de formaci\u00f3n en otros centros educativos europeos. Para la selecci\u00f3n del profesorado y alumnado, presentamos el baremo con los criterios que se tendr\u00e1n en cuenta.<\/span><\/div>\n<ul>\n<li><span style=\"font-size: 14pt\">Aqu\u00ed puedes ver los <em><strong>baremos para alumnado<\/strong><\/em>. <a href=\"https:\/\/blogsaverroes.juntadeandalucia.es\/sierrasur\/files\/2024\/11\/BAREMO-DE-SELECCION-DE-ALUMNADO-PARA-EL-PROGRAMA-ERASMUS1.pdf\" target=\"_blank\" rel=\"noopener\">DESCARGAR<\/a>.<br \/><\/span><\/li>\n<li><span style=\"font-size: 14pt\">Aqu\u00ed puedes ver los <em><strong>baremos para el profesorado<\/strong><\/em>: <a href=\"https:\/\/blogsaverroes.juntadeandalucia.es\/sierrasur\/files\/2024\/11\/baremo-profesorado.pdf\" target=\"_blank\" rel=\"noopener\">DESCARGAR<\/a>.<br \/><\/span><\/li>\n<\/ul>\n<p><img loading=\"lazy\" decoding=\"async\" class=\"size-medium wp-image-1168 aligncenter\" src=\"https:\/\/blogsaverroes.juntadeandalucia.es\/sierrasur\/files\/2024\/10\/indice-300x116.png\" alt=\"\" width=\"300\" height=\"116\" srcset=\"https:\/\/blogsaverroes.juntadeandalucia.es\/sierrasur\/files\/2024\/10\/indice-300x116.png 300w, https:\/\/blogsaverroes.juntadeandalucia.es\/sierrasur\/files\/2024\/10\/indice.png 361w\" sizes=\"(max-width: 300px) 100vw, 300px\" \/><\/p>\n<div>\n<div>&nbsp;<\/div>\n<p>&nbsp;<\/p>\n<\/div>\n<p>&nbsp;<\/p>\n<p>[\/et_pb_text][\/et_pb_column][\/et_pb_row][\/et_pb_section]<\/p>\n","protected":false},"excerpt":{"rendered":"<p>ERASMUS+ Este curso 24-25, gracias al Consorcio ERASMUS+ con el C.E.P de Ja\u00e9n, nuestro centro participar\u00e1 en distintas actividades Erasmus+, tales como \u201cMovilidad de profesorado\u201d o \u201cJob shadowing\u201d, &nbsp;\u201cMovilidad de alumnado\u201d y cursos de formaci\u00f3n en otros centros educativos europeos. Para la selecci\u00f3n del profesorado y alumnado, presentamos el baremo con los criterios que se [&hellip;]<\/p>\n","protected":false},"author":18528,"featured_media":0,"parent":0,"menu_order":0,"comment_status":"closed","ping_status":"closed","template":"","meta":{"_et_pb_use_builder":"on","_et_pb_old_content":"","_et_gb_content_width":"","ngg_post_thumbnail":0,"footnotes":""},"aioseo_notices":[],"_links":{"self":[{"href":"https:\/\/blogsaverroes.juntadeandalucia.es\/sierrasur\/wp-json\/wp\/v2\/pages\/58"}],"collection":[{"href":"https:\/\/blogsaverroes.juntadeandalucia.es\/sierrasur\/wp-json\/wp\/v2\/pages"}],"about":[{"href":"https:\/\/blogsaverroes.juntadeandalucia.es\/sierrasur\/wp-json\/wp\/v2\/types\/page"}],"author":[{"embeddable":true,"href":"https:\/\/blogsaverroes.juntadeandalucia.es\/sierrasur\/wp-json\/wp\/v2\/users\/18528"}],"replies":[{"embeddable":true,"href":"https:\/\/blogsaverroes.juntadeandalucia.es\/sierrasur\/wp-json\/wp\/v2\/comments?post=58"}],"version-history":[{"count":8,"href":"https:\/\/blogsaverroes.juntadeandalucia.es\/sierrasur\/wp-json\/wp\/v2\/pages\/58\/revisions"}],"predecessor-version":[{"id":1331,"href":"https:\/\/blogsaverroes.juntadeandalucia.es\/sierrasur\/wp-json\/wp\/v2\/pages\/58\/revisions\/1331"}],"wp:attachment":[{"href":"https:\/\/blogsaverroes.juntadeandalucia.es\/sierrasur\/wp-json\/wp\/v2\/media?parent=58"}],"curies":[{"name":"wp","href":"https:\/\/api.w.org\/{rel}","templated":true}]}}

<p>[et_pb_section fb_built=&#8221;1&#8243; _builder_version=&#8221;4.16&#8243; custom_padding=&#8221;0px||0px|&#8221; z_index_tablet=&#8221;500&#8243; box_shadow_horizontal_tablet=&#8221;0px&#8221; box_shadow_vertical_tablet=&#8221;0px&#8221; box_shadow_blur_tablet=&#8221;40px&#8221; box_shadow_spread_tablet=&#8221;0px&#8221; global_colors_info=&#8221;{}&#8221;][et_pb_row _builder_version=&#8221;4.16&#8243; background_size=&#8221;initial&#8221; background_position=&#8221;top_left&#8221; background_repeat=&#8221;repeat&#8221; global_colors_info=&#8221;{}&#8221;][et_pb_column type=&#8221;4_4&#8243; _builder_version=&#8221;4.16&#8243; custom_padding=&#8221;|||&#8221; global_colors_info=&#8221;{}&#8221; custom_padding__hover=&#8221;|||&#8221;][et_pb_text admin_label=&#8221;Texto descriptivo&#8221; _builder_version=&#8221;4.24.2&#8243; hover_enabled=&#8221;0&#8243; z_index_tablet=&#8221;500&#8243; text_text_shadow_horizontal_length_tablet=&#8221;0px&#8221; text_text_shadow_vertical_length_tablet=&#8221;0px&#8221; text_text_shadow_blur_strength_tablet=&#8221;1px&#8221; link_text_shadow_horizontal_length_tablet=&#8221;0px&#8221; link_text_shadow_vertical_length_tablet=&#8221;0px&#8221; link_text_shadow_blur_strength_tablet=&#8221;1px&#8221; ul_text_shadow_horizontal_length_tablet=&#8221;0px&#8221; ul_text_shadow_vertical_length_tablet=&#8221;0px&#8221; ul_text_shadow_blur_strength_tablet=&#8221;1px&#8221; ol_text_shadow_horizontal_length_tablet=&#8221;0px&#8221; ol_text_shadow_vertical_length_tablet=&#8221;0px&#8221; ol_text_shadow_blur_strength_tablet=&#8221;1px&#8221; quote_text_shadow_horizontal_length_tablet=&#8221;0px&#8221; quote_text_shadow_vertical_length_tablet=&#8221;0px&#8221; quote_text_shadow_blur_strength_tablet=&#8221;1px&#8221; header_text_shadow_horizontal_length_tablet=&#8221;0px&#8221; header_text_shadow_vertical_length_tablet=&#8221;0px&#8221; header_text_shadow_blur_strength_tablet=&#8221;1px&#8221; header_2_text_shadow_horizontal_length_tablet=&#8221;0px&#8221; header_2_text_shadow_vertical_length_tablet=&#8221;0px&#8221; header_2_text_shadow_blur_strength_tablet=&#8221;1px&#8221; header_3_text_shadow_horizontal_length_tablet=&#8221;0px&#8221; header_3_text_shadow_vertical_length_tablet=&#8221;0px&#8221; header_3_text_shadow_blur_strength_tablet=&#8221;1px&#8221; header_4_text_shadow_horizontal_length_tablet=&#8221;0px&#8221; header_4_text_shadow_vertical_length_tablet=&#8221;0px&#8221; header_4_text_shadow_blur_strength_tablet=&#8221;1px&#8221; header_5_text_shadow_horizontal_length_tablet=&#8221;0px&#8221; header_5_text_shadow_vertical_length_tablet=&#8221;0px&#8221; header_5_text_shadow_blur_strength_tablet=&#8221;1px&#8221; header_6_text_shadow_horizontal_length_tablet=&#8221;0px&#8221; header_6_text_shadow_vertical_length_tablet=&#8221;0px&#8221; header_6_text_shadow_blur_strength_tablet=&#8221;1px&#8221; box_shadow_horizontal_tablet=&#8221;0px&#8221; box_shadow_vertical_tablet=&#8221;0px&#8221; box_shadow_blur_tablet=&#8221;40px&#8221; box_shadow_spread_tablet=&#8221;0px&#8221; global_colors_info=&#8221;{}&#8221; sticky_enabled=&#8221;0&#8243;]</p>
<h2 style="text-align: center"><strong>ERASMUS+</strong></h2>
<div><span style="font-size: 14pt">Este curso 24-25, gracias al Consorcio ERASMUS+ con el C.E.P de Jaén, nuestro centro participará en distintas actividades Erasmus+, tales como “Movilidad de profesorado” o “Job shadowing”, &nbsp;“Movilidad de alumnado” y cursos de formación en otros centros educativos europeos. Para la selección del profesorado y alumnado, presentamos el baremo con los criterios que se tendrán en cuenta.</span></div>
<ul>
<li><span style="font-size: 14pt">Aquí puedes ver los <em><strong>baremos para alumnado</strong></em>. <a href="https://blogsaverroes.juntadeandalucia.es/sierrasur/files/2024/11/BAREMO-DE-SELECCION-DE-ALUMNADO-PARA-EL-PROGRAMA-ERASMUS1.pdf" target="_blank" rel="noopener">DESCARGAR</a>.<br /></span></li>
<li><span style="font-size: 14pt">Aquí puedes ver los <em><strong>baremos para el profesorado</strong></em>: <a href="https://blogsaverroes.juntadeandalucia.es/sierrasur/files/2024/11/baremo-profesorado.pdf" target="_blank" rel="noopener">DESCARGAR</a>.<br /></span></li>
</ul>
<p><img loading="lazy" decoding="async" class="size-medium wp-image-1168 aligncenter" src="https://blogsaverroes.juntadeandalucia.es/sierrasur/files/2024/10/indice-300x116.png" alt="" width="300" height="116" srcset="https://blogsaverroes.juntadeandalucia.es/sierrasur/files/2024/10/indice-300x116.png 300w, https://blogsaverroes.juntadeandalucia.es/sierrasur/files/2024/10/indice.png 361w" sizes="(max-width: 300px) 100vw, 300px" /></p>
<div>
<div>&nbsp;</div>
<p>&nbsp;</p>
</div>
<p>&nbsp;</p>
<p>[/et_pb_text][/et_pb_column][/et_pb_row][/et_pb_section]</p>

<p>ERASMUS+ Este curso 24-25, gracias al Consorcio ERASMUS+ con el C.E.P de Jaén, nuestro centro participará en distintas actividades Erasmus+, tales como “Movilidad de profesorado” o “Job shadowing”, &nbsp;“Movilidad de alumnado” y cursos de formación en otros centros educativos europeos. Para la selección del profesorado y alumnado, presentamos el baremo con los criterios que se [&hellip;]</p>
