{"id":632,"date":"2024-02-13T10:17:58","date_gmt":"2024-02-13T09:17:58","guid":{"rendered":"https:\/\/blogsaverroes.juntadeandalucia.es\/sierrasur\/?page_id=632"},"modified":"2024-11-08T08:34:16","modified_gmt":"2024-11-08T07:34:16","slug":"departamentos","status":"publish","type":"page","link":"https:\/\/blogsaverroes.juntadeandalucia.es\/sierrasur\/departamentos\/","title":{"rendered":"Departamentos"},"content":{"rendered":"<p style=\"text-align: center\"><div class='et-box et-shadow'>\n\t\t\t\t\t<div class='et-box-content'><span style=\"font-size: 14pt;font-family: 'arial black', sans-serif\">DEPARTAMENTOS I.E.S.SIERRA SUR<\/span><\/div><\/div><\/p>\n<p><img loading=\"lazy\" decoding=\"async\" class=\"wp-image-539 aligncenter\" src=\"https:\/\/blogsaverroes.juntadeandalucia.es\/sierrasur\/files\/2024\/01\/business-07-300x200.jpg\" alt=\"\" width=\"240\" height=\"160\"><\/p>\n<table style=\"width: 86.6469%;border-style: solid;border-color: #0f0e0e;background-color: #e6dfdf\">\n<tbody>\n<tr style=\"background-color: #b5c6e6;border-color: #0d0c0c\">\n<td style=\"width: 52.0157%\">\n<p style=\"text-align: center\"><span style=\"font-size: 14pt;font-family: book antiqua, palatino, serif\"><b>Jefatura del Departamento&nbsp;<\/b><\/span><\/p>\n<\/td>\n<td style=\"width: 120.052%\">\n<p style=\"text-align: center\"><span style=\"font-size: 14pt;font-family: book antiqua, palatino, serif\"><b>Departamento<\/b><\/span><\/p>\n<\/td>\n<\/tr>\n<tr>\n<td style=\"width: 52.0157%\"><span style=\"font-size: 14pt;font-family: book antiqua, palatino, serif\">Alcal\u00e1 Navarrete, Ana&nbsp;<\/span><\/td>\n<td style=\"width: 120.052%\"><span style=\"font-size: 14pt;font-family: book antiqua, palatino, serif\">Matem\u00e1ticas<\/span><\/td>\n<\/tr>\n<tr>\n<td style=\"width: 52.0157%\"><span style=\"font-size: 14pt;font-family: book antiqua, palatino, serif\">Aranda Moreno, Juan&nbsp;<\/span><\/td>\n<td style=\"width: 120.052%\"><span style=\"font-size: 14pt;font-family: book antiqua, palatino, serif\">Educaci\u00f3n F\u00edsica y Deportiva<\/span><\/td>\n<\/tr>\n<tr>\n<td style=\"width: 52.0157%\"><span style=\"font-size: 14pt;font-family: book antiqua, palatino, serif\">Arenas L\u00f3pez, Concepci\u00f3n&nbsp;<\/span><\/td>\n<td style=\"width: 120.052%\"><span style=\"font-size: 14pt;font-family: book antiqua, palatino, serif\">Dibujo y Artes Pl\u00e1sticas<\/span><\/td>\n<\/tr>\n<tr>\n<td style=\"width: 52.0157%\"><span style=\"font-size: 14pt;font-family: book antiqua, palatino, serif\">Bago Jim\u00e9nez, Carlos&nbsp;<\/span><\/td>\n<td style=\"width: 120.052%\"><span style=\"font-size: 14pt;font-family: book antiqua, palatino, serif\">Religi\u00f3n<\/span><\/td>\n<\/tr>\n<tr>\n<td style=\"width: 52.0157%\"><span style=\"font-size: 14pt;font-family: book antiqua, palatino, serif\">Cabrera Gallardo, Mar\u00eda del Carmen&nbsp;<\/span><\/td>\n<td style=\"width: 120.052%\"><span style=\"font-size: 14pt;font-family: book antiqua, palatino, serif\">Lengua Castellana y Literatura<\/span><\/td>\n<\/tr>\n<tr>\n<td style=\"width: 52.0157%\"><span class=\"textLabel\" style=\"font-family: book antiqua, palatino, serif;font-size: 14pt\">Peinado Lara, Francisco Manuel<\/span><\/td>\n<td style=\"width: 120.052%\"><span style=\"font-size: 14pt;font-family: book antiqua, palatino, serif\">Tecnolog\u00eda<\/span><\/td>\n<\/tr>\n<tr>\n<td style=\"width: 52.0157%\"><span style=\"font-size: 14pt;font-family: book antiqua, palatino, serif\">Chica Lend\u00ednez, Julia&nbsp;<\/span><\/td>\n<td style=\"width: 120.052%\"><span style=\"font-size: 14pt;font-family: book antiqua, palatino, serif\">Franc\u00e9s<\/span><\/td>\n<\/tr>\n<tr>\n<td style=\"width: 52.0157%\"><span style=\"font-size: 14pt;font-family: book antiqua, palatino, serif\">Espinosa Tello, Mar\u00eda Luc\u00eda&nbsp;<\/span><\/td>\n<td style=\"width: 120.052%\"><span style=\"font-size: 14pt;font-family: book antiqua, palatino, serif\">Ingl\u00e9s<\/span><\/td>\n<\/tr>\n<tr>\n<td style=\"width: 52.0157%\"><span style=\"font-size: 14pt;font-family: book antiqua, palatino, serif\">G\u00f3mez Extremera, Manuel&nbsp;<\/span><\/td>\n<td style=\"width: 120.052%\"><span style=\"font-size: 14pt;font-family: book antiqua, palatino, serif\">F\u00edsica y Qu\u00edmica<\/span><\/td>\n<\/tr>\n<tr>\n<td style=\"width: 52.0157%\"><span style=\"font-size: 14pt;font-family: book antiqua, palatino, serif\">Jim\u00e9nez Aranda, Marta Sebastiana&nbsp;<\/span><\/td>\n<td style=\"width: 120.052%\"><span style=\"font-size: 14pt;font-family: book antiqua, palatino, serif\">Biolog\u00eda y Geolog\u00eda<\/span><\/td>\n<\/tr>\n<tr>\n<td style=\"width: 52.0157%\"><span style=\"font-size: 14pt;font-family: book antiqua, palatino, serif\">L\u00f3pez Trigo, Francisco&nbsp;<\/span><\/td>\n<td style=\"width: 120.052%\"><span style=\"font-size: 14pt;font-family: book antiqua, palatino, serif\">Econom\u00eda<\/span><\/td>\n<\/tr>\n<tr>\n<td style=\"width: 52.0157%\"><span style=\"font-size: 14pt;font-family: book antiqua, palatino, serif\">Luque L\u00e9rida, Mar\u00eda Pilar&nbsp;<\/span><\/td>\n<td style=\"width: 120.052%\"><span style=\"font-size: 14pt;font-family: book antiqua, palatino, serif\">Orientaci\u00f3n<\/span><\/td>\n<\/tr>\n<tr>\n<td style=\"width: 52.0157%\"><span style=\"font-size: 14pt;font-family: book antiqua, palatino, serif\">Molina Pe\u00f1a, Jos\u00e9 Juan&nbsp;<\/span><\/td>\n<td style=\"width: 120.052%\"><span style=\"font-size: 14pt;font-family: book antiqua, palatino, serif\">M\u00fasica<\/span><\/td>\n<\/tr>\n<tr>\n<td style=\"width: 52.0157%\"><span style=\"font-size: 14pt;font-family: book antiqua, palatino, serif\">Mu\u00f1oz Gim\u00e9nez, Cristina&nbsp;<\/span><\/td>\n<td style=\"width: 120.052%\"><span style=\"font-size: 14pt;font-family: book antiqua, palatino, serif\">Cultura Cl\u00e1sica<\/span><\/td>\n<\/tr>\n<tr>\n<td style=\"width: 52.0157%\"><span style=\"font-size: 14pt;font-family: book antiqua, palatino, serif\">Regis Sansalonis, Pedro Jos\u00e9&nbsp;<\/span><\/td>\n<td style=\"width: 120.052%\"><span style=\"font-size: 14pt;font-family: book antiqua, palatino, serif\">Geograf\u00eda e Historia<\/span><\/td>\n<\/tr>\n<tr>\n<td style=\"width: 52.0157%\"><span style=\"font-size: 14pt;font-family: book antiqua, palatino, serif\">Rodr\u00edguez Garc\u00eda, Florencio Antonio&nbsp;<\/span><\/td>\n<td style=\"width: 120.052%\"><span style=\"font-size: 14pt;font-family: book antiqua, palatino, serif\">Filosof\u00eda<\/span><\/td>\n<\/tr>\n<tr>\n<td style=\"width: 52.0157%\"><span class=\"textLabel\" style=\"font-family: book antiqua, palatino, serif;font-size: 14pt\">Soto Lozano, David<\/span><\/td>\n<td style=\"width: 120.052%\"><span style=\"font-size: 14pt;font-family: book antiqua, palatino, serif\">Formaci\u00f3n, evaluaci\u00f3n e innovaci\u00f3n educativa<\/span><\/td>\n<\/tr>\n<tr>\n<td style=\"width: 52.0157%\"><span class=\"textLabel\" style=\"font-family: book antiqua, palatino, serif;font-size: 14pt\">S\u00e1nchez Peinado, Mar\u00eda del Carmen<\/span><\/td>\n<td style=\"width: 120.052%\"><span style=\"font-size: 14pt;font-family: book antiqua, palatino, serif\">Actividades extraescolares y complementarias<\/span><\/td>\n<\/tr>\n<\/tbody>\n<\/table>\n","protected":false},"excerpt":{"rendered":"<p>Jefatura del Departamento&nbsp; Departamento Alcal\u00e1 Navarrete, Ana&nbsp; Matem\u00e1ticas Aranda Moreno, Juan&nbsp; Educaci\u00f3n F\u00edsica y Deportiva Arenas L\u00f3pez, Concepci\u00f3n&nbsp; Dibujo y Artes Pl\u00e1sticas Bago Jim\u00e9nez, Carlos&nbsp; Religi\u00f3n Cabrera Gallardo, Mar\u00eda del Carmen&nbsp; Lengua Castellana y Literatura Peinado Lara, Francisco Manuel Tecnolog\u00eda Chica Lend\u00ednez, Julia&nbsp; Franc\u00e9s Espinosa Tello, Mar\u00eda Luc\u00eda&nbsp; Ingl\u00e9s G\u00f3mez Extremera, Manuel&nbsp; F\u00edsica y Qu\u00edmica [&hellip;]<\/p>\n","protected":false},"author":18468,"featured_media":0,"parent":0,"menu_order":0,"comment_status":"closed","ping_status":"closed","template":"","meta":{"_et_pb_use_builder":"","_et_pb_old_content":"","_et_gb_content_width":"","ngg_post_thumbnail":0,"footnotes":""},"aioseo_notices":[],"_links":{"self":[{"href":"https:\/\/blogsaverroes.juntadeandalucia.es\/sierrasur\/wp-json\/wp\/v2\/pages\/632"}],"collection":[{"href":"https:\/\/blogsaverroes.juntadeandalucia.es\/sierrasur\/wp-json\/wp\/v2\/pages"}],"about":[{"href":"https:\/\/blogsaverroes.juntadeandalucia.es\/sierrasur\/wp-json\/wp\/v2\/types\/page"}],"author":[{"embeddable":true,"href":"https:\/\/blogsaverroes.juntadeandalucia.es\/sierrasur\/wp-json\/wp\/v2\/users\/18468"}],"replies":[{"embeddable":true,"href":"https:\/\/blogsaverroes.juntadeandalucia.es\/sierrasur\/wp-json\/wp\/v2\/comments?post=632"}],"version-history":[{"count":9,"href":"https:\/\/blogsaverroes.juntadeandalucia.es\/sierrasur\/wp-json\/wp\/v2\/pages\/632\/revisions"}],"predecessor-version":[{"id":956,"href":"https:\/\/blogsaverroes.juntadeandalucia.es\/sierrasur\/wp-json\/wp\/v2\/pages\/632\/revisions\/956"}],"wp:attachment":[{"href":"https:\/\/blogsaverroes.juntadeandalucia.es\/sierrasur\/wp-json\/wp\/v2\/media?parent=632"}],"curies":[{"name":"wp","href":"https:\/\/api.w.org\/{rel}","templated":true}]}}