{"id":450,"date":"2020-11-12T21:48:16","date_gmt":"2020-11-12T21:48:16","guid":{"rendered":"http:\/\/blogsaverroes.juntadeandalucia.es\/sitiowebceipnuevanerja\/?page_id=450"},"modified":"2024-10-24T10:30:39","modified_gmt":"2024-10-24T10:30:39","slug":"datos-del-centro","status":"publish","type":"page","link":"https:\/\/blogsaverroes.juntadeandalucia.es\/sitiowebceipnuevanerja\/centro\/datos-del-centro\/","title":{"rendered":"Datos del Centro"},"content":{"rendered":"<h2 style=\"text-align: center\"><strong>DATOS&nbsp; DEL&nbsp; CEIP&nbsp; NUEVA&nbsp; NERJA<\/strong><\/h2>\n<p style=\"text-align: center\">Direcci\u00f3n: C\/ San Antonio, n\u00ba 2<\/p>\n<p style=\"text-align: center\">29780 &#8211; Nerja (M\u00e1laga)<\/p>\n<p style=\"text-align: center\">Tel\u00e9fono: 951 289 644<\/p>\n<p style=\"text-align: center\">M\u00f3vil: 670 947 986<\/p>\n<p>&nbsp;<\/p>\n<p><a href=\"https:\/\/blogsaverroes.juntadeandalucia.es\/sitiowebceipnuevanerja\/centro\/peticion-de-citas\/wdewd\/\" rel=\"attachment wp-att-1020\"><img loading=\"lazy\" decoding=\"async\" class=\"aligncenter size-large wp-image-1020\" src=\"https:\/\/blogsaverroes.juntadeandalucia.es\/sitiowebceipnuevanerja\/files\/2024\/10\/wdewd-1024x656.jpg\" alt=\"\" width=\"640\" height=\"410\" srcset=\"https:\/\/blogsaverroes.juntadeandalucia.es\/sitiowebceipnuevanerja\/files\/2024\/10\/wdewd-1024x656.jpg 1024w, https:\/\/blogsaverroes.juntadeandalucia.es\/sitiowebceipnuevanerja\/files\/2024\/10\/wdewd-300x192.jpg 300w, https:\/\/blogsaverroes.juntadeandalucia.es\/sitiowebceipnuevanerja\/files\/2024\/10\/wdewd-768x492.jpg 768w, https:\/\/blogsaverroes.juntadeandalucia.es\/sitiowebceipnuevanerja\/files\/2024\/10\/wdewd.jpg 1279w\" sizes=\"(max-width: 640px) 100vw, 640px\" \/><\/a><\/p>\n<p>&nbsp;<\/p>\n<p style=\"text-align: center\">&nbsp;<\/p>\n<p><iframe loading=\"lazy\" src=\"https:\/\/www.google.com\/maps\/embed?pb=!1m18!1m12!1m3!1d3196.7970564043117!2d-3.879460384711466!3d36.75144207995869!2m3!1f0!2f0!3f0!3m2!1i1024!2i768!4f13.1!3m3!1m2!1s0xd72251a90366433%3A0xf8abf618556b799e!2sNueva%20Nerja!5e0!3m2!1ses!2ses!4v1605651170604!5m2!1ses!2ses\" width=\"600\" height=\"450\" frameborder=\"0\"><\/iframe><\/p>\n","protected":false},"excerpt":{"rendered":"<p>DATOS&nbsp; DEL&nbsp; CEIP&nbsp; NUEVA&nbsp; NERJA Direcci\u00f3n: C\/ San Antonio, n\u00ba 2 29780 &#8211; Nerja (M\u00e1laga) Tel\u00e9fono: 951 289 644 M\u00f3vil: 670 947 986 &nbsp; &nbsp; &nbsp;<\/p>\n","protected":false},"author":2095,"featured_media":0,"parent":10,"menu_order":1,"comment_status":"closed","ping_status":"closed","template":"","meta":{"ngg_post_thumbnail":0,"footnotes":""},"aioseo_notices":[],"_links":{"self":[{"href":"https:\/\/blogsaverroes.juntadeandalucia.es\/sitiowebceipnuevanerja\/wp-json\/wp\/v2\/pages\/450"}],"collection":[{"href":"https:\/\/blogsaverroes.juntadeandalucia.es\/sitiowebceipnuevanerja\/wp-json\/wp\/v2\/pages"}],"about":[{"href":"https:\/\/blogsaverroes.juntadeandalucia.es\/sitiowebceipnuevanerja\/wp-json\/wp\/v2\/types\/page"}],"author":[{"embeddable":true,"href":"https:\/\/blogsaverroes.juntadeandalucia.es\/sitiowebceipnuevanerja\/wp-json\/wp\/v2\/users\/2095"}],"replies":[{"embeddable":true,"href":"https:\/\/blogsaverroes.juntadeandalucia.es\/sitiowebceipnuevanerja\/wp-json\/wp\/v2\/comments?post=450"}],"version-history":[{"count":5,"href":"https:\/\/blogsaverroes.juntadeandalucia.es\/sitiowebceipnuevanerja\/wp-json\/wp\/v2\/pages\/450\/revisions"}],"predecessor-version":[{"id":1022,"href":"https:\/\/blogsaverroes.juntadeandalucia.es\/sitiowebceipnuevanerja\/wp-json\/wp\/v2\/pages\/450\/revisions\/1022"}],"up":[{"embeddable":true,"href":"https:\/\/blogsaverroes.juntadeandalucia.es\/sitiowebceipnuevanerja\/wp-json\/wp\/v2\/pages\/10"}],"wp:attachment":[{"href":"https:\/\/blogsaverroes.juntadeandalucia.es\/sitiowebceipnuevanerja\/wp-json\/wp\/v2\/media?parent=450"}],"curies":[{"name":"wp","href":"https:\/\/api.w.org\/{rel}","templated":true}]}}

<h2 style="text-align: center"><strong>DATOS&nbsp; DEL&nbsp; CEIP&nbsp; NUEVA&nbsp; NERJA</strong></h2>
<p style="text-align: center">Dirección: C/ San Antonio, nº 2</p>
<p style="text-align: center">29780 &#8211; Nerja (Málaga)</p>
<p style="text-align: center">Teléfono: 951 289 644</p>
<p style="text-align: center">Móvil: 670 947 986</p>
<p>&nbsp;</p>
<p><a href="https://blogsaverroes.juntadeandalucia.es/sitiowebceipnuevanerja/centro/peticion-de-citas/wdewd/" rel="attachment wp-att-1020"><img loading="lazy" decoding="async" class="aligncenter size-large wp-image-1020" src="https://blogsaverroes.juntadeandalucia.es/sitiowebceipnuevanerja/files/2024/10/wdewd-1024x656.jpg" alt="" width="640" height="410" srcset="https://blogsaverroes.juntadeandalucia.es/sitiowebceipnuevanerja/files/2024/10/wdewd-1024x656.jpg 1024w, https://blogsaverroes.juntadeandalucia.es/sitiowebceipnuevanerja/files/2024/10/wdewd-300x192.jpg 300w, https://blogsaverroes.juntadeandalucia.es/sitiowebceipnuevanerja/files/2024/10/wdewd-768x492.jpg 768w, https://blogsaverroes.juntadeandalucia.es/sitiowebceipnuevanerja/files/2024/10/wdewd.jpg 1279w" sizes="(max-width: 640px) 100vw, 640px" /></a></p>
<p>&nbsp;</p>
<p style="text-align: center">&nbsp;</p>
<p><iframe loading="lazy" src="https://www.google.com/maps/embed?pb=!1m18!1m12!1m3!1d3196.7970564043117!2d-3.879460384711466!3d36.75144207995869!2m3!1f0!2f0!3f0!3m2!1i1024!2i768!4f13.1!3m3!1m2!1s0xd72251a90366433%3A0xf8abf618556b799e!2sNueva%20Nerja!5e0!3m2!1ses!2ses!4v1605651170604!5m2!1ses!2ses" width="600" height="450" frameborder="0"></iframe></p>

<p>DATOS&nbsp; DEL&nbsp; CEIP&nbsp; NUEVA&nbsp; NERJA Dirección: C/ San Antonio, nº 2 29780 &#8211; Nerja (Málaga) Teléfono: 951 289 644 Móvil: 670 947 986 &nbsp; &nbsp; &nbsp;</p>
