{"id":185,"date":"2023-03-27T19:33:15","date_gmt":"2023-03-27T19:33:15","guid":{"rendered":"https:\/\/blogsaverroes.juntadeandalucia.es\/solfeamos\/?page_id=185"},"modified":"2023-10-26T19:53:05","modified_gmt":"2023-10-26T19:53:05","slug":"4o-primaria-tema-1","status":"publish","type":"page","link":"https:\/\/blogsaverroes.juntadeandalucia.es\/solfeamos\/4o-primaria-tema-1\/","title":{"rendered":"4\u00ba PRIMARIA  TEMA 1  REGLAS DE LA GRAF\u00cdA MUSICAL"},"content":{"rendered":"<p style=\"text-align: center\"><strong><span style=\"color: #ff0000;font-size: 36pt\">PORTADAS<\/span><\/strong><\/p>\n<p>&nbsp;<\/p>\n<p style=\"text-align: center\"><span style=\"font-size: 24pt;color: #ff0000\">PARTITURA DE FLAUTA MAESTRA SONIA&#8230; NOTAS SI, LA, SOL, FA Y MI<\/span><\/p>\n<p>RECORDAMOS POSICIONES DE LAS NOTAS EN FLAUTA&#8230; mira en el apartado de flauta donde podr\u00e1s visualizar las posiciones antes de comenzar a estudiar.<\/p>\n<p>Aqu\u00ed tienes el video de la partitura que hemos trabajado en clase a un ritmo lento para empezar a practicar&#8230;<\/p>\n<p>&nbsp;<\/p>\n<div style=\"width: 1076px;\" class=\"wp-video\"><!--[if lt IE 9]><script>document.createElement('video');<\/script><![endif]-->\n<video class=\"wp-video-shortcode\" id=\"video-185-1\" width=\"1076\" height=\"486\" preload=\"metadata\" controls=\"controls\"><source type=\"video\/mp4\" src=\"https:\/\/blogsaverroes.juntadeandalucia.es\/solfeamos\/files\/2023\/10\/NOTAS-SILASOLFA-Y-MI-LENTO.mp4?_=1\" \/><a href=\"https:\/\/blogsaverroes.juntadeandalucia.es\/solfeamos\/files\/2023\/10\/NOTAS-SILASOLFA-Y-MI-LENTO.mp4\">https:\/\/blogsaverroes.juntadeandalucia.es\/solfeamos\/files\/2023\/10\/NOTAS-SILASOLFA-Y-MI-LENTO.mp4<\/a><\/video><\/div>\n<p>&nbsp;<\/p>\n<p>Aqu\u00ed tienes el video de la partitura a un ritmo m\u00e1s r\u00e1pido.<\/p>\n<p>&nbsp;<\/p>\n<div style=\"width: 1102px;\" class=\"wp-video\"><video class=\"wp-video-shortcode\" id=\"video-185-2\" width=\"1102\" height=\"484\" preload=\"metadata\" controls=\"controls\"><source type=\"video\/mp4\" src=\"https:\/\/blogsaverroes.juntadeandalucia.es\/solfeamos\/files\/2023\/10\/NOTAS-SI-LA-SOL-FA-Y-MI-NORMAL.mp4?_=2\" \/><a href=\"https:\/\/blogsaverroes.juntadeandalucia.es\/solfeamos\/files\/2023\/10\/NOTAS-SI-LA-SOL-FA-Y-MI-NORMAL.mp4\">https:\/\/blogsaverroes.juntadeandalucia.es\/solfeamos\/files\/2023\/10\/NOTAS-SI-LA-SOL-FA-Y-MI-NORMAL.mp4<\/a><\/video><\/div>\n","protected":false},"excerpt":{"rendered":"<p>PORTADAS &nbsp; PARTITURA DE FLAUTA MAESTRA SONIA&#8230; NOTAS SI, LA, SOL, FA Y MI RECORDAMOS POSICIONES DE LAS NOTAS EN FLAUTA&#8230; mira en el apartado de flauta donde podr\u00e1s visualizar las posiciones antes de&#46;&#46;&#46;<\/p>\n","protected":false},"author":16968,"featured_media":0,"parent":0,"menu_order":0,"comment_status":"closed","ping_status":"closed","template":"","meta":{"ngg_post_thumbnail":0,"footnotes":""},"aioseo_notices":[],"_links":{"self":[{"href":"https:\/\/blogsaverroes.juntadeandalucia.es\/solfeamos\/wp-json\/wp\/v2\/pages\/185"}],"collection":[{"href":"https:\/\/blogsaverroes.juntadeandalucia.es\/solfeamos\/wp-json\/wp\/v2\/pages"}],"about":[{"href":"https:\/\/blogsaverroes.juntadeandalucia.es\/solfeamos\/wp-json\/wp\/v2\/types\/page"}],"author":[{"embeddable":true,"href":"https:\/\/blogsaverroes.juntadeandalucia.es\/solfeamos\/wp-json\/wp\/v2\/users\/16968"}],"replies":[{"embeddable":true,"href":"https:\/\/blogsaverroes.juntadeandalucia.es\/solfeamos\/wp-json\/wp\/v2\/comments?post=185"}],"version-history":[{"count":7,"href":"https:\/\/blogsaverroes.juntadeandalucia.es\/solfeamos\/wp-json\/wp\/v2\/pages\/185\/revisions"}],"predecessor-version":[{"id":387,"href":"https:\/\/blogsaverroes.juntadeandalucia.es\/solfeamos\/wp-json\/wp\/v2\/pages\/185\/revisions\/387"}],"wp:attachment":[{"href":"https:\/\/blogsaverroes.juntadeandalucia.es\/solfeamos\/wp-json\/wp\/v2\/media?parent=185"}],"curies":[{"name":"wp","href":"https:\/\/api.w.org\/{rel}","templated":true}]}}