{"id":191,"date":"2023-03-27T19:33:51","date_gmt":"2023-03-27T19:33:51","guid":{"rendered":"https:\/\/blogsaverroes.juntadeandalucia.es\/solfeamos\/?page_id=191"},"modified":"2024-04-25T15:35:28","modified_gmt":"2024-04-25T15:35:28","slug":"4o-primaria-tema-3","status":"publish","type":"page","link":"https:\/\/blogsaverroes.juntadeandalucia.es\/solfeamos\/4o-primaria-tema-3\/","title":{"rendered":"4\u00ba PRIMARIA  TEMA 3 El ritmo: latido de la m\u00fasica."},"content":{"rendered":"<p style=\"text-align: center\"><span style=\"font-size: 36pt;color: #ff0000\"><strong>PORTADAS<\/strong><\/span><\/p>\n<p><a href=\"https:\/\/blogsaverroes.juntadeandalucia.es\/solfeamos\/files\/2024\/04\/1714059179514-scaled.jpg\"><img loading=\"lazy\" decoding=\"async\" class=\"alignnone  wp-image-458\" src=\"https:\/\/blogsaverroes.juntadeandalucia.es\/solfeamos\/files\/2024\/04\/1714059179514-293x300.jpg\" alt=\"\" width=\"310\" height=\"317\" srcset=\"https:\/\/blogsaverroes.juntadeandalucia.es\/solfeamos\/files\/2024\/04\/1714059179514-293x300.jpg 293w, https:\/\/blogsaverroes.juntadeandalucia.es\/solfeamos\/files\/2024\/04\/1714059179514-999x1024.jpg 999w, https:\/\/blogsaverroes.juntadeandalucia.es\/solfeamos\/files\/2024\/04\/1714059179514-768x787.jpg 768w, https:\/\/blogsaverroes.juntadeandalucia.es\/solfeamos\/files\/2024\/04\/1714059179514-1498x1536.jpg 1498w, https:\/\/blogsaverroes.juntadeandalucia.es\/solfeamos\/files\/2024\/04\/1714059179514-1997x2048.jpg 1997w\" sizes=\"(max-width: 310px) 100vw, 310px\" \/><\/a> <a href=\"https:\/\/blogsaverroes.juntadeandalucia.es\/solfeamos\/files\/2024\/04\/1714059179507-scaled.jpg\"><img loading=\"lazy\" decoding=\"async\" class=\"alignnone  wp-image-459\" src=\"https:\/\/blogsaverroes.juntadeandalucia.es\/solfeamos\/files\/2024\/04\/1714059179507-225x300.jpg\" alt=\"\" width=\"248\" height=\"331\" srcset=\"https:\/\/blogsaverroes.juntadeandalucia.es\/solfeamos\/files\/2024\/04\/1714059179507-225x300.jpg 225w, https:\/\/blogsaverroes.juntadeandalucia.es\/solfeamos\/files\/2024\/04\/1714059179507-768x1024.jpg 768w, https:\/\/blogsaverroes.juntadeandalucia.es\/solfeamos\/files\/2024\/04\/1714059179507-1152x1536.jpg 1152w, https:\/\/blogsaverroes.juntadeandalucia.es\/solfeamos\/files\/2024\/04\/1714059179507-1536x2048.jpg 1536w, https:\/\/blogsaverroes.juntadeandalucia.es\/solfeamos\/files\/2024\/04\/1714059179507-scaled.jpg 1920w\" sizes=\"(max-width: 248px) 100vw, 248px\" \/><\/a> <a href=\"https:\/\/blogsaverroes.juntadeandalucia.es\/solfeamos\/files\/2024\/04\/1714059179500-scaled.jpg\"><img loading=\"lazy\" decoding=\"async\" class=\"alignnone  wp-image-460\" src=\"https:\/\/blogsaverroes.juntadeandalucia.es\/solfeamos\/files\/2024\/04\/1714059179500-225x300.jpg\" alt=\"\" width=\"248\" height=\"331\" srcset=\"https:\/\/blogsaverroes.juntadeandalucia.es\/solfeamos\/files\/2024\/04\/1714059179500-225x300.jpg 225w, https:\/\/blogsaverroes.juntadeandalucia.es\/solfeamos\/files\/2024\/04\/1714059179500-768x1024.jpg 768w, https:\/\/blogsaverroes.juntadeandalucia.es\/solfeamos\/files\/2024\/04\/1714059179500-1152x1536.jpg 1152w, https:\/\/blogsaverroes.juntadeandalucia.es\/solfeamos\/files\/2024\/04\/1714059179500-1536x2048.jpg 1536w, https:\/\/blogsaverroes.juntadeandalucia.es\/solfeamos\/files\/2024\/04\/1714059179500-scaled.jpg 1920w\" sizes=\"(max-width: 248px) 100vw, 248px\" \/><\/a><\/p>\n<p>&nbsp;<\/p>\n<blockquote><p><em style=\"color: #000080\"><strong><span style=\"font-size: 24pt\">copia en tu cuaderno<\/span><\/strong><\/em><\/p>\n<p><span style=\"color: #000080\"><em><strong><span style=\"font-size: 24pt\">TEOR\u00cdA:&nbsp;<\/span><\/strong><\/em><\/span><\/p><\/blockquote>\n<p><span style=\"font-size: 18pt\">El ritmo es un movimiento controlado, medido, sonoro que se repite en un determinado intervalo de tiempo. es la forma en que la m\u00fasica se divide en pulsos que se repiten dentro de un comp\u00e1s. adem\u00e1s, es natural y se basa en las relaciones de intensidad y duraci\u00f3n de los sonidos.<\/span><\/p>\n<blockquote><p><span style=\"font-size: 18pt\">Es importante conocer las <strong><span style=\"color: #ff6600\"><em>s\u00edlabas r\u00edtmicas<\/em><\/span><\/strong> para practicar los ritmos, afianzarlos para luego realizar ejercicios m\u00e1s complicados tanto individualmente como en grupo.<\/span><\/p>\n<p style=\"text-align: center\"><span style=\"font-size: 18pt\"><strong><span style=\"color: #ff6600\"><em>s\u00edlabas r\u00edtmicas M\u00c9TODO KODALY<\/em><\/span><\/strong><\/span><\/p>\n<p><iframe loading=\"lazy\" src=\"https:\/\/drive.google.com\/file\/d\/1mnsHQeIR99eT0lVME_0LajY8Zu46FkTW\/preview\" width=\"640\" height=\"480\"><\/iframe><br \/>\n&nbsp;<\/p>\n<ul>\n<li>Esta ficha es para que t\u00fa coloques las s\u00edlabas r\u00edtmicas.<iframe loading=\"lazy\" src=\"https:\/\/drive.google.com\/file\/d\/1g_w1gox2MY5Ii90V9hF86Ouji9s4-9TZ\/preview\" width=\"640\" height=\"480\"><\/iframe><br \/>\n&nbsp;<\/li>\n<\/ul>\n<\/blockquote>\n<p>Tambi\u00e9n practicamos ritmo con las palabras y si a cada una de ellas le damos un ritmo, trabajamos lo que se dice en m\u00fasica: PROSODIA RITMICA (poner ritmo a las palabras).<\/p>\n<p>&nbsp;EJEMPLO:&nbsp;<br \/>\n<iframe loading=\"lazy\" src=\"https:\/\/drive.google.com\/file\/d\/1Dzt5YkMZDD5teAVDx5AKPjcYe2nQUnqm\/preview\" width=\"640\" height=\"480\"><\/iframe><br \/>\n&nbsp;<\/p>\n<p><em><strong><span style=\"color: #808000;font-size: 18pt\">Practicamos con otro ejercicio&#8230;<\/span><\/strong><\/em><\/p>\n<p><a href=\"https:\/\/www.youtube.com\/watch?v=xm7s4u02Fnc\">https:\/\/www.youtube.com\/watch?v=xm7s4u02Fnc<\/a><\/p>\n<p style=\"text-align: center\"><span style=\"font-size: 18pt;color: #000080\">POLIRRITMIA&#8230; \u00bfQU\u00c9 ES?<\/span><\/p>\n<p>&nbsp;<\/p>\n<p style=\"text-align: center\"><span style=\"font-size: 14pt\"><strong>PRACTICAMOS CON UN EJEMPLO<\/strong><\/span><\/p>\n<p>&nbsp;<iframe loading=\"lazy\" src=\"https:\/\/drive.google.com\/file\/d\/1N0EYT0hw18D4So7lmS-zpinN2fryPiVC\/preview\" width=\"640\" height=\"480\"><\/iframe><\/p>\n<p><a href=\"https:\/\/www.youtube.com\/watch?v=xvyVpp3oNes\">https:\/\/www.youtube.com\/watch?v=xvyVpp3oNes<\/a><\/p>\n","protected":false},"excerpt":{"rendered":"<p>PORTADAS &nbsp; copia en tu cuaderno TEOR\u00cdA:&nbsp; El ritmo es un movimiento controlado, medido, sonoro que se repite en un determinado intervalo de tiempo. es la forma en que la m\u00fasica se divide en&#46;&#46;&#46;<\/p>\n","protected":false},"author":16968,"featured_media":0,"parent":0,"menu_order":0,"comment_status":"closed","ping_status":"closed","template":"","meta":{"ngg_post_thumbnail":0,"footnotes":""},"aioseo_notices":[],"_links":{"self":[{"href":"https:\/\/blogsaverroes.juntadeandalucia.es\/solfeamos\/wp-json\/wp\/v2\/pages\/191"}],"collection":[{"href":"https:\/\/blogsaverroes.juntadeandalucia.es\/solfeamos\/wp-json\/wp\/v2\/pages"}],"about":[{"href":"https:\/\/blogsaverroes.juntadeandalucia.es\/solfeamos\/wp-json\/wp\/v2\/types\/page"}],"author":[{"embeddable":true,"href":"https:\/\/blogsaverroes.juntadeandalucia.es\/solfeamos\/wp-json\/wp\/v2\/users\/16968"}],"replies":[{"embeddable":true,"href":"https:\/\/blogsaverroes.juntadeandalucia.es\/solfeamos\/wp-json\/wp\/v2\/comments?post=191"}],"version-history":[{"count":7,"href":"https:\/\/blogsaverroes.juntadeandalucia.es\/solfeamos\/wp-json\/wp\/v2\/pages\/191\/revisions"}],"predecessor-version":[{"id":461,"href":"https:\/\/blogsaverroes.juntadeandalucia.es\/solfeamos\/wp-json\/wp\/v2\/pages\/191\/revisions\/461"}],"wp:attachment":[{"href":"https:\/\/blogsaverroes.juntadeandalucia.es\/solfeamos\/wp-json\/wp\/v2\/media?parent=191"}],"curies":[{"name":"wp","href":"https:\/\/api.w.org\/{rel}","templated":true}]}}