{"id":197,"date":"2023-03-27T19:34:29","date_gmt":"2023-03-27T19:34:29","guid":{"rendered":"https:\/\/blogsaverroes.juntadeandalucia.es\/solfeamos\/?page_id=197"},"modified":"2023-05-16T17:49:46","modified_gmt":"2023-05-16T17:49:46","slug":"4o-primaria-tema-5","status":"publish","type":"page","link":"https:\/\/blogsaverroes.juntadeandalucia.es\/solfeamos\/4o-primaria-tema-5\/","title":{"rendered":"4\u00ba PRIMARIA  TEMA 5: YO SOY COMPOSITOR\/A. La Nota Do agudo"},"content":{"rendered":"<p>BUENOS D\u00cdAS ALUMN@S:&nbsp; aqu\u00ed os presento una canci\u00f3n popular para trabajar con flauta una nueva nota: DO AGUDO y repasar las notas que ya hemos trabajado, sol, la, fa, mi&#8230;<\/p>\n<p>Os dejo unos videos de la misma canci\u00f3n para que os ayuden a practicar la lecci\u00f3n.<\/p>\n<p><a href=\"https:\/\/blogsaverroes.juntadeandalucia.es\/solfeamos\/files\/2023\/05\/FLAUTA-Rat\u00f3n-que-te-pilla-el-gat.mov\">FLAUTA Rat\u00f3n, que te pilla el gato<\/a><\/p>\n<p><a href=\"https:\/\/view.genial.ly\/5e81c488a8bed70dadfec28e\/presentation-raton-que-te-pilla-el-gato-flauta\">https:\/\/view.genial.ly\/5e81c488a8bed70dadfec28e\/presentation-raton-que-te-pilla-el-gato-flauta<\/a><\/p>\n<p style=\"text-align: center\"><span style=\"color: #ff0000\"><strong>video con ayuda de la digitaci\u00f3n.<\/strong><\/span><\/p>\n<p><a href=\"https:\/\/www.youtube.com\/watch?v=3vX-EylAFKA\">https:\/\/www.youtube.com\/watch?v=3vX-EylAFKA<\/a><\/p>\n<p>&nbsp;<\/p>\n","protected":false},"excerpt":{"rendered":"<p>BUENOS D\u00cdAS ALUMN@S:&nbsp; aqu\u00ed os presento una canci\u00f3n popular para trabajar con flauta una nueva nota: DO AGUDO y repasar las notas que ya hemos trabajado, sol, la, fa, mi&#8230; Os dejo unos videos&#46;&#46;&#46;<\/p>\n","protected":false},"author":16968,"featured_media":0,"parent":0,"menu_order":0,"comment_status":"closed","ping_status":"closed","template":"","meta":{"ngg_post_thumbnail":0,"footnotes":""},"aioseo_notices":[],"_links":{"self":[{"href":"https:\/\/blogsaverroes.juntadeandalucia.es\/solfeamos\/wp-json\/wp\/v2\/pages\/197"}],"collection":[{"href":"https:\/\/blogsaverroes.juntadeandalucia.es\/solfeamos\/wp-json\/wp\/v2\/pages"}],"about":[{"href":"https:\/\/blogsaverroes.juntadeandalucia.es\/solfeamos\/wp-json\/wp\/v2\/types\/page"}],"author":[{"embeddable":true,"href":"https:\/\/blogsaverroes.juntadeandalucia.es\/solfeamos\/wp-json\/wp\/v2\/users\/16968"}],"replies":[{"embeddable":true,"href":"https:\/\/blogsaverroes.juntadeandalucia.es\/solfeamos\/wp-json\/wp\/v2\/comments?post=197"}],"version-history":[{"count":7,"href":"https:\/\/blogsaverroes.juntadeandalucia.es\/solfeamos\/wp-json\/wp\/v2\/pages\/197\/revisions"}],"predecessor-version":[{"id":299,"href":"https:\/\/blogsaverroes.juntadeandalucia.es\/solfeamos\/wp-json\/wp\/v2\/pages\/197\/revisions\/299"}],"wp:attachment":[{"href":"https:\/\/blogsaverroes.juntadeandalucia.es\/solfeamos\/wp-json\/wp\/v2\/media?parent=197"}],"curies":[{"name":"wp","href":"https:\/\/api.w.org\/{rel}","templated":true}]}}