{"id":64,"date":"2020-01-16T12:38:22","date_gmt":"2020-01-16T11:38:22","guid":{"rendered":"https:\/\/blogsaverroes.juntadeandalucia.es\/soportedelegacionmalaga\/?page_id=64"},"modified":"2023-11-17T10:54:05","modified_gmt":"2023-11-17T09:54:05","slug":"directorio-telefonico","status":"publish","type":"page","link":"https:\/\/blogsaverroes.juntadeandalucia.es\/soportedelegacionmalaga\/directorio-telefonico\/","title":{"rendered":"Directorio telef\u00f3nico"},"content":{"rendered":"<pre class=\"moz-signature\">En el siguiente enlace podr\u00e1 descargar el Directorio Telef\u00f3nico de la<\/pre>\n<h2 class=\"qrShPb pXs6bb PZPZlf gbVAKd q8U8x aTI8gc\" data-dtype=\"d3ifr\" data-local-attribute=\"d3bn\" data-attrid=\"title\" data-ved=\"2ahUKEwix-5Dw4MqCAxXyfKQEHR6PB4gQ3B0oAHoECBQQAQ\"><a href=\"http:\/\/10.195.3.40\/usuario\/crearpdf.php\">Delegaci\u00f3n Territorial de Desarrollo Educativo y Formaci\u00f3n Profesional En M\u00e1laga<\/a><\/h2>\n","protected":false},"excerpt":{"rendered":"<p>En el siguiente enlace podr\u00e1 descargar el Directorio Telef\u00f3nico de la Delegaci\u00f3n Territorial de Desarrollo Educativo y Formaci\u00f3n Profesional En M\u00e1laga<\/p>\n","protected":false},"author":8239,"featured_media":0,"parent":0,"menu_order":0,"comment_status":"closed","ping_status":"closed","template":"","meta":{"ngg_post_thumbnail":0,"footnotes":""},"aioseo_notices":[],"_links":{"self":[{"href":"https:\/\/blogsaverroes.juntadeandalucia.es\/soportedelegacionmalaga\/wp-json\/wp\/v2\/pages\/64"}],"collection":[{"href":"https:\/\/blogsaverroes.juntadeandalucia.es\/soportedelegacionmalaga\/wp-json\/wp\/v2\/pages"}],"about":[{"href":"https:\/\/blogsaverroes.juntadeandalucia.es\/soportedelegacionmalaga\/wp-json\/wp\/v2\/types\/page"}],"author":[{"embeddable":true,"href":"https:\/\/blogsaverroes.juntadeandalucia.es\/soportedelegacionmalaga\/wp-json\/wp\/v2\/users\/8239"}],"replies":[{"embeddable":true,"href":"https:\/\/blogsaverroes.juntadeandalucia.es\/soportedelegacionmalaga\/wp-json\/wp\/v2\/comments?post=64"}],"version-history":[{"count":23,"href":"https:\/\/blogsaverroes.juntadeandalucia.es\/soportedelegacionmalaga\/wp-json\/wp\/v2\/pages\/64\/revisions"}],"predecessor-version":[{"id":270,"href":"https:\/\/blogsaverroes.juntadeandalucia.es\/soportedelegacionmalaga\/wp-json\/wp\/v2\/pages\/64\/revisions\/270"}],"wp:attachment":[{"href":"https:\/\/blogsaverroes.juntadeandalucia.es\/soportedelegacionmalaga\/wp-json\/wp\/v2\/media?parent=64"}],"curies":[{"name":"wp","href":"https:\/\/api.w.org\/{rel}","templated":true}]}}

Directorio telefónico

<pre class="moz-signature">En el siguiente enlace podrá descargar el Directorio Telefónico de la</pre>
<h2 class="qrShPb pXs6bb PZPZlf gbVAKd q8U8x aTI8gc" data-dtype="d3ifr" data-local-attribute="d3bn" data-attrid="title" data-ved="2ahUKEwix-5Dw4MqCAxXyfKQEHR6PB4gQ3B0oAHoECBQQAQ"><a href="http://10.195.3.40/usuario/crearpdf.php">Delegación Territorial de Desarrollo Educativo y Formación Profesional En Málaga</a></h2>

<p>En el siguiente enlace podrá descargar el Directorio Telefónico de la Delegación Territorial de Desarrollo Educativo y Formación Profesional En Málaga</p>
