{"id":15,"date":"2023-05-04T11:16:25","date_gmt":"2023-05-04T11:16:25","guid":{"rendered":"https:\/\/blogsaverroes.juntadeandalucia.es\/sotodesenreda\/?page_id=15"},"modified":"2023-05-04T11:30:09","modified_gmt":"2023-05-04T11:30:09","slug":"prensa","status":"publish","type":"page","link":"https:\/\/blogsaverroes.juntadeandalucia.es\/sotodesenreda\/prensa\/","title":{"rendered":"Prensa"},"content":{"rendered":"<p>Aqu\u00ed aparecer\u00e1n los enlaces a los trabajos realizados por los alumnos sobre prensa.<\/p>\n<p><a href=\"https:\/\/blogsaverroes.juntadeandalucia.es\/sotodesenreda\/files\/2023\/05\/Peri\u00f3dico-deportivo.pdf\" target=\"_blank\" rel=\"noopener noreferrer\">Enlace a peri\u00f3dico deportivo<\/a><\/p>\n<p><a href=\"https:\/\/blogsaverroes.juntadeandalucia.es\/sotodesenreda\/files\/2023\/05\/Peri\u00f3dico-local.pdf\" target=\"_blank\" rel=\"noopener noreferrer\">Enlace a peri\u00f3dico local<\/a><\/p>\n","protected":false},"excerpt":{"rendered":"<p>Aqu\u00ed aparecer\u00e1n los enlaces a los trabajos realizados por los alumnos sobre prensa. Enlace a peri\u00f3dico deportivo Enlace a peri\u00f3dico local<\/p>\n","protected":false},"author":13747,"featured_media":0,"parent":0,"menu_order":0,"comment_status":"closed","ping_status":"closed","template":"","meta":{"ngg_post_thumbnail":0,"footnotes":""},"aioseo_notices":[],"_links":{"self":[{"href":"https:\/\/blogsaverroes.juntadeandalucia.es\/sotodesenreda\/wp-json\/wp\/v2\/pages\/15"}],"collection":[{"href":"https:\/\/blogsaverroes.juntadeandalucia.es\/sotodesenreda\/wp-json\/wp\/v2\/pages"}],"about":[{"href":"https:\/\/blogsaverroes.juntadeandalucia.es\/sotodesenreda\/wp-json\/wp\/v2\/types\/page"}],"author":[{"embeddable":true,"href":"https:\/\/blogsaverroes.juntadeandalucia.es\/sotodesenreda\/wp-json\/wp\/v2\/users\/13747"}],"replies":[{"embeddable":true,"href":"https:\/\/blogsaverroes.juntadeandalucia.es\/sotodesenreda\/wp-json\/wp\/v2\/comments?post=15"}],"version-history":[{"count":3,"href":"https:\/\/blogsaverroes.juntadeandalucia.es\/sotodesenreda\/wp-json\/wp\/v2\/pages\/15\/revisions"}],"predecessor-version":[{"id":28,"href":"https:\/\/blogsaverroes.juntadeandalucia.es\/sotodesenreda\/wp-json\/wp\/v2\/pages\/15\/revisions\/28"}],"wp:attachment":[{"href":"https:\/\/blogsaverroes.juntadeandalucia.es\/sotodesenreda\/wp-json\/wp\/v2\/media?parent=15"}],"curies":[{"name":"wp","href":"https:\/\/api.w.org\/{rel}","templated":true}]}}