{"id":394,"date":"2022-05-06T10:43:33","date_gmt":"2022-05-06T10:43:33","guid":{"rendered":"https:\/\/blogsaverroes.juntadeandalucia.es\/steamaeroespacialryc\/?page_id=394"},"modified":"2022-05-06T15:02:14","modified_gmt":"2022-05-06T15:02:14","slug":"electrolisis-del-agua","status":"publish","type":"page","link":"https:\/\/blogsaverroes.juntadeandalucia.es\/steamaeroespacialryc\/electrolisis-del-agua\/","title":{"rendered":"Electr\u00f3lisis del Agua"},"content":{"rendered":"<!--themify_builder_content-->\n<div id=\"themify_builder_content-394\" data-postid=\"394\" class=\"themify_builder_content themify_builder_content-394 themify_builder tf_clear\">\n                    <div  data-lazy=\"1\" class=\"module_row themify_builder_row tb_f06f564 tb_first tf_w\">\n                        <div class=\"row_inner col_align_middle tb_col_count_2 tf_box tf_rel\">\n                        <div  data-lazy=\"1\" class=\"module_column tb-column col4-2 tb_ptv0567 first\">\n                    <!-- module text -->\n<div  class=\"module module-text tb_opw0568   \" data-lazy=\"1\">\n        <div  class=\"tb_text_wrap\">\n        <h2><span style=\"font-size: 14pt;\">Electr\u00f3lisis del agua<\/span><\/h2>    <\/div>\n<\/div>\n<!-- \/module text --><!-- module text -->\n<div  class=\"module module-text tb_zb4j569   \" data-lazy=\"1\">\n        <div  class=\"tb_text_wrap\">\n        <p>\u00a0<\/p>\n<p>Los alumnos y alumnas de 2\u00ba de Bachillerato de Ciencias, realizaron en su clase de Qu\u00edmica con su profesora Cristina Baena Luna, la experiencia de la electr\u00f3lisis del agua.<\/p>\n<p>Esta experiencia est\u00e1 incluida en el recurso de <a href=\"https:\/\/esero.es\/recurso\/aprovecha-la-energia-del-agua\/\" target=\"_blank\" rel=\"noopener\">ESERO<\/a>: <strong><span style=\"color: #ff0000;\">Aprovecha la energ\u00eda del agua<\/span><\/strong><\/p>\n<p>\u00a0<\/p>    <\/div>\n<\/div>\n<!-- \/module text --><!-- module box -->\n<div  class=\"module module-box tb_mosn789 \" data-lazy=\"1\">\n    <div class=\"module-box-content ui rounded embossed shadow gray\">\n                <div class=\"tb_text_wrap\"><p style=\"text-align: left;\">La electr\u00f3lisis usa electricidad para provocar reacciones qu\u00edmicas que no ocurrir\u00edan de forma espont\u00e1nea. En esta actividad el alumnado construy\u00f3 un electrolizador: un instrumento que introduce una corriente el\u00e9ctrica en un l\u00edquido usando dos electrodos. Usar\u00e1n el dispositivo para la electr\u00f3lisis del agua y para descubrir que se puede descomponer el agua en sus elementos constitutivos: ox\u00edgeno e hidr\u00f3geno.<\/p><\/div>\n    <\/div>\n<\/div>\n<!-- \/module box -->\n        <\/div>\n                    <div  data-lazy=\"1\" class=\"module_column tb-column col4-2 tb_oh4o572 last\">\n                    <!-- module image -->\n<div  class=\"module module-image tb_ylzq573 image-top   tf_mw\" data-lazy=\"1\">\n        <div class=\"image-wrap tf_rel tf_mw\">\n            <a href=\"https:\/\/flic.kr\/s\/aHBqjzNAqK\" rel=\"noopener\" target=\"_blank\">\n                                   <span class=\"zoom\">\n                <svg  aria-label=\"Open\" class=\"tf_fa tf-ti-new-window\" role=\"img\"><use href=\"#tf-ti-new-window\"><\/use><\/svg>            <\/span>\n                    <img loading=\"lazy\" decoding=\"async\" src=\"https:\/\/blogsaverroes.juntadeandalucia.es\/steamaeroespacialryc\/files\/2022\/05\/wp-1651848328629-scaled-500x500.jpg\" width=\"500\" height=\"500\" class=\"wp-post-image wp-image-396\" title=\"wp-1651848328629.jpg\" alt=\"wp-1651848328629.jpg\" srcset=\"https:\/\/blogsaverroes.juntadeandalucia.es\/steamaeroespacialryc\/files\/2022\/05\/wp-1651848328629-scaled-500x500.jpg 500w, https:\/\/blogsaverroes.juntadeandalucia.es\/steamaeroespacialryc\/files\/2022\/05\/wp-1651848328629-300x300.jpg 300w, https:\/\/blogsaverroes.juntadeandalucia.es\/steamaeroespacialryc\/files\/2022\/05\/wp-1651848328629-1024x1024.jpg 1024w, https:\/\/blogsaverroes.juntadeandalucia.es\/steamaeroespacialryc\/files\/2022\/05\/wp-1651848328629-150x150.jpg 150w, https:\/\/blogsaverroes.juntadeandalucia.es\/steamaeroespacialryc\/files\/2022\/05\/wp-1651848328629-768x768.jpg 768w, https:\/\/blogsaverroes.juntadeandalucia.es\/steamaeroespacialryc\/files\/2022\/05\/wp-1651848328629-1536x1536.jpg 1536w, https:\/\/blogsaverroes.juntadeandalucia.es\/steamaeroespacialryc\/files\/2022\/05\/wp-1651848328629-2048x2048.jpg 2048w, https:\/\/blogsaverroes.juntadeandalucia.es\/steamaeroespacialryc\/files\/2022\/05\/wp-1651848328629-scaled-360x360.jpg 360w\" sizes=\"(max-width: 500px) 100vw, 500px\" \/>        <\/a>\n    \n        <\/div>\n    <!-- \/image-wrap -->\n    \n        <\/div>\n<!-- \/module image -->        <\/div>\n                        <\/div>\n        <\/div>\n        <\/div>\n<!--\/themify_builder_content-->","protected":false},"excerpt":{"rendered":"<p>Electr\u00f3lisis del agua \u00a0 Los alumnos y alumnas de 2\u00ba de Bachillerato de Ciencias, realizaron en su clase de Qu\u00edmica con su profesora Cristina Baena Luna, la experiencia de la electr\u00f3lisis del agua. Esta experiencia est\u00e1 incluida en el recurso de ESERO: Aprovecha la energ\u00eda del agua \u00a0 La electr\u00f3lisis usa electricidad para provocar reacciones [&hellip;]<\/p>\n","protected":false},"author":2391,"featured_media":0,"parent":0,"menu_order":0,"comment_status":"closed","ping_status":"closed","template":"","meta":{"ngg_post_thumbnail":0,"footnotes":""},"aioseo_notices":[],"_links":{"self":[{"href":"https:\/\/blogsaverroes.juntadeandalucia.es\/steamaeroespacialryc\/wp-json\/wp\/v2\/pages\/394"}],"collection":[{"href":"https:\/\/blogsaverroes.juntadeandalucia.es\/steamaeroespacialryc\/wp-json\/wp\/v2\/pages"}],"about":[{"href":"https:\/\/blogsaverroes.juntadeandalucia.es\/steamaeroespacialryc\/wp-json\/wp\/v2\/types\/page"}],"author":[{"embeddable":true,"href":"https:\/\/blogsaverroes.juntadeandalucia.es\/steamaeroespacialryc\/wp-json\/wp\/v2\/users\/2391"}],"replies":[{"embeddable":true,"href":"https:\/\/blogsaverroes.juntadeandalucia.es\/steamaeroespacialryc\/wp-json\/wp\/v2\/comments?post=394"}],"version-history":[{"count":4,"href":"https:\/\/blogsaverroes.juntadeandalucia.es\/steamaeroespacialryc\/wp-json\/wp\/v2\/pages\/394\/revisions"}],"predecessor-version":[{"id":404,"href":"https:\/\/blogsaverroes.juntadeandalucia.es\/steamaeroespacialryc\/wp-json\/wp\/v2\/pages\/394\/revisions\/404"}],"wp:attachment":[{"href":"https:\/\/blogsaverroes.juntadeandalucia.es\/steamaeroespacialryc\/wp-json\/wp\/v2\/media?parent=394"}],"curies":[{"name":"wp","href":"https:\/\/api.w.org\/{rel}","templated":true}]}}