{"id":2,"date":"2023-03-29T06:31:46","date_gmt":"2023-03-29T06:31:46","guid":{"rendered":"https:\/\/blogsaverroes.juntadeandalucia.es\/steamieshipatia\/?page_id=2"},"modified":"2023-04-06T18:56:14","modified_gmt":"2023-04-06T17:56:14","slug":"pagina-ejemplo","status":"publish","type":"page","link":"https:\/\/blogsaverroes.juntadeandalucia.es\/steamieshipatia\/pagina-ejemplo\/","title":{"rendered":"EL PROYECTO"},"content":{"rendered":"<p style=\"text-align: justify\"><span style=\"font-weight: 400\">El IES Hipatia lleva a cabo diferentes programas educativos dentro de su plan de centro, los cuales se encuentran interrelacionados, teniendo como eje com\u00fan el programa Aldea en el curso 2022\/2023.<\/span><\/p>\n<p style=\"text-align: justify\"><span style=\"font-weight: 400\">De esta forma los programas STEAM enmarcados dentro del plan de centro disponen de actuaciones transversales en torno a la tem\u00e1tica de la contaminaci\u00f3n y la lucha contra el cambio clim\u00e1tico, utilizando como herramientas principales el pensamiento computacional, la programaci\u00f3n y la rob\u00f3tica espacial.<\/span><\/p>\n<p><img loading=\"lazy\" decoding=\"async\" class=\"aligncenter wp-image-240\" src=\"https:\/\/blogsaverroes.juntadeandalucia.es\/steamieshipatia\/files\/2023\/04\/Captura-de-pantalla-2023-04-06-a-las-19.53.56-300x300.png\" alt=\"\" width=\"400\" height=\"398\" srcset=\"https:\/\/blogsaverroes.juntadeandalucia.es\/steamieshipatia\/files\/2023\/04\/Captura-de-pantalla-2023-04-06-a-las-19.53.56-300x300.png 300w, https:\/\/blogsaverroes.juntadeandalucia.es\/steamieshipatia\/files\/2023\/04\/Captura-de-pantalla-2023-04-06-a-las-19.53.56-150x150.png 150w, https:\/\/blogsaverroes.juntadeandalucia.es\/steamieshipatia\/files\/2023\/04\/Captura-de-pantalla-2023-04-06-a-las-19.53.56.png 604w\" sizes=\"(max-width: 400px) 100vw, 400px\" \/><\/p>\n<p style=\"text-align: justify\"><span style=\"font-weight: 400\">\u00abEsta imagen simboliza a Hipatia de Alejandr\u00eda, una figura hist\u00f3rica y s\u00edmbolo de la ciencia que da nombre a este centro, que ha vuelto a la vida en el futuro para combatir el cambio clim\u00e1tico. Se la ve en el interior de una nave espacial, con su rostro marcado por la preocupaci\u00f3n mientras observa a la Tierra desde la distancia.<\/span><\/p>\n<p style=\"text-align: justify\"><span style=\"font-weight: 400\">A pesar de su determinaci\u00f3n y valent\u00eda, su expresi\u00f3n es melanc\u00f3lica y triste, ya que sabe que tiene que dejar su hogar y alejarse de la Tierra para combatir la contaminaci\u00f3n que est\u00e1 destruyendo su planeta. Su cabello oscuro y su rostro sereno, pero preocupado, transmiten la sensaci\u00f3n de una sabia y reflexiva protectora del medio ambiente.<\/span><\/p>\n<p style=\"text-align: justify\"><span style=\"font-weight: 400\">En resumen, la imagen representa la preocupaci\u00f3n del alumnado del IES Hipatia en Mairena del Aljarafe (Sevilla) por el cambio clim\u00e1tico y la contaminaci\u00f3n, utilizando a Hipatia como s\u00edmbolo de sabidur\u00eda y liderazgo en la lucha por un futuro sostenible. La imagen transmite la sensaci\u00f3n de que la humanidad tiene que actuar r\u00e1pidamente y con determinaci\u00f3n para proteger su hogar, antes de que sea demasiado tarde.\u201d<\/span><\/p>\n<p style=\"text-align: justify\"><span style=\"font-weight: 400\">(Dicha imagen ha sido dise\u00f1ada utilizando tecnolog\u00eda de Inteligencia Artificial, usada por el alumnado de la asignatura de Iniciaci\u00f3n a la Actividad Emprendedora y Empresarial. Simboliza adem\u00e1s la A de Artes de las siglas STEAM)<\/span><\/p>\n","protected":false},"excerpt":{"rendered":"<p>El IES Hipatia lleva a cabo diferentes programas educativos dentro de su plan de centro, los cuales se encuentran interrelacionados, teniendo como eje com\u00fan el&hellip;<\/p>\n","protected":false},"author":16093,"featured_media":0,"parent":0,"menu_order":0,"comment_status":"closed","ping_status":"open","template":"","meta":{"ngg_post_thumbnail":0,"footnotes":""},"aioseo_notices":[],"_links":{"self":[{"href":"https:\/\/blogsaverroes.juntadeandalucia.es\/steamieshipatia\/wp-json\/wp\/v2\/pages\/2"}],"collection":[{"href":"https:\/\/blogsaverroes.juntadeandalucia.es\/steamieshipatia\/wp-json\/wp\/v2\/pages"}],"about":[{"href":"https:\/\/blogsaverroes.juntadeandalucia.es\/steamieshipatia\/wp-json\/wp\/v2\/types\/page"}],"author":[{"embeddable":true,"href":"https:\/\/blogsaverroes.juntadeandalucia.es\/steamieshipatia\/wp-json\/wp\/v2\/users\/16093"}],"replies":[{"embeddable":true,"href":"https:\/\/blogsaverroes.juntadeandalucia.es\/steamieshipatia\/wp-json\/wp\/v2\/comments?post=2"}],"version-history":[{"count":3,"href":"https:\/\/blogsaverroes.juntadeandalucia.es\/steamieshipatia\/wp-json\/wp\/v2\/pages\/2\/revisions"}],"predecessor-version":[{"id":241,"href":"https:\/\/blogsaverroes.juntadeandalucia.es\/steamieshipatia\/wp-json\/wp\/v2\/pages\/2\/revisions\/241"}],"wp:attachment":[{"href":"https:\/\/blogsaverroes.juntadeandalucia.es\/steamieshipatia\/wp-json\/wp\/v2\/media?parent=2"}],"curies":[{"name":"wp","href":"https:\/\/api.w.org\/{rel}","templated":true}]}}