{"id":31,"date":"2026-02-19T13:50:19","date_gmt":"2026-02-19T12:50:19","guid":{"rendered":"https:\/\/blogsaverroes.juntadeandalucia.es\/steamposidonia\/?page_id=31"},"modified":"2026-02-19T13:51:54","modified_gmt":"2026-02-19T12:51:54","slug":"bienvenida","status":"publish","type":"page","link":"https:\/\/blogsaverroes.juntadeandalucia.es\/steamposidonia\/","title":{"rendered":"BIENVENIDA"},"content":{"rendered":"<p>Hoy abrimos este blog con mucha ilusi\u00f3n. Nace como un espacio para compartir con las familias y con toda la comunidad educativa el trabajo STEAM que realizamos en el CEIP Posidonia, dar visibilidad a lo que ocurre en nuestras aulas y poner en valor el esfuerzo y la creatividad de nuestro alumnado y profesorado.<\/p>\n<p>Aunque este blog es nuevo, nuestro camino STEAM comenz\u00f3 hace unos 8 a\u00f1os con la participaci\u00f3n en el Programa DigiCraft. Gracias a \u00e9l, el centro recibi\u00f3 una importante dotaci\u00f3n de recursos tecnol\u00f3gicos (robots, Sphero Mini, Micro:bit\u2026) y un grupo de docentes se form\u00f3 para integrar la tecnolog\u00eda de forma educativa y responsable. Esa formaci\u00f3n fue creciendo poco a poco y llegando a m\u00e1s profesorado y alumnado.<\/p>\n<p>M\u00e1s adelante dimos un nuevo paso con el programa DigCompEdu, dentro del Marco Europeo de Competencia Digital Docente, que nos permiti\u00f3 reflexionar y mejorar nuestras pr\u00e1cticas para ense\u00f1ar en un entorno cada vez m\u00e1s tecnol\u00f3gico, siempre con un enfoque pedag\u00f3gico y significativo.<\/p>\n<h3><b>Aprender ense\u00f1ando: Jornadas STEAM<\/b><\/h3>\n<p>Durante el curso 2023\/2024 celebramos nuestras Primeras Jornadas STEAM, en las que particip\u00f3 todo el centro: Infantil, Primaria y aula TEA. Un grupo de alumnos y alumnas mentores se form\u00f3 para dise\u00f1ar y programar actividades que despu\u00e9s compartieron con compa\u00f1eros y compa\u00f1eras de otros ciclos. Los m\u00e1s peque\u00f1os pudieron experimentar y aprender jugando con materiales creados por su propio alumnado. Adem\u00e1s, contamos con la participaci\u00f3n de antiguo alumnado del CEIP Posidonia que ya se encuentra en el IES.<\/p>\n<p>Ese mismo curso participamos en la Feria STEAM de Almer\u00eda, donde nuestro alumnado mostr\u00f3 con orgullo el trabajo realizado, reforzando su autoestima, creatividad y habilidades comunicativas.<\/p>\n<p><img loading=\"lazy\" decoding=\"async\" class=\"alignnone size-medium wp-image-13\" src=\"https:\/\/blogsaverroes.juntadeandalucia.es\/steamposidonia\/files\/2026\/02\/IMG_7829-300x225.jpg\" alt=\"\" width=\"300\" height=\"225\" srcset=\"https:\/\/blogsaverroes.juntadeandalucia.es\/steamposidonia\/files\/2026\/02\/IMG_7829-300x225.jpg 300w, https:\/\/blogsaverroes.juntadeandalucia.es\/steamposidonia\/files\/2026\/02\/IMG_7829-1024x768.jpg 1024w, https:\/\/blogsaverroes.juntadeandalucia.es\/steamposidonia\/files\/2026\/02\/IMG_7829-768x576.jpg 768w, https:\/\/blogsaverroes.juntadeandalucia.es\/steamposidonia\/files\/2026\/02\/IMG_7829-1536x1152.jpg 1536w, https:\/\/blogsaverroes.juntadeandalucia.es\/steamposidonia\/files\/2026\/02\/IMG_7829-2048x1536.jpg 2048w\" sizes=\"(max-width: 300px) 100vw, 300px\" \/> <img loading=\"lazy\" decoding=\"async\" class=\"alignnone size-medium wp-image-12\" src=\"https:\/\/blogsaverroes.juntadeandalucia.es\/steamposidonia\/files\/2026\/02\/IMG_8445-300x225.jpg\" alt=\"\" width=\"300\" height=\"225\" srcset=\"https:\/\/blogsaverroes.juntadeandalucia.es\/steamposidonia\/files\/2026\/02\/IMG_8445-300x225.jpg 300w, https:\/\/blogsaverroes.juntadeandalucia.es\/steamposidonia\/files\/2026\/02\/IMG_8445-1024x769.jpg 1024w, https:\/\/blogsaverroes.juntadeandalucia.es\/steamposidonia\/files\/2026\/02\/IMG_8445-768x576.jpg 768w, https:\/\/blogsaverroes.juntadeandalucia.es\/steamposidonia\/files\/2026\/02\/IMG_8445-1536x1153.jpg 1536w, https:\/\/blogsaverroes.juntadeandalucia.es\/steamposidonia\/files\/2026\/02\/IMG_8445-2048x1537.jpg 2048w\" sizes=\"(max-width: 300px) 100vw, 300px\" \/> <img loading=\"lazy\" decoding=\"async\" class=\"alignnone size-medium wp-image-11\" src=\"https:\/\/blogsaverroes.juntadeandalucia.es\/steamposidonia\/files\/2026\/02\/PHOTO-2023-03-16-14-35-07-1-300x225.jpg\" alt=\"\" width=\"300\" height=\"225\" srcset=\"https:\/\/blogsaverroes.juntadeandalucia.es\/steamposidonia\/files\/2026\/02\/PHOTO-2023-03-16-14-35-07-1-300x225.jpg 300w, https:\/\/blogsaverroes.juntadeandalucia.es\/steamposidonia\/files\/2026\/02\/PHOTO-2023-03-16-14-35-07-1-1024x768.jpg 1024w, https:\/\/blogsaverroes.juntadeandalucia.es\/steamposidonia\/files\/2026\/02\/PHOTO-2023-03-16-14-35-07-1-768x576.jpg 768w, https:\/\/blogsaverroes.juntadeandalucia.es\/steamposidonia\/files\/2026\/02\/PHOTO-2023-03-16-14-35-07-1-1536x1152.jpg 1536w, https:\/\/blogsaverroes.juntadeandalucia.es\/steamposidonia\/files\/2026\/02\/PHOTO-2023-03-16-14-35-07-1.jpg 2048w\" sizes=\"(max-width: 300px) 100vw, 300px\" \/> <img loading=\"lazy\" decoding=\"async\" class=\"alignnone size-medium wp-image-10\" src=\"https:\/\/blogsaverroes.juntadeandalucia.es\/steamposidonia\/files\/2026\/02\/PHOTO-2023-03-16-14-35-05-2-300x225.jpg\" alt=\"\" width=\"300\" height=\"225\" srcset=\"https:\/\/blogsaverroes.juntadeandalucia.es\/steamposidonia\/files\/2026\/02\/PHOTO-2023-03-16-14-35-05-2-300x225.jpg 300w, https:\/\/blogsaverroes.juntadeandalucia.es\/steamposidonia\/files\/2026\/02\/PHOTO-2023-03-16-14-35-05-2-1024x768.jpg 1024w, https:\/\/blogsaverroes.juntadeandalucia.es\/steamposidonia\/files\/2026\/02\/PHOTO-2023-03-16-14-35-05-2-768x576.jpg 768w, https:\/\/blogsaverroes.juntadeandalucia.es\/steamposidonia\/files\/2026\/02\/PHOTO-2023-03-16-14-35-05-2-1536x1152.jpg 1536w, https:\/\/blogsaverroes.juntadeandalucia.es\/steamposidonia\/files\/2026\/02\/PHOTO-2023-03-16-14-35-05-2.jpg 2048w\" sizes=\"(max-width: 300px) 100vw, 300px\" \/><\/p>\n<h3><b>STEAM hoy en el CEIP Posidonia<\/b><\/h3>\n<p>Actualmente, formamos parte del Programa STEAM de la Junta de Andaluc\u00eda, que est\u00e1 dotando al centro de recursos como ordenadores, impresoras 3D, gafas de realidad virtual y equipos audiovisuales. STEAM est\u00e1 presente en todas las etapas educativas, aunque, por la edad del alumnado, se profundiza especialmente en tercer ciclo de Primaria.<\/p>\n<p>En cada Situaci\u00f3n de Aprendizaje (SDA) integramos actividades STEAM para desarrollar la competencia digital, trabajando el pensamiento computacional, la programaci\u00f3n y la rob\u00f3tica, la inteligencia artificial y el uso responsable y creativo de la tecnolog\u00eda.<\/p>\n<p><img loading=\"lazy\" decoding=\"async\" class=\"alignnone size-medium wp-image-15\" src=\"https:\/\/blogsaverroes.juntadeandalucia.es\/steamposidonia\/files\/2026\/02\/IMG_8148-300x225.jpg\" alt=\"\" width=\"300\" height=\"225\" srcset=\"https:\/\/blogsaverroes.juntadeandalucia.es\/steamposidonia\/files\/2026\/02\/IMG_8148-300x225.jpg 300w, https:\/\/blogsaverroes.juntadeandalucia.es\/steamposidonia\/files\/2026\/02\/IMG_8148-1024x768.jpg 1024w, https:\/\/blogsaverroes.juntadeandalucia.es\/steamposidonia\/files\/2026\/02\/IMG_8148-768x576.jpg 768w, https:\/\/blogsaverroes.juntadeandalucia.es\/steamposidonia\/files\/2026\/02\/IMG_8148-1536x1152.jpg 1536w, https:\/\/blogsaverroes.juntadeandalucia.es\/steamposidonia\/files\/2026\/02\/IMG_8148-2048x1536.jpg 2048w\" sizes=\"(max-width: 300px) 100vw, 300px\" \/> <img loading=\"lazy\" decoding=\"async\" class=\"alignnone size-medium wp-image-16\" src=\"https:\/\/blogsaverroes.juntadeandalucia.es\/steamposidonia\/files\/2026\/02\/PHOTO-2023-04-11-11-30-31-300x225.jpg\" alt=\"\" width=\"300\" height=\"225\" srcset=\"https:\/\/blogsaverroes.juntadeandalucia.es\/steamposidonia\/files\/2026\/02\/PHOTO-2023-04-11-11-30-31-300x225.jpg 300w, https:\/\/blogsaverroes.juntadeandalucia.es\/steamposidonia\/files\/2026\/02\/PHOTO-2023-04-11-11-30-31-1024x768.jpg 1024w, https:\/\/blogsaverroes.juntadeandalucia.es\/steamposidonia\/files\/2026\/02\/PHOTO-2023-04-11-11-30-31-768x576.jpg 768w, https:\/\/blogsaverroes.juntadeandalucia.es\/steamposidonia\/files\/2026\/02\/PHOTO-2023-04-11-11-30-31-1536x1152.jpg 1536w, https:\/\/blogsaverroes.juntadeandalucia.es\/steamposidonia\/files\/2026\/02\/PHOTO-2023-04-11-11-30-31.jpg 1600w\" sizes=\"(max-width: 300px) 100vw, 300px\" \/><\/p>\n<h3><strong>Innovaci\u00f3n y trabajo en equipo: Proyecto Retotech<\/strong><\/h3>\n<p>Este curso, adem\u00e1s, participamos en el Proyecto de Innovaci\u00f3n Retotech de la Fundaci\u00f3n Endesa. El centro ha recibido 8 kits de rob\u00f3tica y varias maestras se est\u00e1n formando para poder trabajar con ellos en el aula. De nuevo, el alumnado tiene un papel protagonista: un grupo de alumnos y alumnas de sexto act\u00faa como alumnado mentor, ayudando a formar a sus compa\u00f1eros y compa\u00f1eras de tercer ciclo.<\/p>\n<p><img loading=\"lazy\" decoding=\"async\" class=\"alignnone size-medium wp-image-17\" src=\"https:\/\/blogsaverroes.juntadeandalucia.es\/steamposidonia\/files\/2026\/02\/PHOTO-2025-12-09-21-44-41-3-300x169.jpg\" alt=\"\" width=\"300\" height=\"169\" srcset=\"https:\/\/blogsaverroes.juntadeandalucia.es\/steamposidonia\/files\/2026\/02\/PHOTO-2025-12-09-21-44-41-3-300x169.jpg 300w, https:\/\/blogsaverroes.juntadeandalucia.es\/steamposidonia\/files\/2026\/02\/PHOTO-2025-12-09-21-44-41-3-1024x576.jpg 1024w, https:\/\/blogsaverroes.juntadeandalucia.es\/steamposidonia\/files\/2026\/02\/PHOTO-2025-12-09-21-44-41-3-768x432.jpg 768w, https:\/\/blogsaverroes.juntadeandalucia.es\/steamposidonia\/files\/2026\/02\/PHOTO-2025-12-09-21-44-41-3-1536x864.jpg 1536w, https:\/\/blogsaverroes.juntadeandalucia.es\/steamposidonia\/files\/2026\/02\/PHOTO-2025-12-09-21-44-41-3.jpg 1600w\" sizes=\"(max-width: 300px) 100vw, 300px\" \/><\/p>\n<p>Este blog ser\u00e1 nuestro lugar para compartir proyectos, experiencias, aprendizajes y logros. Queremos que las familias os sint\u00e1is parte de este camino, porque educar en STEAM es desarrollar el pensamiento cr\u00edtico, creativo, cooperativo y para un uso \u00e9tico y responsable de las tecnolog\u00edas de la informaci\u00f3n.<\/p>\n<p>Gracias por acompa\u00f1arnos.<br \/>\nSeguimos aprendiendo juntos en el CEIP Posidonia.<\/p>\n<p>&nbsp;<\/p>\n","protected":false},"excerpt":{"rendered":"<p>Hoy abrimos este blog con mucha ilusi\u00f3n. Nace como un espacio para compartir con las familias y con toda la comunidad educativa el trabajo STEAM que realizamos en el CEIP Posidonia, dar visibilidad a lo que ocurre en nuestras aulas y poner en valor el esfuerzo y la creatividad de nuestro alumnado y profesorado. Aunque este blog es nuevo, nuestro&#46;&#46;&#46;<\/p>\n","protected":false},"author":10296,"featured_media":0,"parent":0,"menu_order":0,"comment_status":"closed","ping_status":"closed","template":"","meta":{"footnotes":""},"aioseo_notices":[],"_links":{"self":[{"href":"https:\/\/blogsaverroes.juntadeandalucia.es\/steamposidonia\/wp-json\/wp\/v2\/pages\/31"}],"collection":[{"href":"https:\/\/blogsaverroes.juntadeandalucia.es\/steamposidonia\/wp-json\/wp\/v2\/pages"}],"about":[{"href":"https:\/\/blogsaverroes.juntadeandalucia.es\/steamposidonia\/wp-json\/wp\/v2\/types\/page"}],"author":[{"embeddable":true,"href":"https:\/\/blogsaverroes.juntadeandalucia.es\/steamposidonia\/wp-json\/wp\/v2\/users\/10296"}],"replies":[{"embeddable":true,"href":"https:\/\/blogsaverroes.juntadeandalucia.es\/steamposidonia\/wp-json\/wp\/v2\/comments?post=31"}],"version-history":[{"count":2,"href":"https:\/\/blogsaverroes.juntadeandalucia.es\/steamposidonia\/wp-json\/wp\/v2\/pages\/31\/revisions"}],"predecessor-version":[{"id":33,"href":"https:\/\/blogsaverroes.juntadeandalucia.es\/steamposidonia\/wp-json\/wp\/v2\/pages\/31\/revisions\/33"}],"wp:attachment":[{"href":"https:\/\/blogsaverroes.juntadeandalucia.es\/steamposidonia\/wp-json\/wp\/v2\/media?parent=31"}],"curies":[{"name":"wp","href":"https:\/\/api.w.org\/{rel}","templated":true}]}}