{"id":2,"date":"2021-03-26T16:13:56","date_gmt":"2021-03-26T16:13:56","guid":{"rendered":"https:\/\/blogsaverroes.juntadeandalucia.es\/tallerdetecnologia\/?page_id=2"},"modified":"2021-04-01T15:45:06","modified_gmt":"2021-04-01T13:45:06","slug":"contacto","status":"publish","type":"page","link":"https:\/\/blogsaverroes.juntadeandalucia.es\/tallerdetecnologia\/contacto\/","title":{"rendered":"CONTACTO"},"content":{"rendered":"<p><span style=\"color: #ff0000\"><strong>UBICACI\u00d3N:<\/strong><\/span><\/p>\n<p><iframe loading=\"lazy\" src=\"https:\/\/www.google.com\/maps\/embed?pb=!1m18!1m12!1m3!1d3197.636928690393!2d-4.450815084712046!3d36.73128007996278!2m3!1f0!2f0!3f0!3m2!1i1024!2i768!4f13.1!3m3!1m2!1s0xd72f7054ec65e2f%3A0x865515c153de58a5!2sIES%20Carlinda!5e0!3m2!1ses!2ses!4v1617142764913!5m2!1ses!2ses\" width=\"600\" height=\"450\"><span data-mce-type=\"bookmark\" style=\"width: 0px;overflow: hidden;line-height: 0\" class=\"mce_SELRES_start\">\ufeff<\/span><\/iframe><\/p>\n<p><span style=\"color: #ff0000\"><strong>DIRECCI\u00d3N:<\/strong><\/span> Av. Carlinda, 6 (29010-M\u00c1LAGA)&nbsp;<\/p>\n<p><span style=\"color: #ff0000\"><strong>TEL\u00c9FONO:<\/strong><\/span> 951 29 84 71&nbsp; &nbsp;<span style=\"font-size: 10pt\">(<strong>Horario de atenci\u00f3n:<\/strong> Lunes a Viernes de 8:15-14:45 horas)<\/span><\/p>\n<p><span style=\"color: #ff0000\"><strong>FAX:<\/strong><\/span>&nbsp;<\/p>\n<p><span style=\"color: #ff0000\"><strong>EMAIL:<\/strong><\/span>&nbsp;<\/p>\n<p><span style=\"color: #ff0000\"><strong>RRSS<\/strong><strong>:<\/strong><\/span> Web\/Blog, Tw, Fb, Ig&#8230;<\/p>\n","protected":false},"excerpt":{"rendered":"<p>UBICACI\u00d3N: \ufeff DIRECCI\u00d3N: Av. Carlinda, 6 (29010-M\u00c1LAGA)&nbsp; TEL\u00c9FONO: 951 29 84 71&nbsp; &nbsp;(Horario de atenci\u00f3n: Lunes a Viernes de 8:15-14:45 horas) FAX:&nbsp; EMAIL:&nbsp; RRSS: Web\/Blog, Tw, Fb, Ig&#8230;<\/p>\n","protected":false},"author":12734,"featured_media":0,"parent":0,"menu_order":0,"comment_status":"closed","ping_status":"open","template":"","meta":{"ngg_post_thumbnail":0,"footnotes":""},"aioseo_notices":[],"_links":{"self":[{"href":"https:\/\/blogsaverroes.juntadeandalucia.es\/tallerdetecnologia\/wp-json\/wp\/v2\/pages\/2"}],"collection":[{"href":"https:\/\/blogsaverroes.juntadeandalucia.es\/tallerdetecnologia\/wp-json\/wp\/v2\/pages"}],"about":[{"href":"https:\/\/blogsaverroes.juntadeandalucia.es\/tallerdetecnologia\/wp-json\/wp\/v2\/types\/page"}],"author":[{"embeddable":true,"href":"https:\/\/blogsaverroes.juntadeandalucia.es\/tallerdetecnologia\/wp-json\/wp\/v2\/users\/12734"}],"replies":[{"embeddable":true,"href":"https:\/\/blogsaverroes.juntadeandalucia.es\/tallerdetecnologia\/wp-json\/wp\/v2\/comments?post=2"}],"version-history":[{"count":9,"href":"https:\/\/blogsaverroes.juntadeandalucia.es\/tallerdetecnologia\/wp-json\/wp\/v2\/pages\/2\/revisions"}],"predecessor-version":[{"id":169,"href":"https:\/\/blogsaverroes.juntadeandalucia.es\/tallerdetecnologia\/wp-json\/wp\/v2\/pages\/2\/revisions\/169"}],"wp:attachment":[{"href":"https:\/\/blogsaverroes.juntadeandalucia.es\/tallerdetecnologia\/wp-json\/wp\/v2\/media?parent=2"}],"curies":[{"name":"wp","href":"https:\/\/api.w.org\/{rel}","templated":true}]}}