{"id":87,"date":"2021-04-01T00:02:48","date_gmt":"2021-03-31T22:02:48","guid":{"rendered":"https:\/\/blogsaverroes.juntadeandalucia.es\/tallerdetecnologia\/?page_id=87"},"modified":"2021-04-14T21:00:45","modified_gmt":"2021-04-14T19:00:45","slug":"tic-ii","status":"publish","type":"page","link":"https:\/\/blogsaverroes.juntadeandalucia.es\/tallerdetecnologia\/tic-ii\/","title":{"rendered":"TIC II"},"content":{"rendered":"<p style=\"text-align: justify\">En esta secci\u00f3n se recopila todo el material (apuntes, actividades, recursos, etc) correspondiente a la asignatura de <strong><em>TIC II (Tecnolog\u00eda de la Informaci\u00f3n y la Comunicaci\u00f3n), de 2\u00ba de Bachillerato<\/em><\/strong>.<\/p>\n","protected":false},"excerpt":{"rendered":"<p>En esta secci\u00f3n se recopila todo el material (apuntes, actividades, recursos, etc) correspondiente a la asignatura de TIC II (Tecnolog\u00eda de la Informaci\u00f3n y la Comunicaci\u00f3n), de 2\u00ba de Bachillerato.<\/p>\n","protected":false},"author":12734,"featured_media":0,"parent":0,"menu_order":0,"comment_status":"closed","ping_status":"closed","template":"","meta":{"ngg_post_thumbnail":0,"footnotes":""},"aioseo_notices":[],"_links":{"self":[{"href":"https:\/\/blogsaverroes.juntadeandalucia.es\/tallerdetecnologia\/wp-json\/wp\/v2\/pages\/87"}],"collection":[{"href":"https:\/\/blogsaverroes.juntadeandalucia.es\/tallerdetecnologia\/wp-json\/wp\/v2\/pages"}],"about":[{"href":"https:\/\/blogsaverroes.juntadeandalucia.es\/tallerdetecnologia\/wp-json\/wp\/v2\/types\/page"}],"author":[{"embeddable":true,"href":"https:\/\/blogsaverroes.juntadeandalucia.es\/tallerdetecnologia\/wp-json\/wp\/v2\/users\/12734"}],"replies":[{"embeddable":true,"href":"https:\/\/blogsaverroes.juntadeandalucia.es\/tallerdetecnologia\/wp-json\/wp\/v2\/comments?post=87"}],"version-history":[{"count":4,"href":"https:\/\/blogsaverroes.juntadeandalucia.es\/tallerdetecnologia\/wp-json\/wp\/v2\/pages\/87\/revisions"}],"predecessor-version":[{"id":286,"href":"https:\/\/blogsaverroes.juntadeandalucia.es\/tallerdetecnologia\/wp-json\/wp\/v2\/pages\/87\/revisions\/286"}],"wp:attachment":[{"href":"https:\/\/blogsaverroes.juntadeandalucia.es\/tallerdetecnologia\/wp-json\/wp\/v2\/media?parent=87"}],"curies":[{"name":"wp","href":"https:\/\/api.w.org\/{rel}","templated":true}]}}