{"id":16,"date":"2021-09-13T12:15:53","date_gmt":"2021-09-13T12:15:53","guid":{"rendered":"https:\/\/blogsaverroes.juntadeandalucia.es\/tdealmeria\/?page_id=16"},"modified":"2024-09-18T08:15:06","modified_gmt":"2024-09-18T08:15:06","slug":"normativa","status":"publish","type":"page","link":"https:\/\/blogsaverroes.juntadeandalucia.es\/tdealmeria\/normativa\/","title":{"rendered":"Normativa"},"content":{"rendered":"<ul>\n<li><span style=\"font-size: 14pt\">Instrucciones #TDE curso 2024-2025<br \/>\n<\/span><\/li>\n<\/ul>\n<p align=\"left\"><a title=\"Pulse para visualizar el documento:\u00a0Resoluci\u00f3n de 11 de septiembre de 2024, de la Direcci\u00f3n General de Innovaci\u00f3n y Formaci\u00f3n del Profesorado, sobre medidas para el impulso de la Competencia Digital en los centros docentes sostenidos con fondos p\u00fablicos en el marco del Programa de cooperaci\u00f3n territorial #CompDigEdu para el curso escolar 2024-2025.\" href=\"https:\/\/portals.ced.junta-andalucia.es\/educacion\/portals\/delegate\/content\/de6ffa24-457f-4b54-b65d-30c7ecd7e3a1\/Resoluci\u00f3n de 11 de septiembre de 2024, de la Direcci\u00f3n General de Innovaci\u00f3n y Formaci\u00f3n del Profesorado, sobre medidas para el impulso de la Competencia Digital en los centros docentes sostenidos con fondos p\u00fablicos en el marco del Programa de cooperaci\u00f3n territorial #CompDigEdu para el curso escolar 2024-2025.\" target=\"_blank\" rel=\"noopener\">Resoluci\u00f3n de 11 de septiembre de 2024, de la Direcci\u00f3n General de Innovaci\u00f3n y Formaci\u00f3n del Profesorado, sobre medidas para el impulso de la Competencia Digital en los centros docentes sostenidos con fondos p\u00fablicos en el marco del Programa de cooperaci\u00f3n territorial #CompDigEdu para el curso escolar 2024-2025.<\/a><\/p>\n<ul>\n<li><span style=\"font-size: 14pt\">Manual de comportamiento<\/span><\/li>\n<\/ul>\n<p><em><a href=\"https:\/\/drive.google.com\/file\/d\/1-ehUPiWU-MX2XvQrUSAqwRqGNpNdcigD\/view?usp=sharing\" target=\"_blank\" rel=\"noopener noreferrer\">Resoluci\u00f3n de 22 de octubre de 2020, de la Secretar\u00eda General para la Administraci\u00f3n P\u00fablica, por la que se aprueba el C\u00f3digo de Conducta en el uso de las Tecnolog\u00edas de la Informaci\u00f3n y la Comunicaci\u00f3n para profesionales p\u00fablicos de la Administraci\u00f3n de la Junta de Andaluc\u00eda.<\/a><\/em><\/p>\n<ul>\n<li><span style=\"font-size: 14pt\">Marcos de Competencia Digital<\/span><\/li>\n<\/ul>\n<p><a href=\"https:\/\/www.juntadeandalucia.es\/educacion\/portals\/delegate\/content\/50599994-ac98-4feb-870f-a0b04081aa75\" target=\"_blank\" rel=\"noopener noreferrer\">Orden de 29 de marzo de 2021, por la que se establecen los marcos de la Competencia Digital en el sistema educativo no universitario de la Comunidad Aut\u00f3noma de Andaluc\u00eda.<\/a><\/p>\n","protected":false},"excerpt":{"rendered":"<p>Instrucciones #TDE curso 2024-2025 Resoluci\u00f3n de 11 de septiembre de 2024, de la Direcci\u00f3n General de Innovaci\u00f3n y Formaci\u00f3n del&#46;&#46;&#46;<\/p>\n","protected":false},"author":1269,"featured_media":0,"parent":0,"menu_order":0,"comment_status":"closed","ping_status":"closed","template":"","meta":{"footnotes":""},"aioseo_notices":[],"_links":{"self":[{"href":"https:\/\/blogsaverroes.juntadeandalucia.es\/tdealmeria\/wp-json\/wp\/v2\/pages\/16"}],"collection":[{"href":"https:\/\/blogsaverroes.juntadeandalucia.es\/tdealmeria\/wp-json\/wp\/v2\/pages"}],"about":[{"href":"https:\/\/blogsaverroes.juntadeandalucia.es\/tdealmeria\/wp-json\/wp\/v2\/types\/page"}],"author":[{"embeddable":true,"href":"https:\/\/blogsaverroes.juntadeandalucia.es\/tdealmeria\/wp-json\/wp\/v2\/users\/1269"}],"replies":[{"embeddable":true,"href":"https:\/\/blogsaverroes.juntadeandalucia.es\/tdealmeria\/wp-json\/wp\/v2\/comments?post=16"}],"version-history":[{"count":8,"href":"https:\/\/blogsaverroes.juntadeandalucia.es\/tdealmeria\/wp-json\/wp\/v2\/pages\/16\/revisions"}],"predecessor-version":[{"id":688,"href":"https:\/\/blogsaverroes.juntadeandalucia.es\/tdealmeria\/wp-json\/wp\/v2\/pages\/16\/revisions\/688"}],"wp:attachment":[{"href":"https:\/\/blogsaverroes.juntadeandalucia.es\/tdealmeria\/wp-json\/wp\/v2\/media?parent=16"}],"curies":[{"name":"wp","href":"https:\/\/api.w.org\/{rel}","templated":true}]}}

<ul>
<li><span style="font-size: 14pt">Instrucciones #TDE curso 2024-2025<br />
</span></li>
</ul>
<p align="left"><a title="Pulse para visualizar el documento: Resolución de 11 de septiembre de 2024, de la Dirección General de Innovación y Formación del Profesorado, sobre medidas para el impulso de la Competencia Digital en los centros docentes sostenidos con fondos públicos en el marco del Programa de cooperación territorial #CompDigEdu para el curso escolar 2024-2025." href="https://portals.ced.junta-andalucia.es/educacion/portals/delegate/content/de6ffa24-457f-4b54-b65d-30c7ecd7e3a1/Resolución de 11 de septiembre de 2024, de la Dirección General de Innovación y Formación del Profesorado, sobre medidas para el impulso de la Competencia Digital en los centros docentes sostenidos con fondos públicos en el marco del Programa de cooperación territorial #CompDigEdu para el curso escolar 2024-2025." target="_blank" rel="noopener">Resolución de 11 de septiembre de 2024, de la Dirección General de Innovación y Formación del Profesorado, sobre medidas para el impulso de la Competencia Digital en los centros docentes sostenidos con fondos públicos en el marco del Programa de cooperación territorial #CompDigEdu para el curso escolar 2024-2025.</a></p>
<ul>
<li><span style="font-size: 14pt">Manual de comportamiento</span></li>
</ul>
<p><em><a href="https://drive.google.com/file/d/1-ehUPiWU-MX2XvQrUSAqwRqGNpNdcigD/view?usp=sharing" target="_blank" rel="noopener noreferrer">Resolución de 22 de octubre de 2020, de la Secretaría General para la Administración Pública, por la que se aprueba el Código de Conducta en el uso de las Tecnologías de la Información y la Comunicación para profesionales públicos de la Administración de la Junta de Andalucía.</a></em></p>
<ul>
<li><span style="font-size: 14pt">Marcos de Competencia Digital</span></li>
</ul>
<p><a href="https://www.juntadeandalucia.es/educacion/portals/delegate/content/50599994-ac98-4feb-870f-a0b04081aa75" target="_blank" rel="noopener noreferrer">Orden de 29 de marzo de 2021, por la que se establecen los marcos de la Competencia Digital en el sistema educativo no universitario de la Comunidad Autónoma de Andalucía.</a></p>

<p>Instrucciones #TDE curso 2024-2025 Resolución de 11 de septiembre de 2024, de la Dirección General de Innovación y Formación del&#46;&#46;&#46;</p>
