{"id":402,"date":"2023-10-19T18:00:56","date_gmt":"2023-10-19T18:00:56","guid":{"rendered":"https:\/\/blogsaverroes.juntadeandalucia.es\/tdevirgendelacaridad\/?page_id=402"},"modified":"2023-10-19T19:00:36","modified_gmt":"2023-10-19T19:00:36","slug":"informacion-plataforma-moodle","status":"publish","type":"page","link":"https:\/\/blogsaverroes.juntadeandalucia.es\/tdevirgendelacaridad\/informacion-plataforma-moodle\/","title":{"rendered":"INFORMACI\u00d3N PLATAFORMA MOODLE"},"content":{"rendered":"<table style=\"border-collapse: collapse;width: 100%\">\n<tbody>\n<tr>\n<td style=\"width: 67.8899%\"><span style=\"font-size: 14pt\"><strong>Moodle Centros<\/strong><\/span>&nbsp;es una herramienta de gesti\u00f3n de aprendizaje que la Consejer\u00eda de Educaci\u00f3n y Deporte pone a disposici\u00f3n de todos los centros p\u00fablicos de Andaluc\u00eda.<\/td>\n<td style=\"width: 32.1101%\"><img loading=\"lazy\" decoding=\"async\" class=\"aligncenter size-full wp-image-242\" src=\"https:\/\/blogsaverroes.juntadeandalucia.es\/tdevirgendelacaridad\/files\/2023\/10\/logo_moodle_centros.png\" alt=\"\" width=\"1787\" height=\"803\" srcset=\"https:\/\/blogsaverroes.juntadeandalucia.es\/tdevirgendelacaridad\/files\/2023\/10\/logo_moodle_centros.png 1787w, https:\/\/blogsaverroes.juntadeandalucia.es\/tdevirgendelacaridad\/files\/2023\/10\/logo_moodle_centros-300x135.png 300w, https:\/\/blogsaverroes.juntadeandalucia.es\/tdevirgendelacaridad\/files\/2023\/10\/logo_moodle_centros-1024x460.png 1024w, https:\/\/blogsaverroes.juntadeandalucia.es\/tdevirgendelacaridad\/files\/2023\/10\/logo_moodle_centros-768x345.png 768w, https:\/\/blogsaverroes.juntadeandalucia.es\/tdevirgendelacaridad\/files\/2023\/10\/logo_moodle_centros-1536x690.png 1536w\" sizes=\"(max-width: 1787px) 100vw, 1787px\" \/><\/td>\n<\/tr>\n<\/tbody>\n<\/table>\n<table style=\"border-collapse: collapse;width: 100%\">\n<tbody>\n<tr>\n<td style=\"width: 50%;text-align: center\" colspan=\"2\"><strong><span style=\"font-size: 18pt\">TUTORIALES MOODLE CENTROS<\/span><\/strong><\/td>\n<\/tr>\n<\/tbody>\n<\/table>\n<table style=\"border-collapse: collapse;width: 100%\">\n<tbody>\n<tr>\n<td style=\"width: 34.1744%\"><a href=\"https:\/\/edea.juntadeandalucia.es\/bancorecursos\/file\/c45ea16a-740d-4f4d-84ca-3f4cc4966e21\/2\/Guia_basica_Moodle_Centros23-24.Rol_Docente.zip\/index.html\"><img loading=\"lazy\" decoding=\"async\" class=\"wp-image-372 aligncenter\" src=\"https:\/\/blogsaverroes.juntadeandalucia.es\/tdevirgendelacaridad\/files\/2023\/10\/ESCRITORIO-MOODLE-CENTROS.png\" alt=\"\" width=\"254\" height=\"94\" srcset=\"https:\/\/blogsaverroes.juntadeandalucia.es\/tdevirgendelacaridad\/files\/2023\/10\/ESCRITORIO-MOODLE-CENTROS.png 735w, https:\/\/blogsaverroes.juntadeandalucia.es\/tdevirgendelacaridad\/files\/2023\/10\/ESCRITORIO-MOODLE-CENTROS-300x111.png 300w, https:\/\/blogsaverroes.juntadeandalucia.es\/tdevirgendelacaridad\/files\/2023\/10\/ESCRITORIO-MOODLE-CENTROS-600x220.png 600w\" sizes=\"(max-width: 254px) 100vw, 254px\" \/><\/a><\/td>\n<td style=\"width: 32.7221%;text-align: left\">\n<p style=\"text-align: center\"><span style=\"color: #339966\">&nbsp;<span style=\"color: #000000;font-size: 14pt\"><strong>GU\u00cdA B\u00c1SICA. USO MOODLE CENTROS. ROL DOCENTE<\/strong><\/span><\/span><\/p>\n<p><span style=\"color: #339966\"><span style=\"font-size: 14pt;color: #000000\">Os dejamos el enlace al sitio sobre el <span style=\"font-size: 18pt\"><strong>uso de moodle centros<\/strong><\/span> para <strong>rol de profesor<\/strong> que incluye una secci\u00f3n con <span style=\"color: #003300\"><strong><span style=\"font-size: 18pt\">enlaces de inter\u00e9s.<\/span><\/strong><\/span><\/span><\/span><\/p>\n<p><a href=\"https:\/\/edea.juntadeandalucia.es\/bancorecursos\/file\/c45ea16a-740d-4f4d-84ca-3f4cc4966e21\/2\/Guia_basica_Moodle_Centros23-24.Rol_Docente.zip\/index.html\"><span style=\"color: #476644\">ACCEDE AL TUTORIAL PARA MOODLE CENTROS<\/span><\/a><\/td>\n<\/tr>\n<tr>\n<td style=\"width: 34.1744%\">&nbsp;<\/td>\n<td style=\"width: 32.7221%;text-align: left\">\n<p style=\"text-align: center\"><span style=\"color: #339966\">&nbsp;<\/span><\/p>\n<\/td>\n<\/tr>\n<tr>\n<td style=\"width: 66.8965%\" colspan=\"2\">\n<p style=\"text-align: center\"><span style=\"font-size: 18pt\"><strong><span style=\"color: #339966\">OTROS VIDEOTUTORIALES<\/span><\/strong><\/span><\/p>\n<\/td>\n<\/tr>\n<tr>\n<td style=\"width: 34.1744%;text-align: center\"><strong><a href=\"https:\/\/blogsaverroes.juntadeandalucia.es\/moodlecentrosparaprofes\/\">MOODLE CENTROS PARA PROFES<\/a><\/strong><\/p>\n<p>BLOG de Moodle centros para profesores con diversos videotutoriales.<\/td>\n<td style=\"width: 32.7221%;text-align: left\">\n<p style=\"text-align: center\"><span style=\"font-size: 14pt\"><strong><a href=\"https:\/\/adelat.org\/videotutoriales-ayuda-moodle-centros-en-andalucia\"><span style=\"color: #339966\">\u00abBIT\u00c1CORA DE AN\u00cdBAL DE LA TORRE\u00bb&nbsp;<\/span><\/a><\/strong><\/span><\/p>\n<p>Blog con videotutoriales de ayuda moodle centros en Andaluc\u00eda.<\/td>\n<\/tr>\n<tr>\n<td style=\"width: 34.1744%;text-align: center\" colspan=\"2\">\n<p style=\"text-align: center\"><span style=\"color: #339966\">&nbsp;<\/span><\/p>\n<\/td>\n<\/tr>\n<tr>\n<td style=\"width: 34.1744%\">\n<p style=\"text-align: center\"><a href=\"https:\/\/youtu.be\/ycbfpSgHy_o?si=EE05lIxCDa22_VDk\"><span style=\"color: #ff9900\"><strong>VIDEOTUTORIAL<\/strong><\/span><\/a><\/p>\n<p style=\"text-align: center\"><a href=\"https:\/\/youtu.be\/ycbfpSgHy_o?si=EE05lIxCDa22_VDk\"><span style=\"color: #ff9900\"><strong>APP MOODLE PARA M\u00d3VIL. ROL PROFESOR. <\/strong><\/span><\/a><\/p>\n<p style=\"text-align: center\"><strong><span style=\"color: #0000ff\">Nota aclaratoria:<\/span><\/strong><\/p>\n<p style=\"text-align: center\"><strong>Una vez descargada la aplicaci\u00f3n la direcci\u00f3n de nuestro sitio es:<\/strong><\/p>\n<p style=\"text-align: center\">https:\/\/educacionadistancia.juntadeandalucia.es\/centros\/granada<\/p>\n<\/td>\n<td style=\"width: 32.7221%;text-align: left\">\n<p style=\"text-align: center\"><a href=\"https:\/\/youtu.be\/ycbfpSgHy_o?si=EE05lIxCDa22_VDk\"><span style=\"color: #339966\"><img loading=\"lazy\" decoding=\"async\" class=\"aligncenter wp-image-416\" src=\"https:\/\/blogsaverroes.juntadeandalucia.es\/tdevirgendelacaridad\/files\/2023\/10\/ICONO-MOODLE-MOVIL.png\" alt=\"\" width=\"235\" height=\"188\" srcset=\"https:\/\/blogsaverroes.juntadeandalucia.es\/tdevirgendelacaridad\/files\/2023\/10\/ICONO-MOODLE-MOVIL.png 417w, https:\/\/blogsaverroes.juntadeandalucia.es\/tdevirgendelacaridad\/files\/2023\/10\/ICONO-MOODLE-MOVIL-300x240.png 300w\" sizes=\"(max-width: 235px) 100vw, 235px\" \/><\/span><\/a><\/p>\n<\/td>\n<\/tr>\n<\/tbody>\n<\/table>\n<p>&nbsp;<\/p>\n<p>&nbsp;<\/p>\n","protected":false},"excerpt":{"rendered":"<p>Moodle Centros&nbsp;es una herramienta de gesti\u00f3n de aprendizaje que la Consejer\u00eda de Educaci\u00f3n y Deporte pone a disposici\u00f3n de todos los centros p\u00fablicos de Andaluc\u00eda. TUTORIALES MOODLE CENTROS &nbsp;GU\u00cdA B\u00c1SICA. USO MOODLE CENTROS. ROL&#46;&#46;&#46;<\/p>\n","protected":false},"author":18498,"featured_media":0,"parent":0,"menu_order":0,"comment_status":"closed","ping_status":"closed","template":"","meta":{"ngg_post_thumbnail":0,"footnotes":"","_mc_calendar":[]},"aioseo_notices":[],"_links":{"self":[{"href":"https:\/\/blogsaverroes.juntadeandalucia.es\/tdevirgendelacaridad\/wp-json\/wp\/v2\/pages\/402"}],"collection":[{"href":"https:\/\/blogsaverroes.juntadeandalucia.es\/tdevirgendelacaridad\/wp-json\/wp\/v2\/pages"}],"about":[{"href":"https:\/\/blogsaverroes.juntadeandalucia.es\/tdevirgendelacaridad\/wp-json\/wp\/v2\/types\/page"}],"author":[{"embeddable":true,"href":"https:\/\/blogsaverroes.juntadeandalucia.es\/tdevirgendelacaridad\/wp-json\/wp\/v2\/users\/18498"}],"replies":[{"embeddable":true,"href":"https:\/\/blogsaverroes.juntadeandalucia.es\/tdevirgendelacaridad\/wp-json\/wp\/v2\/comments?post=402"}],"version-history":[{"count":11,"href":"https:\/\/blogsaverroes.juntadeandalucia.es\/tdevirgendelacaridad\/wp-json\/wp\/v2\/pages\/402\/revisions"}],"predecessor-version":[{"id":423,"href":"https:\/\/blogsaverroes.juntadeandalucia.es\/tdevirgendelacaridad\/wp-json\/wp\/v2\/pages\/402\/revisions\/423"}],"wp:attachment":[{"href":"https:\/\/blogsaverroes.juntadeandalucia.es\/tdevirgendelacaridad\/wp-json\/wp\/v2\/media?parent=402"}],"curies":[{"name":"wp","href":"https:\/\/api.w.org\/{rel}","templated":true}]}}