{"id":587,"date":"2024-11-05T18:38:43","date_gmt":"2024-11-05T18:38:43","guid":{"rendered":"https:\/\/blogsaverroes.juntadeandalucia.es\/tdevirgendelacaridad\/?page_id=587"},"modified":"2024-11-05T18:58:13","modified_gmt":"2024-11-05T18:58:13","slug":"prueba-calendario-examenes","status":"publish","type":"page","link":"https:\/\/blogsaverroes.juntadeandalucia.es\/tdevirgendelacaridad\/prueba-calendario-examenes\/","title":{"rendered":"PRUEBA CALENDARIO EX\u00c1MENES"},"content":{"rendered":"<p>Aunque el alumno debe ser responsable en mantener al d\u00eda su agenda, esta p\u00e1gina les ayuda a recordar sus fechas importantes, como ex\u00e1menes, entrega de trabajos, etc.<\/p>\n","protected":false},"excerpt":{"rendered":"<p>Aunque el alumno debe ser responsable en mantener al d\u00eda su agenda, esta p\u00e1gina les ayuda a recordar sus fechas importantes, como ex\u00e1menes, entrega de trabajos, etc.<\/p>\n","protected":false},"author":18498,"featured_media":0,"parent":0,"menu_order":0,"comment_status":"closed","ping_status":"closed","template":"","meta":{"ngg_post_thumbnail":0,"footnotes":"","_mc_calendar":[]},"aioseo_notices":[],"_links":{"self":[{"href":"https:\/\/blogsaverroes.juntadeandalucia.es\/tdevirgendelacaridad\/wp-json\/wp\/v2\/pages\/587"}],"collection":[{"href":"https:\/\/blogsaverroes.juntadeandalucia.es\/tdevirgendelacaridad\/wp-json\/wp\/v2\/pages"}],"about":[{"href":"https:\/\/blogsaverroes.juntadeandalucia.es\/tdevirgendelacaridad\/wp-json\/wp\/v2\/types\/page"}],"author":[{"embeddable":true,"href":"https:\/\/blogsaverroes.juntadeandalucia.es\/tdevirgendelacaridad\/wp-json\/wp\/v2\/users\/18498"}],"replies":[{"embeddable":true,"href":"https:\/\/blogsaverroes.juntadeandalucia.es\/tdevirgendelacaridad\/wp-json\/wp\/v2\/comments?post=587"}],"version-history":[{"count":3,"href":"https:\/\/blogsaverroes.juntadeandalucia.es\/tdevirgendelacaridad\/wp-json\/wp\/v2\/pages\/587\/revisions"}],"predecessor-version":[{"id":598,"href":"https:\/\/blogsaverroes.juntadeandalucia.es\/tdevirgendelacaridad\/wp-json\/wp\/v2\/pages\/587\/revisions\/598"}],"wp:attachment":[{"href":"https:\/\/blogsaverroes.juntadeandalucia.es\/tdevirgendelacaridad\/wp-json\/wp\/v2\/media?parent=587"}],"curies":[{"name":"wp","href":"https:\/\/api.w.org\/{rel}","templated":true}]}}

PRUEBA CALENDARIO EXÁMENES

<p>Aunque el alumno debe ser responsable en mantener al día su agenda, esta página les ayuda a recordar sus fechas importantes, como exámenes, entrega de trabajos, etc.</p>
