{"id":43,"date":"2016-11-20T20:47:26","date_gmt":"2016-11-20T20:47:26","guid":{"rendered":"http:\/\/blogsaverroes.juntadeandalucia.es\/ticganivet\/?page_id=43"},"modified":"2019-10-25T18:10:04","modified_gmt":"2019-10-25T18:10:04","slug":"etiquetas-html","status":"publish","type":"page","link":"https:\/\/blogsaverroes.juntadeandalucia.es\/ticganivet\/etiquetas-html\/","title":{"rendered":"ETIQUETAS HTML"},"content":{"rendered":"<h2>Estructura b\u00e1sica:<\/h2>\n<p>&lt;!DOCTYPE html&gt;<br \/>\n&lt;html lang=\u00bbes\u00bb&gt;<br \/>\n&lt;head&gt;<br \/>\n&nbsp;&nbsp;&nbsp;&nbsp;&nbsp;&nbsp; &lt;title&gt;&lt;\/title&gt;<br \/>\n&nbsp;&nbsp;&nbsp;&nbsp;&nbsp;&nbsp;&nbsp;&lt;meta charset=\u00bbUTF-8&#8243;&gt;<br \/>\n&lt;\/head&gt;<br \/>\n&lt;body&gt;<\/p>\n<p>&nbsp;&nbsp;&nbsp; &#8230;&#8230;.<\/p>\n<p>&lt;\/body&gt;<br \/>\n&lt;\/html&gt;<\/p>\n<h2>Etiquetas b\u00e1sicas<\/h2>\n<ul>\n<li>Divisi\u00f3n: &lt;div&gt;<\/li>\n<li>P\u00e1rrafo: &lt;p&gt;<\/li>\n<li>Agrupar elementos en l\u00ednea: &lt;span&gt;<\/li>\n<li>Subrayado: &lt;u&gt;<\/li>\n<li>Cursiva o \u00e9nfasis: &lt;em&gt;<\/li>\n<li>Negrita o texto destacado: &lt;strong&gt;<\/li>\n<li>Sub\u00edndice: &lt;sub&gt;<\/li>\n<li>Super\u00edndice: &lt;sup&gt;<\/li>\n<li>Salto de l\u00ednea:&lt;br&gt; (no tiene etiquetaa de cierre)<\/li>\n<li>Separaci\u00f3n horizontal: &lt;hr&gt; (dibuja una l\u00ednea de separaci\u00f3n horizontal en la p\u00e1gina; no tiene etiqueta de cierre)<\/li>\n<\/ul>\n<p>Encabezados<\/p>\n<p>&lt;h1&gt; &lt;\/h1&gt; ;&nbsp;&nbsp;&nbsp;&nbsp; &lt;h2&gt; &lt;\/h2&gt; ;&nbsp;&nbsp;&nbsp; &lt;h3&gt; &lt;\/h3&gt; ;&nbsp;&nbsp;&nbsp; &lt;h4&gt;&lt;\/h4&gt; ;&nbsp;&nbsp;&nbsp; &lt;h5&gt;&lt;\/h5&gt; ;&nbsp;&nbsp;&nbsp; &lt;h6&gt;&lt;\/h6&gt;<\/p>\n<h2>Enlaces<\/h2>\n<p>&lt;a href=\u00bburl\u00bb&gt;texto&lt;\/a&gt;<\/p>\n<h2>Im\u00e1genes<\/h2>\n<p><span class=\"tagnamecolor\"><span class=\"tagcolor\">&lt;<\/span>img<span class=\"attributecolor\"> src<span class=\"attributevaluecolor\">=\u00bbarchivo-imagen\u00bb&gt;<\/span> <\/span><\/span><\/p>\n<p>Atributos: alt, width, height<\/p>\n<h2>Listas<\/h2>\n<h3>Lista desordenada:<\/h3>\n<p>&lt;ul&gt;<br \/>\n&lt;li&gt;&lt;\/li&gt;<br \/>\n&lt;li&gt;&lt;\/li&gt;<br \/>\n&#8230;<\/p>\n<p>&lt;\/ul&gt;<\/p>\n<h3>Lista ordenada:<\/h3>\n<p>&lt;ol&gt;<br \/>\n&lt;li &gt;&lt;\/li&gt;<br \/>\n&lt;li&gt;&lt;\/li&gt;<br \/>\n&#8230;<br \/>\n&lt;\/ol&gt;<\/p>\n<p>Atributos: reversed (invierte el orden), start (establece en qu\u00e9 numeral empieza la lista) y type (indica qu\u00e9 tipo de numeral se va a aplicar; 1, a, A, I, i)<\/p>\n<p>Ejemplo: &lt;ol start=\u00bb1&#8243; reversed type=\u00bbA\u00bb&gt;<\/p>\n<h3>Lista de descripci\u00f3n:<\/h3>\n<p>&lt;dl&gt;<br \/>\n&lt;dt&gt;&lt;\/dt&gt;<br \/>\n&lt;dd&gt;&lt;\/dd&gt;<br \/>\n&lt;dt&gt;&lt;\/dt&gt;<br \/>\n&lt;dd&gt;&lt;\/dd&gt;<br \/>\n&lt;dt&gt;&lt;\/dt&gt;<br \/>\n&lt;dd&gt;&lt;\/dd&gt;<br \/>\n&lt;\/dl&gt;<\/p>\n<p>&nbsp;<\/p>\n<p>&nbsp;<\/p>\n","protected":false},"excerpt":{"rendered":"<p>Estructura b\u00e1sica: &lt;!DOCTYPE html&gt; &lt;html lang=\u00bbes\u00bb&gt; &lt;head&gt; &nbsp;&nbsp;&nbsp;&nbsp;&nbsp;&nbsp; &lt;title&gt;&lt;\/title&gt; &nbsp;&nbsp;&nbsp;&nbsp;&nbsp;&nbsp;&nbsp;&lt;meta charset=\u00bbUTF-8&#8243;&gt; &lt;\/head&gt; &lt;body&gt; &nbsp;&nbsp;&nbsp; &#8230;&#8230;. &lt;\/body&gt; &lt;\/html&gt; Etiquetas b\u00e1sicas Divisi\u00f3n: &lt;div&gt; P\u00e1rrafo: &lt;p&gt; Agrupar elementos en l\u00ednea: &lt;span&gt; Subrayado: &lt;u&gt; Cursiva o \u00e9nfasis: &lt;em&gt;&#46;&#46;&#46;<\/p>\n","protected":false},"author":4163,"featured_media":0,"parent":0,"menu_order":0,"comment_status":"open","ping_status":"open","template":"","meta":{"ngg_post_thumbnail":0,"footnotes":""},"aioseo_notices":[],"_links":{"self":[{"href":"https:\/\/blogsaverroes.juntadeandalucia.es\/ticganivet\/wp-json\/wp\/v2\/pages\/43"}],"collection":[{"href":"https:\/\/blogsaverroes.juntadeandalucia.es\/ticganivet\/wp-json\/wp\/v2\/pages"}],"about":[{"href":"https:\/\/blogsaverroes.juntadeandalucia.es\/ticganivet\/wp-json\/wp\/v2\/types\/page"}],"author":[{"embeddable":true,"href":"https:\/\/blogsaverroes.juntadeandalucia.es\/ticganivet\/wp-json\/wp\/v2\/users\/4163"}],"replies":[{"embeddable":true,"href":"https:\/\/blogsaverroes.juntadeandalucia.es\/ticganivet\/wp-json\/wp\/v2\/comments?post=43"}],"version-history":[{"count":9,"href":"https:\/\/blogsaverroes.juntadeandalucia.es\/ticganivet\/wp-json\/wp\/v2\/pages\/43\/revisions"}],"predecessor-version":[{"id":133,"href":"https:\/\/blogsaverroes.juntadeandalucia.es\/ticganivet\/wp-json\/wp\/v2\/pages\/43\/revisions\/133"}],"wp:attachment":[{"href":"https:\/\/blogsaverroes.juntadeandalucia.es\/ticganivet\/wp-json\/wp\/v2\/media?parent=43"}],"curies":[{"name":"wp","href":"https:\/\/api.w.org\/{rel}","templated":true}]}}