{"id":137,"date":"2022-11-14T20:40:10","date_gmt":"2022-11-14T20:40:10","guid":{"rendered":"https:\/\/blogsaverroes.juntadeandalucia.es\/ticzuloaga\/?page_id=137"},"modified":"2022-11-14T20:42:28","modified_gmt":"2022-11-14T20:42:28","slug":"diario-de-clase-tic","status":"publish","type":"page","link":"https:\/\/blogsaverroes.juntadeandalucia.es\/ticzuloaga\/diario-de-clase-tic\/","title":{"rendered":"Diario de Clase TIC"},"content":{"rendered":"<p><img loading=\"lazy\" decoding=\"async\" class=\" wp-image-138 aligncenter\" src=\"https:\/\/blogsaverroes.juntadeandalucia.es\/ticzuloaga\/files\/2022\/11\/DiarioClase-300x100.png\" alt=\"\" width=\"366\" height=\"122\"><\/p>\n<p>Este diario de clase est\u00e1 pensado para que, si alg\u00fan d\u00eda no puede asistir a clase, pueda <u>desde su casa<\/u>, ver lo trabajado ese d\u00eda (contenidos, actividades, ejercicios, etc.) y, sobre todo, que intente realizar, por su cuenta, lo programado de esa sesi\u00f3n. Esto le permitir\u00e1 no perder el ritmo de clase.&nbsp;<\/p>\n<p>\u00a1Animo y seguro que lo consigue!<\/p>\n","protected":false},"excerpt":{"rendered":"<p>Este diario de clase est\u00e1 pensado para que, si alg\u00fan d\u00eda no puede asistir a clase, pueda desde su casa, ver lo trabajado ese d\u00eda (contenidos, actividades, ejercicios, etc.) y, sobre todo, que intente&#46;&#46;&#46;<\/p>\n","protected":false},"author":16403,"featured_media":0,"parent":0,"menu_order":0,"comment_status":"closed","ping_status":"closed","template":"","meta":{"ngg_post_thumbnail":0,"footnotes":""},"aioseo_notices":[],"_links":{"self":[{"href":"https:\/\/blogsaverroes.juntadeandalucia.es\/ticzuloaga\/wp-json\/wp\/v2\/pages\/137"}],"collection":[{"href":"https:\/\/blogsaverroes.juntadeandalucia.es\/ticzuloaga\/wp-json\/wp\/v2\/pages"}],"about":[{"href":"https:\/\/blogsaverroes.juntadeandalucia.es\/ticzuloaga\/wp-json\/wp\/v2\/types\/page"}],"author":[{"embeddable":true,"href":"https:\/\/blogsaverroes.juntadeandalucia.es\/ticzuloaga\/wp-json\/wp\/v2\/users\/16403"}],"replies":[{"embeddable":true,"href":"https:\/\/blogsaverroes.juntadeandalucia.es\/ticzuloaga\/wp-json\/wp\/v2\/comments?post=137"}],"version-history":[{"count":1,"href":"https:\/\/blogsaverroes.juntadeandalucia.es\/ticzuloaga\/wp-json\/wp\/v2\/pages\/137\/revisions"}],"predecessor-version":[{"id":139,"href":"https:\/\/blogsaverroes.juntadeandalucia.es\/ticzuloaga\/wp-json\/wp\/v2\/pages\/137\/revisions\/139"}],"wp:attachment":[{"href":"https:\/\/blogsaverroes.juntadeandalucia.es\/ticzuloaga\/wp-json\/wp\/v2\/media?parent=137"}],"curies":[{"name":"wp","href":"https:\/\/api.w.org\/{rel}","templated":true}]}}