{"id":65,"date":"2022-11-09T11:14:00","date_gmt":"2022-11-09T11:14:00","guid":{"rendered":"https:\/\/blogsaverroes.juntadeandalucia.es\/ticzuloaga\/?page_id=65"},"modified":"2022-11-09T17:05:22","modified_gmt":"2022-11-09T17:05:22","slug":"presentacion","status":"publish","type":"page","link":"https:\/\/blogsaverroes.juntadeandalucia.es\/ticzuloaga\/presentacion\/","title":{"rendered":"Presentaci\u00f3n"},"content":{"rendered":"<p>Soy Inma Ram\u00edrez&nbsp; maestra del CEPER \u00abPintor Zuloaga\u00bb. Llevo muchos a\u00f1os en el centro impartiendo diferentes planes educativos pero hay uno en especial, el de las TICs.<\/p>\n<p>Es un hecho innegable que, en la actualidad, <b>las TICs<\/b> (Tecnolog\u00edas de la Informaci\u00f3n y Comunicaci\u00f3n) juegan un papel clave en nuestra forma de trabajar, relacionarnos y disfrutar del ocio.&nbsp;Por este motivo, muchos docentes e instituciones educativas se preguntan qu\u00e9 son las TICs educativas adem\u00e1s de c\u00f3mo se pueden integrar f\u00e1cilmente en el aula a diferentes niveles, como parte de <a href=\"https:\/\/thinkoeducation.com\/metodologias-activas\/\" target=\"_blank\" rel=\"noopener noreferrer\">la ense\u00f1anza con metodolog\u00edas activas.<\/a><\/p>\n<p style=\"text-align: center\">Nuestra finalidad es conseguir que todas las personas puedan acceder a las nuevas tecnolog\u00edas y superar la barrera digital que les supone para muchas, tanto para su formaci\u00f3n como para su vida personal, l\u00fadica, etc.<\/p>\n<p style=\"text-align: center\"><img loading=\"lazy\" decoding=\"async\" class=\"alignnone size-medium wp-image-70\" src=\"https:\/\/blogsaverroes.juntadeandalucia.es\/ticzuloaga\/files\/2022\/11\/las-TICS-300x174.jpg\" alt=\"\" width=\"300\" height=\"174\" srcset=\"https:\/\/blogsaverroes.juntadeandalucia.es\/ticzuloaga\/files\/2022\/11\/las-TICS-300x174.jpg 300w, https:\/\/blogsaverroes.juntadeandalucia.es\/ticzuloaga\/files\/2022\/11\/las-TICS.jpg 600w\" sizes=\"(max-width: 300px) 100vw, 300px\" \/><\/p>\n","protected":false},"excerpt":{"rendered":"<p>Soy Inma Ram\u00edrez&nbsp; maestra del CEPER \u00abPintor Zuloaga\u00bb. Llevo muchos a\u00f1os en el centro impartiendo diferentes planes educativos pero hay uno en especial, el de las TICs. Es un hecho innegable que, en la&#46;&#46;&#46;<\/p>\n","protected":false},"author":16403,"featured_media":0,"parent":0,"menu_order":0,"comment_status":"closed","ping_status":"closed","template":"","meta":{"ngg_post_thumbnail":0,"footnotes":""},"aioseo_notices":[],"_links":{"self":[{"href":"https:\/\/blogsaverroes.juntadeandalucia.es\/ticzuloaga\/wp-json\/wp\/v2\/pages\/65"}],"collection":[{"href":"https:\/\/blogsaverroes.juntadeandalucia.es\/ticzuloaga\/wp-json\/wp\/v2\/pages"}],"about":[{"href":"https:\/\/blogsaverroes.juntadeandalucia.es\/ticzuloaga\/wp-json\/wp\/v2\/types\/page"}],"author":[{"embeddable":true,"href":"https:\/\/blogsaverroes.juntadeandalucia.es\/ticzuloaga\/wp-json\/wp\/v2\/users\/16403"}],"replies":[{"embeddable":true,"href":"https:\/\/blogsaverroes.juntadeandalucia.es\/ticzuloaga\/wp-json\/wp\/v2\/comments?post=65"}],"version-history":[{"count":6,"href":"https:\/\/blogsaverroes.juntadeandalucia.es\/ticzuloaga\/wp-json\/wp\/v2\/pages\/65\/revisions"}],"predecessor-version":[{"id":76,"href":"https:\/\/blogsaverroes.juntadeandalucia.es\/ticzuloaga\/wp-json\/wp\/v2\/pages\/65\/revisions\/76"}],"wp:attachment":[{"href":"https:\/\/blogsaverroes.juntadeandalucia.es\/ticzuloaga\/wp-json\/wp\/v2\/media?parent=65"}],"curies":[{"name":"wp","href":"https:\/\/api.w.org\/{rel}","templated":true}]}}