{"id":10496,"date":"2025-02-26T12:31:12","date_gmt":"2025-02-26T12:31:12","guid":{"rendered":"https:\/\/blogsaverroes.juntadeandalucia.es\/tomasapinilla\/?page_id=10496"},"modified":"2025-03-15T15:35:58","modified_gmt":"2025-03-15T15:35:58","slug":"aula-matinal","status":"publish","type":"page","link":"https:\/\/blogsaverroes.juntadeandalucia.es\/tomasapinilla\/espacios-pedagogicos\/aula-matinal\/","title":{"rendered":"Aula Matinal"},"content":{"rendered":"<p>El CEIP Tomasa Pinilla ofrece el Aula Matinal dentro de los<strong> servicios del Plan Familia<\/strong>, junto con el Comedor Escolar y las Actividades Extraescolares.&nbsp;<\/p>\n<p>Nuestra Aula Matinal se estrena en el curso 2025\/26. Es un <strong>aula totalmente renovada<\/strong> con el mobiliario y los materiales necesarios para atender las necesidades de nuestro alumnado.<\/p>\n<p>El Aula Matinal del CEIP Tomasa Pinilla incluye:<\/p>\n<ul>\n<li><strong>Mesa central <\/strong>para desayunar, colorear y jugar a juegos de mesa<\/li>\n<li><strong>Mesa de luz<\/strong> con material manipulativo<\/li>\n<li><strong>Zona de lectura<\/strong> con alfombra, estanter\u00eda con libros y peluches<\/li>\n<li><strong>Rinc\u00f3n de juego simb\u00f3lico <\/strong>con una tienda y comestibles de madera estilo Montessori<\/li>\n<li><strong>Televisi\u00f3n<\/strong> y reproductor de <strong>m\u00fasica<\/strong><\/li>\n<\/ul>\n<p>El Aula Matinal se sit\u00faa en la <strong>planta baja del centro con accesibilidad sin barreras<\/strong> y acceso directo al patio.<\/p>\n<p>Es un aula muy <strong>luminosa<\/strong>, cuenta con grandes ventanales que permiten una <strong>ventilaci\u00f3n<\/strong> continua.<\/p>\n<p>Este aula cuenta con <strong>sistema de climatizaci\u00f3n y eficiencia energ\u00e9tica<\/strong>.&nbsp;<\/p>\n<p>&nbsp;<\/p>\n<p><strong>Solicitud<\/strong>: El Aula Matinal puede solicitarse durante el <strong>periodo de matriculaci\u00f3n del 1 al 10 de junio<\/strong>.<\/p>\n<p>&nbsp;<\/p>\n<p><a href=\"https:\/\/blogsaverroes.juntadeandalucia.es\/tomasapinilla\/files\/2025\/02\/WhatsApp-Image-2025-02-24-at-12.26.19.jpeg\"><img loading=\"lazy\" decoding=\"async\" class=\"alignnone wp-image-10497 size-large\" src=\"https:\/\/blogsaverroes.juntadeandalucia.es\/tomasapinilla\/files\/2025\/02\/WhatsApp-Image-2025-02-24-at-12.26.19-1024x768.jpeg\" alt=\"\" width=\"1024\" height=\"768\" srcset=\"https:\/\/blogsaverroes.juntadeandalucia.es\/tomasapinilla\/files\/2025\/02\/WhatsApp-Image-2025-02-24-at-12.26.19-1024x768.jpeg 1024w, https:\/\/blogsaverroes.juntadeandalucia.es\/tomasapinilla\/files\/2025\/02\/WhatsApp-Image-2025-02-24-at-12.26.19-300x225.jpeg 300w, https:\/\/blogsaverroes.juntadeandalucia.es\/tomasapinilla\/files\/2025\/02\/WhatsApp-Image-2025-02-24-at-12.26.19-768x576.jpeg 768w, https:\/\/blogsaverroes.juntadeandalucia.es\/tomasapinilla\/files\/2025\/02\/WhatsApp-Image-2025-02-24-at-12.26.19-1536x1152.jpeg 1536w, https:\/\/blogsaverroes.juntadeandalucia.es\/tomasapinilla\/files\/2025\/02\/WhatsApp-Image-2025-02-24-at-12.26.19.jpeg 1600w\" sizes=\"(max-width: 1024px) 100vw, 1024px\" \/><\/a> <a href=\"https:\/\/blogsaverroes.juntadeandalucia.es\/tomasapinilla\/files\/2025\/02\/WhatsApp-Image-2025-02-24-at-12.26.20.jpeg\"><img loading=\"lazy\" decoding=\"async\" class=\"alignnone wp-image-10501 size-large\" src=\"https:\/\/blogsaverroes.juntadeandalucia.es\/tomasapinilla\/files\/2025\/02\/WhatsApp-Image-2025-02-24-at-12.26.20-1024x768.jpeg\" alt=\"\" width=\"1024\" height=\"768\" srcset=\"https:\/\/blogsaverroes.juntadeandalucia.es\/tomasapinilla\/files\/2025\/02\/WhatsApp-Image-2025-02-24-at-12.26.20-1024x768.jpeg 1024w, https:\/\/blogsaverroes.juntadeandalucia.es\/tomasapinilla\/files\/2025\/02\/WhatsApp-Image-2025-02-24-at-12.26.20-300x225.jpeg 300w, https:\/\/blogsaverroes.juntadeandalucia.es\/tomasapinilla\/files\/2025\/02\/WhatsApp-Image-2025-02-24-at-12.26.20-768x576.jpeg 768w, https:\/\/blogsaverroes.juntadeandalucia.es\/tomasapinilla\/files\/2025\/02\/WhatsApp-Image-2025-02-24-at-12.26.20-1536x1152.jpeg 1536w, https:\/\/blogsaverroes.juntadeandalucia.es\/tomasapinilla\/files\/2025\/02\/WhatsApp-Image-2025-02-24-at-12.26.20.jpeg 1600w\" sizes=\"(max-width: 1024px) 100vw, 1024px\" \/><\/a><img loading=\"lazy\" decoding=\"async\" class=\"alignnone wp-image-10498 size-large\" src=\"https:\/\/blogsaverroes.juntadeandalucia.es\/tomasapinilla\/files\/2025\/02\/WhatsApp-Image-2025-02-24-at-12.26.20-1-1024x768.jpeg\" alt=\"\" width=\"1024\" height=\"768\" srcset=\"https:\/\/blogsaverroes.juntadeandalucia.es\/tomasapinilla\/files\/2025\/02\/WhatsApp-Image-2025-02-24-at-12.26.20-1-1024x768.jpeg 1024w, https:\/\/blogsaverroes.juntadeandalucia.es\/tomasapinilla\/files\/2025\/02\/WhatsApp-Image-2025-02-24-at-12.26.20-1-300x225.jpeg 300w, https:\/\/blogsaverroes.juntadeandalucia.es\/tomasapinilla\/files\/2025\/02\/WhatsApp-Image-2025-02-24-at-12.26.20-1-768x576.jpeg 768w, https:\/\/blogsaverroes.juntadeandalucia.es\/tomasapinilla\/files\/2025\/02\/WhatsApp-Image-2025-02-24-at-12.26.20-1-1536x1152.jpeg 1536w, https:\/\/blogsaverroes.juntadeandalucia.es\/tomasapinilla\/files\/2025\/02\/WhatsApp-Image-2025-02-24-at-12.26.20-1.jpeg 2048w\" sizes=\"(max-width: 1024px) 100vw, 1024px\" \/> <a href=\"https:\/\/blogsaverroes.juntadeandalucia.es\/tomasapinilla\/files\/2025\/02\/WhatsApp-Image-2025-02-24-at-12.26.20-2.jpeg\"><img loading=\"lazy\" decoding=\"async\" class=\"alignnone wp-image-10499 size-large\" src=\"https:\/\/blogsaverroes.juntadeandalucia.es\/tomasapinilla\/files\/2025\/02\/WhatsApp-Image-2025-02-24-at-12.26.20-2-1024x768.jpeg\" alt=\"\" width=\"1024\" height=\"768\" srcset=\"https:\/\/blogsaverroes.juntadeandalucia.es\/tomasapinilla\/files\/2025\/02\/WhatsApp-Image-2025-02-24-at-12.26.20-2-1024x768.jpeg 1024w, https:\/\/blogsaverroes.juntadeandalucia.es\/tomasapinilla\/files\/2025\/02\/WhatsApp-Image-2025-02-24-at-12.26.20-2-300x225.jpeg 300w, https:\/\/blogsaverroes.juntadeandalucia.es\/tomasapinilla\/files\/2025\/02\/WhatsApp-Image-2025-02-24-at-12.26.20-2-768x576.jpeg 768w, https:\/\/blogsaverroes.juntadeandalucia.es\/tomasapinilla\/files\/2025\/02\/WhatsApp-Image-2025-02-24-at-12.26.20-2-1536x1152.jpeg 1536w, https:\/\/blogsaverroes.juntadeandalucia.es\/tomasapinilla\/files\/2025\/02\/WhatsApp-Image-2025-02-24-at-12.26.20-2.jpeg 1600w\" sizes=\"(max-width: 1024px) 100vw, 1024px\" \/><\/a> <a href=\"https:\/\/blogsaverroes.juntadeandalucia.es\/tomasapinilla\/files\/2025\/02\/WhatsApp-Image-2025-02-24-at-12.26.20-3.jpeg\"><img loading=\"lazy\" decoding=\"async\" class=\"alignnone wp-image-10500 size-large\" src=\"https:\/\/blogsaverroes.juntadeandalucia.es\/tomasapinilla\/files\/2025\/02\/WhatsApp-Image-2025-02-24-at-12.26.20-3-1024x768.jpeg\" alt=\"\" width=\"1024\" height=\"768\" srcset=\"https:\/\/blogsaverroes.juntadeandalucia.es\/tomasapinilla\/files\/2025\/02\/WhatsApp-Image-2025-02-24-at-12.26.20-3-1024x768.jpeg 1024w, https:\/\/blogsaverroes.juntadeandalucia.es\/tomasapinilla\/files\/2025\/02\/WhatsApp-Image-2025-02-24-at-12.26.20-3-300x225.jpeg 300w, https:\/\/blogsaverroes.juntadeandalucia.es\/tomasapinilla\/files\/2025\/02\/WhatsApp-Image-2025-02-24-at-12.26.20-3-768x576.jpeg 768w, https:\/\/blogsaverroes.juntadeandalucia.es\/tomasapinilla\/files\/2025\/02\/WhatsApp-Image-2025-02-24-at-12.26.20-3-1536x1152.jpeg 1536w, https:\/\/blogsaverroes.juntadeandalucia.es\/tomasapinilla\/files\/2025\/02\/WhatsApp-Image-2025-02-24-at-12.26.20-3.jpeg 1600w\" sizes=\"(max-width: 1024px) 100vw, 1024px\" \/><\/a><a href=\"https:\/\/blogsaverroes.juntadeandalucia.es\/tomasapinilla\/files\/2025\/02\/WhatsApp-Image-2025-02-24-at-12.26.21.jpeg\"><img loading=\"lazy\" decoding=\"async\" class=\"alignnone wp-image-10504 size-large\" src=\"https:\/\/blogsaverroes.juntadeandalucia.es\/tomasapinilla\/files\/2025\/02\/WhatsApp-Image-2025-02-24-at-12.26.21-1024x768.jpeg\" alt=\"\" width=\"1024\" height=\"768\" srcset=\"https:\/\/blogsaverroes.juntadeandalucia.es\/tomasapinilla\/files\/2025\/02\/WhatsApp-Image-2025-02-24-at-12.26.21-1024x768.jpeg 1024w, https:\/\/blogsaverroes.juntadeandalucia.es\/tomasapinilla\/files\/2025\/02\/WhatsApp-Image-2025-02-24-at-12.26.21-300x225.jpeg 300w, https:\/\/blogsaverroes.juntadeandalucia.es\/tomasapinilla\/files\/2025\/02\/WhatsApp-Image-2025-02-24-at-12.26.21-768x576.jpeg 768w, https:\/\/blogsaverroes.juntadeandalucia.es\/tomasapinilla\/files\/2025\/02\/WhatsApp-Image-2025-02-24-at-12.26.21-1536x1152.jpeg 1536w, https:\/\/blogsaverroes.juntadeandalucia.es\/tomasapinilla\/files\/2025\/02\/WhatsApp-Image-2025-02-24-at-12.26.21.jpeg 1600w\" sizes=\"(max-width: 1024px) 100vw, 1024px\" \/><\/a> <a href=\"https:\/\/blogsaverroes.juntadeandalucia.es\/tomasapinilla\/files\/2025\/02\/WhatsApp-Image-2025-02-24-at-12.26.21-1.jpeg\"><img loading=\"lazy\" decoding=\"async\" class=\"alignnone wp-image-10502 size-large\" src=\"https:\/\/blogsaverroes.juntadeandalucia.es\/tomasapinilla\/files\/2025\/02\/WhatsApp-Image-2025-02-24-at-12.26.21-1-1024x768.jpeg\" alt=\"\" width=\"1024\" height=\"768\" srcset=\"https:\/\/blogsaverroes.juntadeandalucia.es\/tomasapinilla\/files\/2025\/02\/WhatsApp-Image-2025-02-24-at-12.26.21-1-1024x768.jpeg 1024w, https:\/\/blogsaverroes.juntadeandalucia.es\/tomasapinilla\/files\/2025\/02\/WhatsApp-Image-2025-02-24-at-12.26.21-1-300x225.jpeg 300w, https:\/\/blogsaverroes.juntadeandalucia.es\/tomasapinilla\/files\/2025\/02\/WhatsApp-Image-2025-02-24-at-12.26.21-1-768x576.jpeg 768w, https:\/\/blogsaverroes.juntadeandalucia.es\/tomasapinilla\/files\/2025\/02\/WhatsApp-Image-2025-02-24-at-12.26.21-1-1536x1152.jpeg 1536w, https:\/\/blogsaverroes.juntadeandalucia.es\/tomasapinilla\/files\/2025\/02\/WhatsApp-Image-2025-02-24-at-12.26.21-1.jpeg 1600w\" sizes=\"(max-width: 1024px) 100vw, 1024px\" \/><\/a><a href=\"https:\/\/blogsaverroes.juntadeandalucia.es\/tomasapinilla\/files\/2025\/02\/WhatsApp-Image-2025-02-24-at-12.26.21-2.jpeg\"><img loading=\"lazy\" decoding=\"async\" class=\"alignnone wp-image-10503 size-large\" src=\"https:\/\/blogsaverroes.juntadeandalucia.es\/tomasapinilla\/files\/2025\/02\/WhatsApp-Image-2025-02-24-at-12.26.21-2-1024x768.jpeg\" alt=\"\" width=\"1024\" height=\"768\" srcset=\"https:\/\/blogsaverroes.juntadeandalucia.es\/tomasapinilla\/files\/2025\/02\/WhatsApp-Image-2025-02-24-at-12.26.21-2-1024x768.jpeg 1024w, https:\/\/blogsaverroes.juntadeandalucia.es\/tomasapinilla\/files\/2025\/02\/WhatsApp-Image-2025-02-24-at-12.26.21-2-300x225.jpeg 300w, https:\/\/blogsaverroes.juntadeandalucia.es\/tomasapinilla\/files\/2025\/02\/WhatsApp-Image-2025-02-24-at-12.26.21-2-768x576.jpeg 768w, https:\/\/blogsaverroes.juntadeandalucia.es\/tomasapinilla\/files\/2025\/02\/WhatsApp-Image-2025-02-24-at-12.26.21-2-1536x1152.jpeg 1536w, https:\/\/blogsaverroes.juntadeandalucia.es\/tomasapinilla\/files\/2025\/02\/WhatsApp-Image-2025-02-24-at-12.26.21-2.jpeg 2048w\" sizes=\"(max-width: 1024px) 100vw, 1024px\" \/><\/a><a href=\"https:\/\/blogsaverroes.juntadeandalucia.es\/tomasapinilla\/files\/2025\/02\/WhatsApp-Image-2025-02-24-at-12.31.58.jpeg\"><img loading=\"lazy\" decoding=\"async\" class=\"alignnone wp-image-10505 size-large\" src=\"https:\/\/blogsaverroes.juntadeandalucia.es\/tomasapinilla\/files\/2025\/02\/WhatsApp-Image-2025-02-24-at-12.31.58-1024x768.jpeg\" alt=\"\" width=\"1024\" height=\"768\" srcset=\"https:\/\/blogsaverroes.juntadeandalucia.es\/tomasapinilla\/files\/2025\/02\/WhatsApp-Image-2025-02-24-at-12.31.58-1024x768.jpeg 1024w, https:\/\/blogsaverroes.juntadeandalucia.es\/tomasapinilla\/files\/2025\/02\/WhatsApp-Image-2025-02-24-at-12.31.58-300x225.jpeg 300w, https:\/\/blogsaverroes.juntadeandalucia.es\/tomasapinilla\/files\/2025\/02\/WhatsApp-Image-2025-02-24-at-12.31.58-768x576.jpeg 768w, https:\/\/blogsaverroes.juntadeandalucia.es\/tomasapinilla\/files\/2025\/02\/WhatsApp-Image-2025-02-24-at-12.31.58-1536x1152.jpeg 1536w, https:\/\/blogsaverroes.juntadeandalucia.es\/tomasapinilla\/files\/2025\/02\/WhatsApp-Image-2025-02-24-at-12.31.58.jpeg 1600w\" sizes=\"(max-width: 1024px) 100vw, 1024px\" \/><\/a><\/p>\n<div id=\"block-terra-page-title\" class=\"block block-core block-page-title-block\">\n<div class=\"content\">\n<blockquote>\n<h3 class=\"title\"><span class=\"field field--name-title field--type-string field--label-hidden\">Aula matinal<\/span><\/h3>\n<\/blockquote>\n<\/div>\n<\/div>\n<div id=\"block-terra-content\" class=\"block block-system block-system-main-block\">\n<div class=\"content\">\n<article class=\"node node--type-pagina-estandar node--promoted node--view-mode-full clearfix\" role=\"article\">\n<div class=\"node__content clearfix\">\n<div class=\"layout--cont-estruct container clearfix\">\n<div class=\"row\">\n<div class=\"col-12 col-md-12 col-lg-8\">\n<blockquote>\n<div class=\"col-12\">Es una actividad promovida por la Junta de Andaluc\u00eda para dar respuesta a la creciente demanda originada por las exigencias laborales de los padres y madres andaluzas, quienes se ven en la necesidad de delegar el cuidado de sus hijos e hijas durante el horario de 7:30 a 9:00 h., momento en el que da comienzo la actividad escolar. Durante este per\u00edodo de tiempo, los ni\u00f1os y ni\u00f1as realizan diversas actividades de car\u00e1cter l\u00fadico y educativo adecuadas a su edad y desarrollo madurativo. Entre otras muchas, se realizan actividades pl\u00e1sticas, dibujo, lectura, psicomotricidad, juegos populares, etc.<\/div>\n<\/blockquote>\n<div class=\"cont-secc col-12 contenidos_nivel3 editor\">\n<div class=\"block block-layout-builder block-field-blocknodepagina-estandarfield-contenido\">\n<div class=\"content\">\n<div class=\"clearfix text-formatted field field--name-field-contenido field--type-text-with-summary field--label-hidden field__item\">\n<blockquote><p>La atenci\u00f3n al alumnado de aula matinal se realiza por personal cualificado, entre cuyas funciones est\u00e1n las medidas de vigilancia y atenci\u00f3n educativa que precisen los menores en funci\u00f3n de su edad y necesidades.<\/p>\n<p>&nbsp;<\/p><\/blockquote>\n<\/div>\n<\/div>\n<\/div>\n<\/div>\n<\/div>\n<\/div>\n<\/div>\n<\/div>\n<\/article>\n<\/div>\n<\/div>\n<p>M\u00e1s informaci\u00f3n en la secretar\u00eda del CEIP Tomasa Pinilla (todos los d\u00edas de 13:30h a 14:00h) y en la web de la Junta de Andaluc\u00eda: <a href=\"https:\/\/juntadeandalucia.es\/servicios\/sede\/tramites\/procedimientos\/detalle\/25586.html\">https:\/\/juntadeandalucia.es\/servicios\/sede\/tramites\/procedimientos\/detalle\/25586.html<\/a><\/p>\n<p>&nbsp;<\/p>\n<p>\u00a1Nuestra Aula Matinal es noticia!<\/p>\n<p><a href=\"https:\/\/www.diariodejerez.es\/jerez\/ceip-tomasa-pinilla-contara-servicio-aula-matinal-curso-25-26_0_2003397913.html\">https:\/\/www.diariodejerez.es\/jerez\/ceip-tomasa-pinilla-contara-servicio-aula-matinal-curso-25-26_0_2003397913.html<\/a><\/p>\n<p><a href=\"https:\/\/blogsaverroes.juntadeandalucia.es\/tomasapinilla\/files\/2025\/02\/WhatsApp-Image-2025-02-26-at-13.30.08.jpeg\"><img loading=\"lazy\" decoding=\"async\" class=\"alignnone wp-image-10511\" src=\"https:\/\/blogsaverroes.juntadeandalucia.es\/tomasapinilla\/files\/2025\/02\/WhatsApp-Image-2025-02-26-at-13.30.08-300x295.jpeg\" alt=\"\" width=\"432\" height=\"425\" srcset=\"https:\/\/blogsaverroes.juntadeandalucia.es\/tomasapinilla\/files\/2025\/02\/WhatsApp-Image-2025-02-26-at-13.30.08-300x295.jpeg 300w, https:\/\/blogsaverroes.juntadeandalucia.es\/tomasapinilla\/files\/2025\/02\/WhatsApp-Image-2025-02-26-at-13.30.08-80x80.jpeg 80w, https:\/\/blogsaverroes.juntadeandalucia.es\/tomasapinilla\/files\/2025\/02\/WhatsApp-Image-2025-02-26-at-13.30.08.jpeg 750w\" sizes=\"(max-width: 432px) 100vw, 432px\" \/><\/a><\/p>\n","protected":false},"excerpt":{"rendered":"<p>El CEIP Tomasa Pinilla ofrece el Aula Matinal dentro de los servicios del Plan Familia, junto con el Comedor Escolar y las Actividades Extraescolares.&nbsp; Nuestra Aula Matinal se estrena en&#46;&#46;&#46;<\/p>\n","protected":false},"author":20221,"featured_media":10503,"parent":7533,"menu_order":0,"comment_status":"closed","ping_status":"closed","template":"page-templates\/child-menu.php","meta":{"_exactmetrics_skip_tracking":false,"_exactmetrics_sitenote_active":false,"_exactmetrics_sitenote_note":"","_exactmetrics_sitenote_category":0,"ngg_post_thumbnail":0,"footnotes":"","_mc_calendar":[]},"aioseo_notices":[],"post_mailing_queue_ids":[],"_links":{"self":[{"href":"https:\/\/blogsaverroes.juntadeandalucia.es\/tomasapinilla\/wp-json\/wp\/v2\/pages\/10496"}],"collection":[{"href":"https:\/\/blogsaverroes.juntadeandalucia.es\/tomasapinilla\/wp-json\/wp\/v2\/pages"}],"about":[{"href":"https:\/\/blogsaverroes.juntadeandalucia.es\/tomasapinilla\/wp-json\/wp\/v2\/types\/page"}],"author":[{"embeddable":true,"href":"https:\/\/blogsaverroes.juntadeandalucia.es\/tomasapinilla\/wp-json\/wp\/v2\/users\/20221"}],"replies":[{"embeddable":true,"href":"https:\/\/blogsaverroes.juntadeandalucia.es\/tomasapinilla\/wp-json\/wp\/v2\/comments?post=10496"}],"version-history":[{"count":4,"href":"https:\/\/blogsaverroes.juntadeandalucia.es\/tomasapinilla\/wp-json\/wp\/v2\/pages\/10496\/revisions"}],"predecessor-version":[{"id":10512,"href":"https:\/\/blogsaverroes.juntadeandalucia.es\/tomasapinilla\/wp-json\/wp\/v2\/pages\/10496\/revisions\/10512"}],"up":[{"embeddable":true,"href":"https:\/\/blogsaverroes.juntadeandalucia.es\/tomasapinilla\/wp-json\/wp\/v2\/pages\/7533"}],"wp:featuredmedia":[{"embeddable":true,"href":"https:\/\/blogsaverroes.juntadeandalucia.es\/tomasapinilla\/wp-json\/wp\/v2\/media\/10503"}],"wp:attachment":[{"href":"https:\/\/blogsaverroes.juntadeandalucia.es\/tomasapinilla\/wp-json\/wp\/v2\/media?parent=10496"}],"curies":[{"name":"wp","href":"https:\/\/api.w.org\/{rel}","templated":true}]}}