{"id":10689,"date":"2025-03-08T11:09:08","date_gmt":"2025-03-08T11:09:08","guid":{"rendered":"https:\/\/blogsaverroes.juntadeandalucia.es\/tomasapinilla\/?page_id=10689"},"modified":"2025-03-15T15:55:28","modified_gmt":"2025-03-15T15:55:28","slug":"metodologia","status":"publish","type":"page","link":"https:\/\/blogsaverroes.juntadeandalucia.es\/tomasapinilla\/nuestrocentro\/metodologia\/","title":{"rendered":"Metodolog\u00eda"},"content":{"rendered":"<p><span style=\"font-weight: 400\">Nuestro centro se caracteriza por un Plan de Centro vanguardista que parte de metodolog\u00edas activas con el alumnado como protagonista.<\/span><\/p>\n<p><span style=\"font-weight: 400\">El <\/span><b>Aprendizaje Cooperativo<\/b><span style=\"font-weight: 400\"> favorece el trabajo en grupo para alcanzar metas comunes. Nuestras aulas se distribuyen en grupos cooperativos. Cada ni\u00f1o\/a&nbsp; tiene una funci\u00f3n dentro de su grupo (secretario, observador, coordinador o portavoz), siendo un miembro importante en \u00e9l. El Aprendizaje Cooperativo desarrolla una interacci\u00f3n positiva entre el alumnado y participaci\u00f3n equitativa en las tareas trabajadas.<\/span><span style=\"font-weight: 400\"><a href=\"https:\/\/blogsaverroes.juntadeandalucia.es\/tomasapinilla\/files\/2025\/03\/APRENDIZAJE-COOPERATIVO.png\"><img loading=\"lazy\" decoding=\"async\" class=\"wp-image-10869 aligncenter\" src=\"https:\/\/blogsaverroes.juntadeandalucia.es\/tomasapinilla\/files\/2025\/03\/APRENDIZAJE-COOPERATIVO-e1742054099168-300x208.png\" alt=\"\" width=\"173\" height=\"120\" srcset=\"https:\/\/blogsaverroes.juntadeandalucia.es\/tomasapinilla\/files\/2025\/03\/APRENDIZAJE-COOPERATIVO-e1742054099168-300x208.png 300w, https:\/\/blogsaverroes.juntadeandalucia.es\/tomasapinilla\/files\/2025\/03\/APRENDIZAJE-COOPERATIVO-e1742054099168-768x531.png 768w, https:\/\/blogsaverroes.juntadeandalucia.es\/tomasapinilla\/files\/2025\/03\/APRENDIZAJE-COOPERATIVO-e1742054099168.png 837w\" sizes=\"(max-width: 173px) 100vw, 173px\" \/><\/a><\/span><\/p>\n<p>&nbsp;<\/p>\n<p><span style=\"font-weight: 400\">La clave del<\/span><b> Aprendizaje Basado en N\u00fameros (ABN) <\/b><span style=\"font-weight: 400\">es acercar las matem\u00e1ticas al alumnado desde una perspectiva natural y contextualizada a la vida diaria de los ni\u00f1os\/as. El ABN se basa en la descomposici\u00f3n, la numeraci\u00f3n y el c\u00e1lculo mental utilizando materiales manipulativos (palillos, bloques, \u2026) y partiendo siempre de problemas reales y el inter\u00e9s del alumnado.&nbsp;<\/span><\/p>\n<p><a href=\"https:\/\/blogsaverroes.juntadeandalucia.es\/tomasapinilla\/files\/2025\/03\/ABN.png\"><img loading=\"lazy\" decoding=\"async\" class=\"wp-image-10867 aligncenter\" src=\"https:\/\/blogsaverroes.juntadeandalucia.es\/tomasapinilla\/files\/2025\/03\/ABN-300x300.png\" alt=\"\" width=\"120\" height=\"120\" srcset=\"https:\/\/blogsaverroes.juntadeandalucia.es\/tomasapinilla\/files\/2025\/03\/ABN-300x300.png 300w, https:\/\/blogsaverroes.juntadeandalucia.es\/tomasapinilla\/files\/2025\/03\/ABN-150x150.png 150w, https:\/\/blogsaverroes.juntadeandalucia.es\/tomasapinilla\/files\/2025\/03\/ABN-80x80.png 80w, https:\/\/blogsaverroes.juntadeandalucia.es\/tomasapinilla\/files\/2025\/03\/ABN-320x320.png 320w, https:\/\/blogsaverroes.juntadeandalucia.es\/tomasapinilla\/files\/2025\/03\/ABN.png 512w\" sizes=\"(max-width: 120px) 100vw, 120px\" \/><\/a><\/p>\n<p>&nbsp;<\/p>\n<p><span style=\"font-weight: 400\">El <\/span><b>Aprendizaje Basado en Proyectos (ABP)<\/b><span style=\"font-weight: 400\">&nbsp;se basa en trabajar alrededor de un mismo tema\/proyecto en todas las \u00e1reas. Cada proyecto comienza con una actividad motivadora para el alumnado y finaliza con un producto final que compartimos con nuestras familias y a trav\u00e9s de nuestras redes sociales (instagram, facebook y blog averroes).&nbsp;<\/span><a href=\"https:\/\/blogsaverroes.juntadeandalucia.es\/tomasapinilla\/files\/2025\/03\/ABP.png\"><img loading=\"lazy\" decoding=\"async\" class=\"wp-image-10868 aligncenter\" src=\"https:\/\/blogsaverroes.juntadeandalucia.es\/tomasapinilla\/files\/2025\/03\/ABP-300x283.png\" alt=\"\" width=\"127\" height=\"120\" srcset=\"https:\/\/blogsaverroes.juntadeandalucia.es\/tomasapinilla\/files\/2025\/03\/ABP-300x283.png 300w, https:\/\/blogsaverroes.juntadeandalucia.es\/tomasapinilla\/files\/2025\/03\/ABP.png 633w\" sizes=\"(max-width: 127px) 100vw, 127px\" \/><\/a><\/p>\n","protected":false},"excerpt":{"rendered":"<p>Nuestro centro se caracteriza por un Plan de Centro vanguardista que parte de metodolog\u00edas activas con el alumnado como protagonista. El Aprendizaje Cooperativo favorece el trabajo en grupo para alcanzar&#46;&#46;&#46;<\/p>\n","protected":false},"author":20221,"featured_media":0,"parent":77,"menu_order":0,"comment_status":"closed","ping_status":"closed","template":"page-templates\/child-menu.php","meta":{"_exactmetrics_skip_tracking":false,"_exactmetrics_sitenote_active":false,"_exactmetrics_sitenote_note":"","_exactmetrics_sitenote_category":0,"ngg_post_thumbnail":0,"footnotes":"","_mc_calendar":[]},"aioseo_notices":[],"post_mailing_queue_ids":[],"_links":{"self":[{"href":"https:\/\/blogsaverroes.juntadeandalucia.es\/tomasapinilla\/wp-json\/wp\/v2\/pages\/10689"}],"collection":[{"href":"https:\/\/blogsaverroes.juntadeandalucia.es\/tomasapinilla\/wp-json\/wp\/v2\/pages"}],"about":[{"href":"https:\/\/blogsaverroes.juntadeandalucia.es\/tomasapinilla\/wp-json\/wp\/v2\/types\/page"}],"author":[{"embeddable":true,"href":"https:\/\/blogsaverroes.juntadeandalucia.es\/tomasapinilla\/wp-json\/wp\/v2\/users\/20221"}],"replies":[{"embeddable":true,"href":"https:\/\/blogsaverroes.juntadeandalucia.es\/tomasapinilla\/wp-json\/wp\/v2\/comments?post=10689"}],"version-history":[{"count":4,"href":"https:\/\/blogsaverroes.juntadeandalucia.es\/tomasapinilla\/wp-json\/wp\/v2\/pages\/10689\/revisions"}],"predecessor-version":[{"id":10870,"href":"https:\/\/blogsaverroes.juntadeandalucia.es\/tomasapinilla\/wp-json\/wp\/v2\/pages\/10689\/revisions\/10870"}],"up":[{"embeddable":true,"href":"https:\/\/blogsaverroes.juntadeandalucia.es\/tomasapinilla\/wp-json\/wp\/v2\/pages\/77"}],"wp:attachment":[{"href":"https:\/\/blogsaverroes.juntadeandalucia.es\/tomasapinilla\/wp-json\/wp\/v2\/media?parent=10689"}],"curies":[{"name":"wp","href":"https:\/\/api.w.org\/{rel}","templated":true}]}}