{"id":10696,"date":"2025-03-08T11:32:26","date_gmt":"2025-03-08T11:32:26","guid":{"rendered":"https:\/\/blogsaverroes.juntadeandalucia.es\/tomasapinilla\/?page_id=10696"},"modified":"2025-03-15T15:59:35","modified_gmt":"2025-03-15T15:59:35","slug":"nuestra-historia","status":"publish","type":"page","link":"https:\/\/blogsaverroes.juntadeandalucia.es\/tomasapinilla\/nuestrocentro\/nuestra-historia\/","title":{"rendered":"Nuestra historia"},"content":{"rendered":"<blockquote><p><i>El CEIP Tomasa Pinilla es el m\u00e1s antiguo de todos los centros p\u00fablicos de Guadalcac\u00edn. Est\u00e1 ubicado en la plaza de la Artesan\u00eda, junto a la Iglesia, y se proyect\u00f3 en el plano originario de Guadalcac\u00edn, que data de 1955, e inclu\u00eda las llamadas casas de los maestros. (Fuente:&nbsp;<\/i><a href=\"https:\/\/www.guadalcacin.es\/areas\/educacion\"><i>https:\/\/www.guadalcacin.es\/areas\/educacion<\/i><\/a><i>)<\/i><\/p><\/blockquote>\n<p><span class=\"fontstyle0\">&nbsp;<a href=\"https:\/\/blogsaverroes.juntadeandalucia.es\/tomasapinilla\/files\/2025\/03\/Captura-de-Pantalla-2025-03-15-a-las-16.57.27.png\"><img loading=\"lazy\" decoding=\"async\" class=\" wp-image-10872 aligncenter\" src=\"https:\/\/blogsaverroes.juntadeandalucia.es\/tomasapinilla\/files\/2025\/03\/Captura-de-Pantalla-2025-03-15-a-las-16.57.27-300x167.png\" alt=\"\" width=\"300\" height=\"167\" srcset=\"https:\/\/blogsaverroes.juntadeandalucia.es\/tomasapinilla\/files\/2025\/03\/Captura-de-Pantalla-2025-03-15-a-las-16.57.27-300x167.png 300w, https:\/\/blogsaverroes.juntadeandalucia.es\/tomasapinilla\/files\/2025\/03\/Captura-de-Pantalla-2025-03-15-a-las-16.57.27-1024x569.png 1024w, https:\/\/blogsaverroes.juntadeandalucia.es\/tomasapinilla\/files\/2025\/03\/Captura-de-Pantalla-2025-03-15-a-las-16.57.27-768x427.png 768w, https:\/\/blogsaverroes.juntadeandalucia.es\/tomasapinilla\/files\/2025\/03\/Captura-de-Pantalla-2025-03-15-a-las-16.57.27-1536x853.png 1536w, https:\/\/blogsaverroes.juntadeandalucia.es\/tomasapinilla\/files\/2025\/03\/Captura-de-Pantalla-2025-03-15-a-las-16.57.27-2048x1137.png 2048w\" sizes=\"(max-width: 300px) 100vw, 300px\" \/><\/a><\/span><\/p>\n<p><span style=\"font-weight: 400\">A pesar de ser el centro educativo m\u00e1s antiguo de la pedan\u00eda de Guadalcac\u00edn, nuestro Plan de Centro sigue las l\u00edneas pedag\u00f3gicas actuales y trabajamos <\/span><b>metodolog\u00edas activas<\/b><span style=\"font-weight: 400\"> donde nuestro alumnado es el centro de los procesos de ense\u00f1anza. Los pilares fundamentales de nuestro centro es el <\/span><b>aprendizaje significativo, igualitario e inclusivo.&nbsp;<\/b><\/p>\n<p><span style=\"font-weight: 400\">Paralelamente a la modernizaci\u00f3n de nuestra metodolog\u00eda, en los \u00faltimos a\u00f1os se han hecho continuas <\/span><b>reformas y mejoras<\/b><span style=\"font-weight: 400\"> para la modernizaci\u00f3n de las instalaciones. Hemos realizado las obras de bioclimatizaci\u00f3n e instalado paneles de energ\u00eda fotovoltaica, renovamos nuestras aulas y espacios adapt\u00e1ndolas a las necesidades de nuestros escolares, mejoramos las instalaciones y dotamos las aulas de equipos electr\u00f3nicos como pantallas t\u00e1ctiles digitales, port\u00e1tiles y tablets, etc.<\/span><\/p>\n<p><span class=\"fontstyle0\"> <a href=\"https:\/\/blogsaverroes.juntadeandalucia.es\/tomasapinilla\/files\/2025\/03\/Patio-768x576-1.jpg\"><img loading=\"lazy\" decoding=\"async\" class=\"wp-image-10871 aligncenter\" src=\"https:\/\/blogsaverroes.juntadeandalucia.es\/tomasapinilla\/files\/2025\/03\/Patio-768x576-1-300x225.jpg\" alt=\"\" width=\"300\" height=\"225\" srcset=\"https:\/\/blogsaverroes.juntadeandalucia.es\/tomasapinilla\/files\/2025\/03\/Patio-768x576-1-300x225.jpg 300w, https:\/\/blogsaverroes.juntadeandalucia.es\/tomasapinilla\/files\/2025\/03\/Patio-768x576-1.jpg 768w\" sizes=\"(max-width: 300px) 100vw, 300px\" \/><\/a><\/span><\/p>\n<p><span style=\"font-weight: 400\">EL CEIP TOMASA PINILLA ES&#8230;<\/span><\/p>\n<p><span style=\"font-weight: 400\">Una escuela en la que <strong>los protagonistas son nuestros alumnos y alumnas.<\/strong>&nbsp;<\/span><\/p>\n<p><span style=\"font-weight: 400\">Una escuela que se orienta al tratamiento transversal de las a\u0301reas a trav\u00e9s del <strong>Aprendizaje Basado en Proyectos<\/strong> (ABP)<\/span><\/p>\n<p><span style=\"font-weight: 400\">Una escuela que<strong> ense\u00f1a valores<\/strong>: el respeto por los dem\u00e1s y nuestro entorno, la empat\u00eda,&nbsp;el compa\u00f1erismo, la igualdad, la tolerancia y, sobre todo, la inclusi\u00f3n.<\/span><\/p>\n<p><span style=\"font-weight: 400\">Una <strong>escuela inclusiva<\/strong>, sin barreras, ni pedag\u00f3gicas ni arquitect\u00f3nicas.&nbsp;<\/span><\/p>\n<p><span style=\"font-weight: 400\">Una escuela que garantiza los <strong>derechos de la infancia<\/strong>.<\/span><\/p>\n<p><span style=\"font-weight: 400\">Una escuela <strong>para todos y todas<\/strong>.&nbsp;<\/span><\/p>\n<p><span style=\"font-weight: 400\">Tu escuela <strong>p\u00fablica de calidad<\/strong>.<\/span><\/p>\n","protected":false},"excerpt":{"rendered":"<p>El CEIP Tomasa Pinilla es el m\u00e1s antiguo de todos los centros p\u00fablicos de Guadalcac\u00edn. Est\u00e1 ubicado en la plaza de la Artesan\u00eda, junto a la Iglesia, y se proyect\u00f3&#46;&#46;&#46;<\/p>\n","protected":false},"author":20221,"featured_media":0,"parent":77,"menu_order":0,"comment_status":"closed","ping_status":"closed","template":"page-templates\/child-menu.php","meta":{"_exactmetrics_skip_tracking":false,"_exactmetrics_sitenote_active":false,"_exactmetrics_sitenote_note":"","_exactmetrics_sitenote_category":0,"ngg_post_thumbnail":0,"footnotes":"","_mc_calendar":[]},"aioseo_notices":[],"post_mailing_queue_ids":[],"_links":{"self":[{"href":"https:\/\/blogsaverroes.juntadeandalucia.es\/tomasapinilla\/wp-json\/wp\/v2\/pages\/10696"}],"collection":[{"href":"https:\/\/blogsaverroes.juntadeandalucia.es\/tomasapinilla\/wp-json\/wp\/v2\/pages"}],"about":[{"href":"https:\/\/blogsaverroes.juntadeandalucia.es\/tomasapinilla\/wp-json\/wp\/v2\/types\/page"}],"author":[{"embeddable":true,"href":"https:\/\/blogsaverroes.juntadeandalucia.es\/tomasapinilla\/wp-json\/wp\/v2\/users\/20221"}],"replies":[{"embeddable":true,"href":"https:\/\/blogsaverroes.juntadeandalucia.es\/tomasapinilla\/wp-json\/wp\/v2\/comments?post=10696"}],"version-history":[{"count":4,"href":"https:\/\/blogsaverroes.juntadeandalucia.es\/tomasapinilla\/wp-json\/wp\/v2\/pages\/10696\/revisions"}],"predecessor-version":[{"id":10874,"href":"https:\/\/blogsaverroes.juntadeandalucia.es\/tomasapinilla\/wp-json\/wp\/v2\/pages\/10696\/revisions\/10874"}],"up":[{"embeddable":true,"href":"https:\/\/blogsaverroes.juntadeandalucia.es\/tomasapinilla\/wp-json\/wp\/v2\/pages\/77"}],"wp:attachment":[{"href":"https:\/\/blogsaverroes.juntadeandalucia.es\/tomasapinilla\/wp-json\/wp\/v2\/media?parent=10696"}],"curies":[{"name":"wp","href":"https:\/\/api.w.org\/{rel}","templated":true}]}}