{"id":8003,"date":"2023-11-21T15:30:28","date_gmt":"2023-11-21T15:30:28","guid":{"rendered":"https:\/\/blogsaverroes.juntadeandalucia.es\/tomasapinilla\/?page_id=8003"},"modified":"2025-05-21T18:30:29","modified_gmt":"2025-05-21T18:30:29","slug":"patios-inclusivos","status":"publish","type":"page","link":"https:\/\/blogsaverroes.juntadeandalucia.es\/tomasapinilla\/espacios-pedagogicos\/patios-inclusivos\/","title":{"rendered":"Patios inclusivos"},"content":{"rendered":"<div class=\"xdj266r x11i5rnm xat24cr x1mh8g0r x1vvkbs x126k92a\">\n<div dir=\"auto\">A diferencia de los patios tradicionales, los <strong>patios inclusivos<\/strong> son aquellos en los que se crean espacios de juego conjunto para que el alumnado pueda participar de forma activa del momento de recreo y disfrutar del juego entre iguales.<\/div>\n<ul>\n<li dir=\"auto\">Los patios inclusivos&nbsp;velan por la <strong>igualdad de g\u00e9nero<\/strong> y por los <strong>derechos del alumnado con necesidades educativas especiales<\/strong>.<\/li>\n<li dir=\"auto\">Los patios inclusivos<strong>&nbsp;favorecen las interacciones<\/strong> entre el alumnado independientemente de su edad y sus diferencias individuales.<\/li>\n<\/ul>\n<div dir=\"auto\">&nbsp;<\/div>\n<div dir=\"auto\">\n<p><iframe loading=\"lazy\" title=\"Te presento mi cole: PATIO (infantil 3-4 a\u00f1os) CEIP TOMASA PINILLA  2024\/25\" width=\"500\" height=\"281\" src=\"https:\/\/www.youtube.com\/embed\/HPkUkqtdpKs?feature=oembed&#038;wmode=opaque\" frameborder=\"0\" allow=\"accelerometer; autoplay; clipboard-write; encrypted-media; gyroscope; picture-in-picture; web-share\" referrerpolicy=\"strict-origin-when-cross-origin\" allowfullscreen><\/iframe><\/p>\n<p>&nbsp;<\/p>\n<\/div>\n<div dir=\"auto\">\n<div dir=\"auto\">En el curso 2023\/24, coincidiendo con la celebraci\u00f3n de los Derechos de la Infancia y el D\u00eda contra la Violencia de G\u00e9nero, en el patio de primaria&nbsp;se ha pintado una rayuela con mensajes positivos que fomentan la autoestima del alumnado.<\/div>\n<div dir=\"auto\">\n<div dir=\"auto\">\n<div class=\"xdj266r x11i5rnm xat24cr x1mh8g0r x1vvkbs x126k92a\">\n<div dir=\"auto\">&nbsp;<\/div>\n<div dir=\"auto\">Gracias a nuestro AMPA \u201cAzul y Blanca\u201d y a nuestras familias por su colaboraci\u00f3n en la decoraci\u00f3n de nuestros patios inclusivos.<\/div>\n<div dir=\"auto\">&nbsp;<\/div>\n<\/div>\n<div dir=\"auto\"><a href=\"https:\/\/blogsaverroes.juntadeandalucia.es\/tomasapinilla\/files\/2025\/03\/IMG_4376-scaled-1.jpg\"><img loading=\"lazy\" decoding=\"async\" class=\"alignnone size-medium wp-image-10842\" src=\"https:\/\/blogsaverroes.juntadeandalucia.es\/tomasapinilla\/files\/2025\/03\/IMG_4376-scaled-1-300x225.jpg\" alt=\"\" width=\"300\" height=\"225\" srcset=\"https:\/\/blogsaverroes.juntadeandalucia.es\/tomasapinilla\/files\/2025\/03\/IMG_4376-scaled-1-300x225.jpg 300w, https:\/\/blogsaverroes.juntadeandalucia.es\/tomasapinilla\/files\/2025\/03\/IMG_4376-scaled-1-1024x768.jpg 1024w, https:\/\/blogsaverroes.juntadeandalucia.es\/tomasapinilla\/files\/2025\/03\/IMG_4376-scaled-1-768x576.jpg 768w, https:\/\/blogsaverroes.juntadeandalucia.es\/tomasapinilla\/files\/2025\/03\/IMG_4376-scaled-1-1536x1152.jpg 1536w, https:\/\/blogsaverroes.juntadeandalucia.es\/tomasapinilla\/files\/2025\/03\/IMG_4376-scaled-1.jpg 1600w\" sizes=\"(max-width: 300px) 100vw, 300px\" \/><\/a><a href=\"https:\/\/blogsaverroes.juntadeandalucia.es\/tomasapinilla\/files\/2025\/03\/d5fd2536-f6eb-40d1-babe-53f40fcc9b5d.jpg\"><img loading=\"lazy\" decoding=\"async\" class=\"alignnone wp-image-10848\" src=\"https:\/\/blogsaverroes.juntadeandalucia.es\/tomasapinilla\/files\/2025\/03\/d5fd2536-f6eb-40d1-babe-53f40fcc9b5d-300x169.jpg\" alt=\"\" width=\"398\" height=\"224\" srcset=\"https:\/\/blogsaverroes.juntadeandalucia.es\/tomasapinilla\/files\/2025\/03\/d5fd2536-f6eb-40d1-babe-53f40fcc9b5d-300x169.jpg 300w, https:\/\/blogsaverroes.juntadeandalucia.es\/tomasapinilla\/files\/2025\/03\/d5fd2536-f6eb-40d1-babe-53f40fcc9b5d-1024x576.jpg 1024w, https:\/\/blogsaverroes.juntadeandalucia.es\/tomasapinilla\/files\/2025\/03\/d5fd2536-f6eb-40d1-babe-53f40fcc9b5d-768x432.jpg 768w, https:\/\/blogsaverroes.juntadeandalucia.es\/tomasapinilla\/files\/2025\/03\/d5fd2536-f6eb-40d1-babe-53f40fcc9b5d-1536x864.jpg 1536w, https:\/\/blogsaverroes.juntadeandalucia.es\/tomasapinilla\/files\/2025\/03\/d5fd2536-f6eb-40d1-babe-53f40fcc9b5d.jpg 1600w\" sizes=\"(max-width: 398px) 100vw, 398px\" \/><\/a><\/div>\n<div dir=\"auto\"><a href=\"https:\/\/blogsaverroes.juntadeandalucia.es\/tomasapinilla\/files\/2025\/03\/IMG_5008-scaled-1.jpg\"><img loading=\"lazy\" decoding=\"async\" class=\"alignnone size-medium wp-image-10843\" src=\"https:\/\/blogsaverroes.juntadeandalucia.es\/tomasapinilla\/files\/2025\/03\/IMG_5008-scaled-1-225x300.jpg\" alt=\"\" width=\"225\" height=\"300\" srcset=\"https:\/\/blogsaverroes.juntadeandalucia.es\/tomasapinilla\/files\/2025\/03\/IMG_5008-scaled-1-225x300.jpg 225w, https:\/\/blogsaverroes.juntadeandalucia.es\/tomasapinilla\/files\/2025\/03\/IMG_5008-scaled-1-768x1024.jpg 768w, https:\/\/blogsaverroes.juntadeandalucia.es\/tomasapinilla\/files\/2025\/03\/IMG_5008-scaled-1-1152x1536.jpg 1152w, https:\/\/blogsaverroes.juntadeandalucia.es\/tomasapinilla\/files\/2025\/03\/IMG_5008-scaled-1.jpg 1200w\" sizes=\"(max-width: 225px) 100vw, 225px\" \/><\/a> <a href=\"https:\/\/blogsaverroes.juntadeandalucia.es\/tomasapinilla\/files\/2025\/03\/IMG_5017-scaled-1.jpg\"><img loading=\"lazy\" decoding=\"async\" class=\"alignnone size-medium wp-image-10844\" src=\"https:\/\/blogsaverroes.juntadeandalucia.es\/tomasapinilla\/files\/2025\/03\/IMG_5017-scaled-1-225x300.jpg\" alt=\"\" width=\"225\" height=\"300\" srcset=\"https:\/\/blogsaverroes.juntadeandalucia.es\/tomasapinilla\/files\/2025\/03\/IMG_5017-scaled-1-225x300.jpg 225w, https:\/\/blogsaverroes.juntadeandalucia.es\/tomasapinilla\/files\/2025\/03\/IMG_5017-scaled-1-768x1024.jpg 768w, https:\/\/blogsaverroes.juntadeandalucia.es\/tomasapinilla\/files\/2025\/03\/IMG_5017-scaled-1-1152x1536.jpg 1152w, https:\/\/blogsaverroes.juntadeandalucia.es\/tomasapinilla\/files\/2025\/03\/IMG_5017-scaled-1.jpg 1200w\" sizes=\"(max-width: 225px) 100vw, 225px\" \/><\/a> <a href=\"https:\/\/blogsaverroes.juntadeandalucia.es\/tomasapinilla\/files\/2025\/03\/IMG_5100-scaled-1.jpg\"><img loading=\"lazy\" decoding=\"async\" class=\"alignnone size-medium wp-image-10847\" src=\"https:\/\/blogsaverroes.juntadeandalucia.es\/tomasapinilla\/files\/2025\/03\/IMG_5100-scaled-1-225x300.jpg\" alt=\"\" width=\"225\" height=\"300\" srcset=\"https:\/\/blogsaverroes.juntadeandalucia.es\/tomasapinilla\/files\/2025\/03\/IMG_5100-scaled-1-225x300.jpg 225w, https:\/\/blogsaverroes.juntadeandalucia.es\/tomasapinilla\/files\/2025\/03\/IMG_5100-scaled-1-768x1024.jpg 768w, https:\/\/blogsaverroes.juntadeandalucia.es\/tomasapinilla\/files\/2025\/03\/IMG_5100-scaled-1-1152x1536.jpg 1152w, https:\/\/blogsaverroes.juntadeandalucia.es\/tomasapinilla\/files\/2025\/03\/IMG_5100-scaled-1.jpg 1200w\" sizes=\"(max-width: 225px) 100vw, 225px\" \/><\/a><a href=\"https:\/\/blogsaverroes.juntadeandalucia.es\/tomasapinilla\/files\/2025\/03\/IMG_5217-scaled-1.jpg\"><img loading=\"lazy\" decoding=\"async\" class=\"alignnone size-medium wp-image-10841\" src=\"https:\/\/blogsaverroes.juntadeandalucia.es\/tomasapinilla\/files\/2025\/03\/IMG_5217-scaled-1-300x225.jpg\" alt=\"\" width=\"300\" height=\"225\" srcset=\"https:\/\/blogsaverroes.juntadeandalucia.es\/tomasapinilla\/files\/2025\/03\/IMG_5217-scaled-1-300x225.jpg 300w, https:\/\/blogsaverroes.juntadeandalucia.es\/tomasapinilla\/files\/2025\/03\/IMG_5217-scaled-1-1024x768.jpg 1024w, https:\/\/blogsaverroes.juntadeandalucia.es\/tomasapinilla\/files\/2025\/03\/IMG_5217-scaled-1-768x576.jpg 768w, https:\/\/blogsaverroes.juntadeandalucia.es\/tomasapinilla\/files\/2025\/03\/IMG_5217-scaled-1-1536x1152.jpg 1536w, https:\/\/blogsaverroes.juntadeandalucia.es\/tomasapinilla\/files\/2025\/03\/IMG_5217-scaled-1.jpg 1600w\" sizes=\"(max-width: 300px) 100vw, 300px\" \/><\/a><a href=\"https:\/\/blogsaverroes.juntadeandalucia.es\/tomasapinilla\/files\/2025\/03\/IMG_5215-scaled-1.jpg\"><img loading=\"lazy\" decoding=\"async\" class=\"alignnone size-medium wp-image-10845\" src=\"https:\/\/blogsaverroes.juntadeandalucia.es\/tomasapinilla\/files\/2025\/03\/IMG_5215-scaled-1-300x225.jpg\" alt=\"\" width=\"300\" height=\"225\" srcset=\"https:\/\/blogsaverroes.juntadeandalucia.es\/tomasapinilla\/files\/2025\/03\/IMG_5215-scaled-1-300x225.jpg 300w, https:\/\/blogsaverroes.juntadeandalucia.es\/tomasapinilla\/files\/2025\/03\/IMG_5215-scaled-1-1024x768.jpg 1024w, https:\/\/blogsaverroes.juntadeandalucia.es\/tomasapinilla\/files\/2025\/03\/IMG_5215-scaled-1-768x576.jpg 768w, https:\/\/blogsaverroes.juntadeandalucia.es\/tomasapinilla\/files\/2025\/03\/IMG_5215-scaled-1-1536x1152.jpg 1536w, https:\/\/blogsaverroes.juntadeandalucia.es\/tomasapinilla\/files\/2025\/03\/IMG_5215-scaled-1.jpg 1600w\" sizes=\"(max-width: 300px) 100vw, 300px\" \/><\/a> <a href=\"https:\/\/blogsaverroes.juntadeandalucia.es\/tomasapinilla\/files\/2025\/03\/IMG_5211-scaled-1.jpg\"><img loading=\"lazy\" decoding=\"async\" class=\"alignnone size-medium wp-image-10846\" src=\"https:\/\/blogsaverroes.juntadeandalucia.es\/tomasapinilla\/files\/2025\/03\/IMG_5211-scaled-1-300x225.jpg\" alt=\"\" width=\"300\" height=\"225\" srcset=\"https:\/\/blogsaverroes.juntadeandalucia.es\/tomasapinilla\/files\/2025\/03\/IMG_5211-scaled-1-300x225.jpg 300w, https:\/\/blogsaverroes.juntadeandalucia.es\/tomasapinilla\/files\/2025\/03\/IMG_5211-scaled-1-1024x768.jpg 1024w, https:\/\/blogsaverroes.juntadeandalucia.es\/tomasapinilla\/files\/2025\/03\/IMG_5211-scaled-1-768x576.jpg 768w, https:\/\/blogsaverroes.juntadeandalucia.es\/tomasapinilla\/files\/2025\/03\/IMG_5211-scaled-1-1536x1152.jpg 1536w, https:\/\/blogsaverroes.juntadeandalucia.es\/tomasapinilla\/files\/2025\/03\/IMG_5211-scaled-1.jpg 1600w\" sizes=\"(max-width: 300px) 100vw, 300px\" \/><\/a><\/div>\n<\/div>\n<\/div>\n<div dir=\"auto\">\n<p>Nuestro centro se suma al movimiento de lucha contra el cambio clim\u00e1tico a trav\u00e9s de la participaci\u00f3n en el <strong>Programa \u201cRecreos Residuos Cero\u201d.<\/strong><\/p>\n<p>Nuestro objetivo es hacer consciente al alumnado de la necesidad de impulsar el cambio mediante la puesta en pr\u00e1ctica de peque\u00f1as acciones en nuestro d\u00eda a d\u00eda.<\/p>\n<p>Cuidar el planeta es cosa de todos porque \u201cla suma de cada peque\u00f1a acci\u00f3n ayuda a conseguir grandes cambios\u201d .<\/p>\n<p><a href=\"https:\/\/blogsaverroes.juntadeandalucia.es\/tomasapinilla\/files\/2025\/05\/Info-RRC-20_21-2-1448x2048-1.png\"><img loading=\"lazy\" decoding=\"async\" class=\"alignnone size-medium wp-image-11493\" src=\"https:\/\/blogsaverroes.juntadeandalucia.es\/tomasapinilla\/files\/2025\/05\/Info-RRC-20_21-2-1448x2048-1-212x300.png\" alt=\"\" width=\"212\" height=\"300\" srcset=\"https:\/\/blogsaverroes.juntadeandalucia.es\/tomasapinilla\/files\/2025\/05\/Info-RRC-20_21-2-1448x2048-1-212x300.png 212w, https:\/\/blogsaverroes.juntadeandalucia.es\/tomasapinilla\/files\/2025\/05\/Info-RRC-20_21-2-1448x2048-1-724x1024.png 724w, https:\/\/blogsaverroes.juntadeandalucia.es\/tomasapinilla\/files\/2025\/05\/Info-RRC-20_21-2-1448x2048-1-768x1086.png 768w, https:\/\/blogsaverroes.juntadeandalucia.es\/tomasapinilla\/files\/2025\/05\/Info-RRC-20_21-2-1448x2048-1-1086x1536.png 1086w, https:\/\/blogsaverroes.juntadeandalucia.es\/tomasapinilla\/files\/2025\/05\/Info-RRC-20_21-2-1448x2048-1.png 1131w\" sizes=\"(max-width: 212px) 100vw, 212px\" \/><\/a> <a href=\"https:\/\/blogsaverroes.juntadeandalucia.es\/tomasapinilla\/files\/2025\/05\/RRC-ODS-1-768x1920-1.png\"><img loading=\"lazy\" decoding=\"async\" class=\"alignnone size-medium wp-image-11492\" src=\"https:\/\/blogsaverroes.juntadeandalucia.es\/tomasapinilla\/files\/2025\/05\/RRC-ODS-1-768x1920-1-120x300.png\" alt=\"\" width=\"120\" height=\"300\" srcset=\"https:\/\/blogsaverroes.juntadeandalucia.es\/tomasapinilla\/files\/2025\/05\/RRC-ODS-1-768x1920-1-120x300.png 120w, https:\/\/blogsaverroes.juntadeandalucia.es\/tomasapinilla\/files\/2025\/05\/RRC-ODS-1-768x1920-1-410x1024.png 410w, https:\/\/blogsaverroes.juntadeandalucia.es\/tomasapinilla\/files\/2025\/05\/RRC-ODS-1-768x1920-1-614x1536.png 614w, https:\/\/blogsaverroes.juntadeandalucia.es\/tomasapinilla\/files\/2025\/05\/RRC-ODS-1-768x1920-1.png 640w\" sizes=\"(max-width: 120px) 100vw, 120px\" \/><\/a> <a href=\"https:\/\/blogsaverroes.juntadeandalucia.es\/tomasapinilla\/files\/2025\/05\/RECREOS-RESIDUOS-CERO-con-LOGO-1_page-0001-819x2048-1.jpg\"><img loading=\"lazy\" decoding=\"async\" class=\"alignnone size-medium wp-image-11491\" src=\"https:\/\/blogsaverroes.juntadeandalucia.es\/tomasapinilla\/files\/2025\/05\/RECREOS-RESIDUOS-CERO-con-LOGO-1_page-0001-819x2048-1-120x300.jpg\" alt=\"\" width=\"120\" height=\"300\" srcset=\"https:\/\/blogsaverroes.juntadeandalucia.es\/tomasapinilla\/files\/2025\/05\/RECREOS-RESIDUOS-CERO-con-LOGO-1_page-0001-819x2048-1-120x300.jpg 120w, https:\/\/blogsaverroes.juntadeandalucia.es\/tomasapinilla\/files\/2025\/05\/RECREOS-RESIDUOS-CERO-con-LOGO-1_page-0001-819x2048-1-410x1024.jpg 410w, https:\/\/blogsaverroes.juntadeandalucia.es\/tomasapinilla\/files\/2025\/05\/RECREOS-RESIDUOS-CERO-con-LOGO-1_page-0001-819x2048-1-768x1920.jpg 768w, https:\/\/blogsaverroes.juntadeandalucia.es\/tomasapinilla\/files\/2025\/05\/RECREOS-RESIDUOS-CERO-con-LOGO-1_page-0001-819x2048-1-614x1536.jpg 614w, https:\/\/blogsaverroes.juntadeandalucia.es\/tomasapinilla\/files\/2025\/05\/RECREOS-RESIDUOS-CERO-con-LOGO-1_page-0001-819x2048-1.jpg 640w\" sizes=\"(max-width: 120px) 100vw, 120px\" \/><\/a><\/p>\n<\/div>\n<\/div>\n<\/div>\n","protected":false},"excerpt":{"rendered":"<p>A diferencia de los patios tradicionales, los patios inclusivos son aquellos en los que se crean espacios de juego conjunto para que el alumnado pueda participar de forma activa del&#46;&#46;&#46;<\/p>\n","protected":false},"author":6145,"featured_media":8018,"parent":7533,"menu_order":0,"comment_status":"closed","ping_status":"closed","template":"page-templates\/child-menu.php","meta":{"_exactmetrics_skip_tracking":false,"_exactmetrics_sitenote_active":false,"_exactmetrics_sitenote_note":"","_exactmetrics_sitenote_category":0,"ngg_post_thumbnail":0,"footnotes":"","_mc_calendar":[]},"aioseo_notices":[],"post_mailing_queue_ids":[],"_links":{"self":[{"href":"https:\/\/blogsaverroes.juntadeandalucia.es\/tomasapinilla\/wp-json\/wp\/v2\/pages\/8003"}],"collection":[{"href":"https:\/\/blogsaverroes.juntadeandalucia.es\/tomasapinilla\/wp-json\/wp\/v2\/pages"}],"about":[{"href":"https:\/\/blogsaverroes.juntadeandalucia.es\/tomasapinilla\/wp-json\/wp\/v2\/types\/page"}],"author":[{"embeddable":true,"href":"https:\/\/blogsaverroes.juntadeandalucia.es\/tomasapinilla\/wp-json\/wp\/v2\/users\/6145"}],"replies":[{"embeddable":true,"href":"https:\/\/blogsaverroes.juntadeandalucia.es\/tomasapinilla\/wp-json\/wp\/v2\/comments?post=8003"}],"version-history":[{"count":11,"href":"https:\/\/blogsaverroes.juntadeandalucia.es\/tomasapinilla\/wp-json\/wp\/v2\/pages\/8003\/revisions"}],"predecessor-version":[{"id":11494,"href":"https:\/\/blogsaverroes.juntadeandalucia.es\/tomasapinilla\/wp-json\/wp\/v2\/pages\/8003\/revisions\/11494"}],"up":[{"embeddable":true,"href":"https:\/\/blogsaverroes.juntadeandalucia.es\/tomasapinilla\/wp-json\/wp\/v2\/pages\/7533"}],"wp:featuredmedia":[{"embeddable":true,"href":"https:\/\/blogsaverroes.juntadeandalucia.es\/tomasapinilla\/wp-json\/wp\/v2\/media\/8018"}],"wp:attachment":[{"href":"https:\/\/blogsaverroes.juntadeandalucia.es\/tomasapinilla\/wp-json\/wp\/v2\/media?parent=8003"}],"curies":[{"name":"wp","href":"https:\/\/api.w.org\/{rel}","templated":true}]}}