{"id":8196,"date":"2024-01-10T12:51:47","date_gmt":"2024-01-10T12:51:47","guid":{"rendered":"https:\/\/blogsaverroes.juntadeandalucia.es\/tomasapinilla\/?page_id=8196"},"modified":"2025-03-15T15:52:39","modified_gmt":"2025-03-15T15:52:39","slug":"planesyprogramas","status":"publish","type":"page","link":"https:\/\/blogsaverroes.juntadeandalucia.es\/tomasapinilla\/nuestrocentro\/planesyprogramas\/","title":{"rendered":"Planes y Programas"},"content":{"rendered":"<p><span style=\"font-weight: 400\">En el CEIP Tomasa Pinilla participamos en diversos Planes y Programas para promover una educaci\u00f3n global y significativa en su alumnado.<\/span><\/p>\n<p>&nbsp;<\/p>\n<p><strong>ESCUELA ESPACIO DE PAZ<\/strong><\/p>\n<p><span style=\"font-weight: 400\">Formamos parte de la Red Andaluza \u00abEscuela: Espacio de Paz&gt;&gt; donde compartimos iniciativas, recursos y experiencias para la mejora de la convivencia escolar y la difusi\u00f3n de la Cultura de Paz, contrayendo un compromiso de profundizaci\u00f3n en aspectos concretos de nuestro Plan de Convivencia.<\/span><\/p>\n<p><b>\u00bfC\u00f3mo lo hacemos?<\/b><span style=\"font-weight: 400\"> Incluimos la Educaci\u00f3n Emocional y Educaci\u00f3n en Valores en todos los proyectos ABP que trabajamos y durante todo el curso escolar realizamos diversas actividades como:<\/span><\/p>\n<ul>\n<li style=\"font-weight: 400\"><span style=\"font-weight: 400\">Dinamizaci\u00f3n de Bibliotomasa, la biblioteca del centro, con actividades de educaci\u00f3n en valores y educaci\u00f3n emocional<\/span><\/li>\n<li style=\"font-weight: 400\"><span style=\"font-weight: 400\">Cuidado y respeto del medio ambiente en La Huerta del Tomasa&nbsp;<\/span><\/li>\n<li style=\"font-weight: 400\"><span style=\"font-weight: 400\">Actividades igualitarias y colaborativas en el Aula-Hogar del colegio<\/span><\/li>\n<li style=\"font-weight: 400\"><span style=\"font-weight: 400\">Jornadas de Convivencia con nuestras familias y otros centros educativos de la localidad<\/span><\/li>\n<li style=\"font-weight: 400\"><span style=\"font-weight: 400\">Celebraci\u00f3n de conmemoraciones y efem\u00e9rides como el D\u00eda de los Derechos de la Infancia, D\u00eda contra la Violencia de G\u00e9nero, D\u00eda de la Paz y la No Violencia, D\u00eda del Amor y la Amistad y D\u00eda de la Mujer, entre otros.<\/span><\/li>\n<\/ul>\n<p><a href=\"https:\/\/blogsaverroes.juntadeandalucia.es\/tomasapinilla\/files\/2025\/03\/Escuela-Espacio-de-Paz.png\"><img loading=\"lazy\" decoding=\"async\" class=\"wp-image-10857 aligncenter\" src=\"https:\/\/blogsaverroes.juntadeandalucia.es\/tomasapinilla\/files\/2025\/03\/Escuela-Espacio-de-Paz-300x223.png\" alt=\"\" width=\"161\" height=\"120\" srcset=\"https:\/\/blogsaverroes.juntadeandalucia.es\/tomasapinilla\/files\/2025\/03\/Escuela-Espacio-de-Paz-300x223.png 300w, https:\/\/blogsaverroes.juntadeandalucia.es\/tomasapinilla\/files\/2025\/03\/Escuela-Espacio-de-Paz.png 708w\" sizes=\"(max-width: 161px) 100vw, 161px\" \/><\/a> &nbsp;<\/p>\n<p><strong>PLAN DE IGUALDAD DE G\u00c9NERO Y PACTO DE ESTADO CONTRA LA VIOLENCIA DE G\u00c9NERO<\/strong><\/p>\n<p><span style=\"font-weight: 400\">El Plan de Igualdad del CEIP Tomasa Pinilla se centra en el tratamiento transversal de la perspectiva de g\u00e9nero en el curr\u00edculum, la formaci\u00f3n igualitaria y coeducativa, esto se refleja en nuestro Proyecto Educativo, as\u00ed como en el d\u00eda a d\u00eda del centro. Todos los cursos escolares participamos en el Pacto de Estado contra la Violencia de G\u00e9nero para la realizaci\u00f3n de medidas y actuaciones destinadas a la prevenci\u00f3n de la violencia de g\u00e9nero.<\/span><\/p>\n<p><b>\u00bfC\u00f3mo lo hacemos?<\/b><span style=\"font-weight: 400\"> Abordamos nuestros proyectos ABP desde una perspectiva de igualdad, reconociendo el papel de la mujer y el hombre en todos los \u00e1mbitos que trabajamos y conociendo ejemplos de mujeres y hombres relevantes. Nuestro centro no tiene espacios divididos por g\u00e9nero, nuestros ba\u00f1os son unisex y el alumnado respeta estos espacios. Adem\u00e1s, conmemoramos efem\u00e9rides como el D\u00eda de los Derechos de la Infancia, D\u00eda contra la Violencia de G\u00e9nero y D\u00eda de la Mujer, entre otros.<\/span><\/p>\n<p><span style=\"font-weight: 400\"><a href=\"https:\/\/blogsaverroes.juntadeandalucia.es\/tomasapinilla\/files\/2025\/03\/PACTO-DE-ESTADO-2.png\"><img loading=\"lazy\" decoding=\"async\" class=\"wp-image-10863 aligncenter\" src=\"https:\/\/blogsaverroes.juntadeandalucia.es\/tomasapinilla\/files\/2025\/03\/PACTO-DE-ESTADO-2-300x34.png\" alt=\"\" width=\"635\" height=\"72\" srcset=\"https:\/\/blogsaverroes.juntadeandalucia.es\/tomasapinilla\/files\/2025\/03\/PACTO-DE-ESTADO-2-300x34.png 300w, https:\/\/blogsaverroes.juntadeandalucia.es\/tomasapinilla\/files\/2025\/03\/PACTO-DE-ESTADO-2-1024x117.png 1024w, https:\/\/blogsaverroes.juntadeandalucia.es\/tomasapinilla\/files\/2025\/03\/PACTO-DE-ESTADO-2-768x87.png 768w, https:\/\/blogsaverroes.juntadeandalucia.es\/tomasapinilla\/files\/2025\/03\/PACTO-DE-ESTADO-2-1536x175.png 1536w, https:\/\/blogsaverroes.juntadeandalucia.es\/tomasapinilla\/files\/2025\/03\/PACTO-DE-ESTADO-2-2048x233.png 2048w, https:\/\/blogsaverroes.juntadeandalucia.es\/tomasapinilla\/files\/2025\/03\/PACTO-DE-ESTADO-2.png 1600w\" sizes=\"(max-width: 635px) 100vw, 635px\" \/><\/a><a href=\"https:\/\/blogsaverroes.juntadeandalucia.es\/tomasapinilla\/files\/2025\/03\/Pacto-de-Estado.png\"><br \/>\n<\/a><\/span><\/p>\n<p><strong>PROGRAMA CIMA&nbsp;<\/strong><\/p>\n<p><span style=\"font-weight: 400\">En el CEIP Tomasa Pinilla participamos en el&nbsp;Programa Cima<\/span> <span style=\"font-weight: 400\">que<\/span> <span style=\"font-weight: 400\">fomenta el trabajo cooperativo y la mejora continua del aprendizaje y los conocimientos del alumnado. Nuestras l\u00edneas de actuaci\u00f3n dentro de este programa son:&nbsp;<\/span><\/p>\n<p><strong>a) PROMOCI\u00d3N DE H\u00c1BITOS DE VIDA SALUDABLE<\/strong><\/p>\n<ul>\n<li style=\"font-weight: 400\"><span style=\"font-weight: 400\">Participamos en el <\/span><b>Programa Escolar de Consumo de Frutas, Hortalizas y Leche en las Escuelas<\/b><span style=\"font-weight: 400\">&nbsp;financiado por&nbsp;La Uni\u00f3n Europea.<\/span><\/li>\n<li style=\"font-weight: 400\"><span style=\"font-weight: 400\">Cultivamos nuestros vegetales en la Huerta del Tomasa y cocinamos recetas saludables en nuestro Aula Hogar.&nbsp;<\/span><\/li>\n<li style=\"font-weight: 400\"><span style=\"font-weight: 400\">Realizamos actividades deportivas en nuestros patios inclusivos y otros espacios deportivos de la localidad: parques, campo de f\u00fatbol municipal, polideportivo, etc.<\/span><\/li>\n<li style=\"font-weight: 400\"><span style=\"font-weight: 400\">Participamos en el programa Deporte Rural con jornadas deportivas con otros centros educativos rurales de la zona.<\/span><\/li>\n<\/ul>\n<p>&nbsp;<\/p>\n<p><strong>b) ALDEA, EDUCACI\u00d3N AMBIENTAL PARA LA SOSTENIBILIDAD&nbsp;<\/strong><\/p>\n<ul>\n<li style=\"font-weight: 400\"><span style=\"font-weight: 400\">Aprendemos a ciudar y respetar el medio ambiente con nuestro Huerto Escolar \u201cLa Huerta del Tomasa\u201d.<\/span><\/li>\n<li style=\"font-weight: 400\"><span style=\"font-weight: 400\">Talleres de Educaci\u00f3n Sostenible y reciclaje<\/span><\/li>\n<li style=\"font-weight: 400\"><span style=\"font-weight: 400\">Creaci\u00f3n de un aparcamiento de bicis y patines para fomentar la movilidad sostenible<\/span><\/li>\n<li style=\"font-weight: 400\"><span style=\"font-weight: 400\">Punto de reciclaje en el colegio: reciclamos papel y cart\u00f3n, envases y pl\u00e1sticos, cartuchos de impresora y pilas.<\/span><\/li>\n<\/ul>\n<p>&nbsp;<\/p>\n<p><strong>c) PLAN LING\u00dc\u00cdSTICO DE CENTRO (PLC)<\/strong><\/p>\n<ul>\n<li style=\"font-weight: 400\"><span style=\"font-weight: 400\">Desarrollamos la Competencia en Comunicaci\u00f3n Ling\u00fc\u00edstica desde todas las \u00e1reas y materias.<\/span><\/li>\n<\/ul>\n<ul>\n<li style=\"font-weight: 400\"><span style=\"font-weight: 400\">Nuestro PLC se desarrolla en coordinaci\u00f3n con el Plan de Lectura y Biblioteca.<\/span><\/li>\n<li style=\"font-weight: 400\"><span style=\"font-weight: 400\">Fomentamos la oralidad con exposiciones orales en cada proyecto.<\/span><\/li>\n<li style=\"font-weight: 400\"><span style=\"font-weight: 400\">Trabajamos la lectura de manera intensiva con textos multimodales relacionados con los proyectos ABP trabajados.&nbsp;&nbsp;<\/span><\/li>\n<\/ul>\n<p><a href=\"https:\/\/blogsaverroes.juntadeandalucia.es\/tomasapinilla\/files\/2025\/03\/CIMA.png\"><img loading=\"lazy\" decoding=\"async\" class=\"wp-image-10860 aligncenter\" src=\"https:\/\/blogsaverroes.juntadeandalucia.es\/tomasapinilla\/files\/2025\/03\/CIMA-261x300.png\" alt=\"\" width=\"120\" height=\"138\" srcset=\"https:\/\/blogsaverroes.juntadeandalucia.es\/tomasapinilla\/files\/2025\/03\/CIMA-261x300.png 261w, https:\/\/blogsaverroes.juntadeandalucia.es\/tomasapinilla\/files\/2025\/03\/CIMA-768x884.png 768w, https:\/\/blogsaverroes.juntadeandalucia.es\/tomasapinilla\/files\/2025\/03\/CIMA.png 886w\" sizes=\"(max-width: 120px) 100vw, 120px\" \/><\/a><\/p>\n<p>&nbsp;<\/p>\n<p><strong>PLAN DE LECTURA Y BIBLIOTECA<\/strong><\/p>\n<p><span style=\"font-weight: 400\">En el CEIP Tomasa Pinilla tenemos una larga trayectoria hacia el fomento y animaci\u00f3n de la lectura.&nbsp;<\/span><\/p>\n<ul>\n<li style=\"font-weight: 400\"><span style=\"font-weight: 400\">Nuestra <strong>Biblioteca Escolar Bibliotomasa<\/strong> es uno de los espacios pedag\u00f3gicos de nuestro centro.&nbsp;<\/span><\/li>\n<li style=\"font-weight: 400\"><span style=\"font-weight: 400\">El Plan de Lectura y Biblioteca de nuestro centro se recoge dentro del Proyecto Educativo de Centro.&nbsp;<\/span><\/li>\n<li style=\"font-weight: 400\"><span style=\"font-weight: 400\">Potenciamos el aprendizaje global de la lectura, la escritura y la expresi\u00f3n oral de manera transversal en cada uno de los proyectos ABP.<\/span><\/li>\n<li style=\"font-weight: 400\"><span style=\"font-weight: 400\">Realizamos actividades de animaci\u00f3n a la lectura como las Mochilas Viajeras, la Caja Sorpresa, Cuentacuentos, las Choco-charlas.<\/span><\/li>\n<li style=\"font-weight: 400\"><span style=\"font-weight: 400\">Celebraci\u00f3n del D\u00eda del Libro.&nbsp;<\/span><\/li>\n<\/ul>\n<p>&nbsp;<\/p>\n<p><strong>TRANSFORMACI\u00d3N DIGITAL EDUCATIVA (TDE)<\/strong><\/p>\n<ul>\n<li style=\"font-weight: 400\"><span style=\"font-weight: 400\">Mejoramos y modernizamos nuestros espacios y el proceso de ense\u00f1anza-aprendizaje.<\/span><\/li>\n<li style=\"font-weight: 400\"><span style=\"font-weight: 400\">Desarrollamos la Competencia Digital de nuestro alumnado y nuestro profesorado.<\/span><\/li>\n<li style=\"font-weight: 400\"><span style=\"font-weight: 400\">Nuestras aulas tienen pantallas t\u00e1ctiles digitales.<\/span><\/li>\n<li style=\"font-weight: 400\"><span style=\"font-weight: 400\">Hacemos uso de herramientas digitales como port\u00e1tiles y tablets.&nbsp;<\/span><\/li>\n<li style=\"font-weight: 400\"><span style=\"font-weight: 400\">En el curso 2024\/25 inauguramos nuestra&nbsp;<\/span><b>Aula del Futuro<\/b><span style=\"font-weight: 400\">&nbsp;donde realizamos actividades relacionadas con rob\u00f3tica, oralidad y nuevas tecnolog\u00edas.&nbsp;<\/span><\/li>\n<\/ul>\n<p><a href=\"https:\/\/blogsaverroes.juntadeandalucia.es\/tomasapinilla\/files\/2025\/03\/logo_TDE.png\"><img loading=\"lazy\" decoding=\"async\" class=\"wp-image-10861 aligncenter\" src=\"https:\/\/blogsaverroes.juntadeandalucia.es\/tomasapinilla\/files\/2025\/03\/logo_TDE-300x300.png\" alt=\"\" width=\"120\" height=\"120\" srcset=\"https:\/\/blogsaverroes.juntadeandalucia.es\/tomasapinilla\/files\/2025\/03\/logo_TDE-300x300.png 300w, https:\/\/blogsaverroes.juntadeandalucia.es\/tomasapinilla\/files\/2025\/03\/logo_TDE-150x150.png 150w, https:\/\/blogsaverroes.juntadeandalucia.es\/tomasapinilla\/files\/2025\/03\/logo_TDE-80x80.png 80w, https:\/\/blogsaverroes.juntadeandalucia.es\/tomasapinilla\/files\/2025\/03\/logo_TDE-320x320.png 320w, https:\/\/blogsaverroes.juntadeandalucia.es\/tomasapinilla\/files\/2025\/03\/logo_TDE.png 462w\" sizes=\"(max-width: 120px) 100vw, 120px\" \/><\/a><\/p>\n<p>&nbsp;<\/p>\n<p><strong>PROA y PROA+<\/strong><\/p>\n<p><span style=\"font-weight: 400\">Nuestro centro participa en el Programa <strong>PROA<\/strong><\/span><strong>&nbsp;Andaluc\u00eda<\/strong>,&nbsp;un conjunto de actuaciones dirigidas a mejorar el grado de adquisici\u00f3n de las competencias clave y la motivaci\u00f3n del alumnado con necesidades espec\u00edficas de apoyo educativo.<\/p>\n<p>El CEIP Tomasa Pinilla ofrece&nbsp;<span style=\"font-weight: 400\">acompa\u00f1amiento escolar en horario de tarde para que el alumnado pueda&nbsp;mejorar la adquisici\u00f3n de las competencias clave, especialmente en comunicaci\u00f3n ling\u00fc\u00edstica y razonamiento matem\u00e1tico.&nbsp;<\/span><\/p>\n<p>Adem\u00e1s, pertenecemos al <strong>PROA+<\/strong>, un programa cofinanciado por el Ministerio de Educaci\u00f3n, Formaci\u00f3n Profesional y Deportes, y el Fondo Social Europeo Plus (FSE+). &nbsp;<\/p>\n<p>&nbsp;<a href=\"https:\/\/blogsaverroes.juntadeandalucia.es\/tomasapinilla\/files\/2025\/03\/logo-proaplus.png\"><img loading=\"lazy\" decoding=\"async\" class=\"size-medium wp-image-10854 aligncenter\" src=\"https:\/\/blogsaverroes.juntadeandalucia.es\/tomasapinilla\/files\/2025\/03\/logo-proaplus-300x91.png\" alt=\"\" width=\"300\" height=\"91\" srcset=\"https:\/\/blogsaverroes.juntadeandalucia.es\/tomasapinilla\/files\/2025\/03\/logo-proaplus-300x91.png 300w, https:\/\/blogsaverroes.juntadeandalucia.es\/tomasapinilla\/files\/2025\/03\/logo-proaplus-768x232.png 768w, https:\/\/blogsaverroes.juntadeandalucia.es\/tomasapinilla\/files\/2025\/03\/logo-proaplus.png 864w\" sizes=\"(max-width: 300px) 100vw, 300px\" \/><\/a><\/p>\n<p><a href=\"https:\/\/blogsaverroes.juntadeandalucia.es\/tomasapinilla\/files\/2025\/03\/Captura-de-Pantalla-2025-03-15-a-las-16.39.50.png\"><img loading=\"lazy\" decoding=\"async\" class=\"wp-image-10855 aligncenter\" src=\"https:\/\/blogsaverroes.juntadeandalucia.es\/tomasapinilla\/files\/2025\/03\/Captura-de-Pantalla-2025-03-15-a-las-16.39.50-300x29.png\" alt=\"\" width=\"590\" height=\"57\" srcset=\"https:\/\/blogsaverroes.juntadeandalucia.es\/tomasapinilla\/files\/2025\/03\/Captura-de-Pantalla-2025-03-15-a-las-16.39.50-300x29.png 300w, https:\/\/blogsaverroes.juntadeandalucia.es\/tomasapinilla\/files\/2025\/03\/Captura-de-Pantalla-2025-03-15-a-las-16.39.50-1024x99.png 1024w, https:\/\/blogsaverroes.juntadeandalucia.es\/tomasapinilla\/files\/2025\/03\/Captura-de-Pantalla-2025-03-15-a-las-16.39.50-768x74.png 768w, https:\/\/blogsaverroes.juntadeandalucia.es\/tomasapinilla\/files\/2025\/03\/Captura-de-Pantalla-2025-03-15-a-las-16.39.50.png 1490w\" sizes=\"(max-width: 590px) 100vw, 590px\" \/><\/a><\/p>\n","protected":false},"excerpt":{"rendered":"<p>En el CEIP Tomasa Pinilla participamos en diversos Planes y Programas para promover una educaci\u00f3n global y significativa en su alumnado. &nbsp; ESCUELA ESPACIO DE PAZ Formamos parte de la&#46;&#46;&#46;<\/p>\n","protected":false},"author":6145,"featured_media":0,"parent":77,"menu_order":0,"comment_status":"closed","ping_status":"closed","template":"page-templates\/child-menu.php","meta":{"_exactmetrics_skip_tracking":false,"_exactmetrics_sitenote_active":false,"_exactmetrics_sitenote_note":"","_exactmetrics_sitenote_category":0,"ngg_post_thumbnail":0,"footnotes":"","_mc_calendar":[]},"aioseo_notices":[],"post_mailing_queue_ids":[],"_links":{"self":[{"href":"https:\/\/blogsaverroes.juntadeandalucia.es\/tomasapinilla\/wp-json\/wp\/v2\/pages\/8196"}],"collection":[{"href":"https:\/\/blogsaverroes.juntadeandalucia.es\/tomasapinilla\/wp-json\/wp\/v2\/pages"}],"about":[{"href":"https:\/\/blogsaverroes.juntadeandalucia.es\/tomasapinilla\/wp-json\/wp\/v2\/types\/page"}],"author":[{"embeddable":true,"href":"https:\/\/blogsaverroes.juntadeandalucia.es\/tomasapinilla\/wp-json\/wp\/v2\/users\/6145"}],"replies":[{"embeddable":true,"href":"https:\/\/blogsaverroes.juntadeandalucia.es\/tomasapinilla\/wp-json\/wp\/v2\/comments?post=8196"}],"version-history":[{"count":10,"href":"https:\/\/blogsaverroes.juntadeandalucia.es\/tomasapinilla\/wp-json\/wp\/v2\/pages\/8196\/revisions"}],"predecessor-version":[{"id":10865,"href":"https:\/\/blogsaverroes.juntadeandalucia.es\/tomasapinilla\/wp-json\/wp\/v2\/pages\/8196\/revisions\/10865"}],"up":[{"embeddable":true,"href":"https:\/\/blogsaverroes.juntadeandalucia.es\/tomasapinilla\/wp-json\/wp\/v2\/pages\/77"}],"wp:attachment":[{"href":"https:\/\/blogsaverroes.juntadeandalucia.es\/tomasapinilla\/wp-json\/wp\/v2\/media?parent=8196"}],"curies":[{"name":"wp","href":"https:\/\/api.w.org\/{rel}","templated":true}]}}