{"id":1061,"date":"2023-01-22T23:07:59","date_gmt":"2023-01-22T22:07:59","guid":{"rendered":"https:\/\/blogsaverroes.juntadeandalucia.es\/tomasdeybarra\/?page_id=1061"},"modified":"2024-10-30T10:25:02","modified_gmt":"2024-10-30T09:25:02","slug":"transformacion-digital-educativa-y-compdigedu","status":"publish","type":"page","link":"https:\/\/blogsaverroes.juntadeandalucia.es\/tomasdeybarra\/transformacion-digital-educativa-y-compdigedu\/","title":{"rendered":"Transformaci\u00f3n Digital Educativa (TDE)"},"content":{"rendered":"<p><span style=\"color: #000000\">Su finalidad es la de mejorar el desarrollo de la competencia digital del alumnado y el uso de las tecnolog\u00edas digitales en el aprendizaje a trav\u00e9s del desarrollo de la competencia digital del profesorado y de la transformaci\u00f3n de los centros en organizaciones digitalmente competentes.<\/span><\/p>\n<p><span style=\"color: #000000\">Desde la coordinaci\u00f3n TDE del CEIP Tom\u00e1s de Ybarra se ha creado un site:<\/span><\/p>\n<p><a href=\"https:\/\/sites.google.com\/g.educaand.es\/makerspacetomasybarra\/inicio\" target=\"_blank\" rel=\"noopener\"><img loading=\"lazy\" decoding=\"async\" class=\"wp-image-1813 alignnone\" src=\"https:\/\/blogsaverroes.juntadeandalucia.es\/tomasdeybarra\/files\/2024\/10\/tomas-ybarra-digital-hub-300x208.jpg\" alt=\"\" width=\"738\" height=\"512\" srcset=\"https:\/\/blogsaverroes.juntadeandalucia.es\/tomasdeybarra\/files\/2024\/10\/tomas-ybarra-digital-hub-300x208.jpg 300w, https:\/\/blogsaverroes.juntadeandalucia.es\/tomasdeybarra\/files\/2024\/10\/tomas-ybarra-digital-hub-768x533.jpg 768w, https:\/\/blogsaverroes.juntadeandalucia.es\/tomasdeybarra\/files\/2024\/10\/tomas-ybarra-digital-hub.jpg 960w\" sizes=\"(max-width: 738px) 100vw, 738px\" \/><\/a><\/p>\n<p><a href=\"https:\/\/sites.google.com\/g.educaand.es\/makerspacetomasybarra\/inicio\" target=\"_blank\" rel=\"noopener\"><span style=\"color: #000000\">https:\/\/sites.google.com\/g.educaand.es\/makerspacetomasybarra\/inicio<\/span><\/a><\/p>\n<p>&nbsp;<\/p>\n<p><span style=\"color: #000000\">Para m\u00e1s informaci\u00f3n en la web de la Consejer\u00eda de Desarrollo Educativo y FP pinchen en el siguiente enlace:&nbsp;<\/span><\/p>\n<p><a href=\"https:\/\/www.juntadeandalucia.es\/educacion\/portals\/web\/transformacion-digital-educativa\" target=\"_blank\" rel=\"noopener noreferrer\">TRANSFORMACI\u00d3N DIGITAL EDUCATIVA<\/a><\/p>\n","protected":false},"excerpt":{"rendered":"<p>Su finalidad es la de mejorar el desarrollo de la competencia digital del alumnado y el uso de las tecnolog\u00edas digitales en el aprendizaje a trav\u00e9s del desarrollo de la competencia digital del profesorado y&#46;&#46;&#46;<\/p>\n","protected":false},"author":15493,"featured_media":0,"parent":0,"menu_order":0,"comment_status":"closed","ping_status":"closed","template":"","meta":{"ngg_post_thumbnail":0,"footnotes":""},"aioseo_notices":[],"_links":{"self":[{"href":"https:\/\/blogsaverroes.juntadeandalucia.es\/tomasdeybarra\/wp-json\/wp\/v2\/pages\/1061"}],"collection":[{"href":"https:\/\/blogsaverroes.juntadeandalucia.es\/tomasdeybarra\/wp-json\/wp\/v2\/pages"}],"about":[{"href":"https:\/\/blogsaverroes.juntadeandalucia.es\/tomasdeybarra\/wp-json\/wp\/v2\/types\/page"}],"author":[{"embeddable":true,"href":"https:\/\/blogsaverroes.juntadeandalucia.es\/tomasdeybarra\/wp-json\/wp\/v2\/users\/15493"}],"replies":[{"embeddable":true,"href":"https:\/\/blogsaverroes.juntadeandalucia.es\/tomasdeybarra\/wp-json\/wp\/v2\/comments?post=1061"}],"version-history":[{"count":6,"href":"https:\/\/blogsaverroes.juntadeandalucia.es\/tomasdeybarra\/wp-json\/wp\/v2\/pages\/1061\/revisions"}],"predecessor-version":[{"id":1815,"href":"https:\/\/blogsaverroes.juntadeandalucia.es\/tomasdeybarra\/wp-json\/wp\/v2\/pages\/1061\/revisions\/1815"}],"wp:attachment":[{"href":"https:\/\/blogsaverroes.juntadeandalucia.es\/tomasdeybarra\/wp-json\/wp\/v2\/media?parent=1061"}],"curies":[{"name":"wp","href":"https:\/\/api.w.org\/{rel}","templated":true}]}}