{"id":1635,"date":"2024-05-03T10:44:33","date_gmt":"2024-05-03T09:44:33","guid":{"rendered":"https:\/\/blogsaverroes.juntadeandalucia.es\/tomasdeybarra\/?page_id=1635"},"modified":"2024-05-03T10:44:33","modified_gmt":"2024-05-03T09:44:33","slug":"visita-en-el-centro","status":"publish","type":"page","link":"https:\/\/blogsaverroes.juntadeandalucia.es\/tomasdeybarra\/visita-en-el-centro\/","title":{"rendered":"VISITA EN EL CENTRO"},"content":{"rendered":"<p><span style=\"color: #000000\">El SEPIE (Servicio Espa\u00f1ol Para la Internacionalizaci\u00f3n de la Educaci\u00f3n) junto con la Consejer\u00eda de Educaci\u00f3n organiz\u00f3 para los d\u00edas 3, 4 y 5 de abril, en Sevilla, la \u201cActividad de Formaci\u00f3n y Cooperaci\u00f3n (TCA) \u2013 Civic participation and EU values. Make Europe shine!\u201d, y cont\u00f3 con la participaci\u00f3n de unas 150 personas de m\u00e1s de 20 pa\u00edses de toda Europa.<\/span><\/p>\n<p><span style=\"color: #000000\">El 5 de abril visitaron varios centros de la provincia, escogidos por su proyecci\u00f3n y trabajo en los valores y la conciencia europea. Entre ellos 3 de Tomares: el CEIP Tom\u00e1s de Ybarra, el CEP SAR Infanta Leonor y el IES N\u00e9stor Almendros. Ha sido una oportunidad excelente para dar difusi\u00f3n a nuestro trabajo de centro, hacer un intercambio de ideas y ampliar nuestro radio de redes profesionales.<\/span><\/p>\n<p><span style=\"color: #000000\">Nuestro alumnado recibi\u00f3 al profesorado europeo con el himno de la Alegr\u00eda (himno de Europa) y La Saeta, interpretadas en flauta dulce. Visitaron el centro acompa\u00f1ados del alumnado cicerone, y visitaron varias aulas de infantil, primaria y el aula espec\u00edfica. All\u00ed pudieron ver in situ nuestra forma de trabajo. Para finalizar se les ofreci\u00f3 un \u00e1gape mientras un alumno y una alumna participantes del programa Erasmus, as\u00ed como varias docentes beneficiadas, respond\u00edan a sus preguntas sobre su experiencia.<\/span><\/p>\n<p><span style=\"color: #000000\">Es para el colegio un orgullo que otros centros europeos halaguen nuestro trabajo, se interesen por nuestras actividades y copien ideas para llevarlas a sus respectivos pa\u00edses. Como centro, con esta visita, tambi\u00e9n hemos tenido ese sentimiento de equipo y de apreciaci\u00f3n a nuestro trabajo.&nbsp;<\/span><\/p>\n<p><iframe loading=\"lazy\" title=\"TCA Civic participation and EU values. Make Europe shine. CEIP Tom\u00e1s de Ybarra visit Activity\" width=\"500\" height=\"281\" src=\"https:\/\/www.youtube.com\/embed\/u6P6IT_7uD8?feature=oembed&#038;wmode=opaque\" frameborder=\"0\" allow=\"accelerometer; autoplay; clipboard-write; encrypted-media; gyroscope; picture-in-picture; web-share\" referrerpolicy=\"strict-origin-when-cross-origin\" allowfullscreen><\/iframe><\/p>\n","protected":false},"excerpt":{"rendered":"<p>El SEPIE (Servicio Espa\u00f1ol Para la Internacionalizaci\u00f3n de la Educaci\u00f3n) junto con la Consejer\u00eda de Educaci\u00f3n organiz\u00f3 para los d\u00edas 3, 4 y 5 de abril, en Sevilla, la \u201cActividad de Formaci\u00f3n y Cooperaci\u00f3n (TCA)&#46;&#46;&#46;<\/p>\n","protected":false},"author":15493,"featured_media":0,"parent":0,"menu_order":0,"comment_status":"closed","ping_status":"closed","template":"","meta":{"ngg_post_thumbnail":0,"footnotes":""},"aioseo_notices":[],"_links":{"self":[{"href":"https:\/\/blogsaverroes.juntadeandalucia.es\/tomasdeybarra\/wp-json\/wp\/v2\/pages\/1635"}],"collection":[{"href":"https:\/\/blogsaverroes.juntadeandalucia.es\/tomasdeybarra\/wp-json\/wp\/v2\/pages"}],"about":[{"href":"https:\/\/blogsaverroes.juntadeandalucia.es\/tomasdeybarra\/wp-json\/wp\/v2\/types\/page"}],"author":[{"embeddable":true,"href":"https:\/\/blogsaverroes.juntadeandalucia.es\/tomasdeybarra\/wp-json\/wp\/v2\/users\/15493"}],"replies":[{"embeddable":true,"href":"https:\/\/blogsaverroes.juntadeandalucia.es\/tomasdeybarra\/wp-json\/wp\/v2\/comments?post=1635"}],"version-history":[{"count":2,"href":"https:\/\/blogsaverroes.juntadeandalucia.es\/tomasdeybarra\/wp-json\/wp\/v2\/pages\/1635\/revisions"}],"predecessor-version":[{"id":1638,"href":"https:\/\/blogsaverroes.juntadeandalucia.es\/tomasdeybarra\/wp-json\/wp\/v2\/pages\/1635\/revisions\/1638"}],"wp:attachment":[{"href":"https:\/\/blogsaverroes.juntadeandalucia.es\/tomasdeybarra\/wp-json\/wp\/v2\/media?parent=1635"}],"curies":[{"name":"wp","href":"https:\/\/api.w.org\/{rel}","templated":true}]}}

<p><span style="color: #000000">El SEPIE (Servicio Español Para la Internacionalización de la Educación) junto con la Consejería de Educación organizó para los días 3, 4 y 5 de abril, en Sevilla, la “Actividad de Formación y Cooperación (TCA) – Civic participation and EU values. Make Europe shine!”, y contó con la participación de unas 150 personas de más de 20 países de toda Europa.</span></p>
<p><span style="color: #000000">El 5 de abril visitaron varios centros de la provincia, escogidos por su proyección y trabajo en los valores y la conciencia europea. Entre ellos 3 de Tomares: el CEIP Tomás de Ybarra, el CEP SAR Infanta Leonor y el IES Néstor Almendros. Ha sido una oportunidad excelente para dar difusión a nuestro trabajo de centro, hacer un intercambio de ideas y ampliar nuestro radio de redes profesionales.</span></p>
<p><span style="color: #000000">Nuestro alumnado recibió al profesorado europeo con el himno de la Alegría (himno de Europa) y La Saeta, interpretadas en flauta dulce. Visitaron el centro acompañados del alumnado cicerone, y visitaron varias aulas de infantil, primaria y el aula específica. Allí pudieron ver in situ nuestra forma de trabajo. Para finalizar se les ofreció un ágape mientras un alumno y una alumna participantes del programa Erasmus, así como varias docentes beneficiadas, respondían a sus preguntas sobre su experiencia.</span></p>
<p><span style="color: #000000">Es para el colegio un orgullo que otros centros europeos halaguen nuestro trabajo, se interesen por nuestras actividades y copien ideas para llevarlas a sus respectivos países. Como centro, con esta visita, también hemos tenido ese sentimiento de equipo y de apreciación a nuestro trabajo.&nbsp;</span></p>
<p><iframe loading="lazy" title="TCA Civic participation and EU values. Make Europe shine. CEIP Tomás de Ybarra visit Activity" width="500" height="281" src="https://www.youtube.com/embed/u6P6IT_7uD8?feature=oembed&#038;wmode=opaque" frameborder="0" allow="accelerometer; autoplay; clipboard-write; encrypted-media; gyroscope; picture-in-picture; web-share" referrerpolicy="strict-origin-when-cross-origin" allowfullscreen></iframe></p>

<p>El SEPIE (Servicio Español Para la Internacionalización de la Educación) junto con la Consejería de Educación organizó para los días 3, 4 y 5 de abril, en Sevilla, la “Actividad de Formación y Cooperación (TCA)&#46;&#46;&#46;</p>
