{"id":1693,"date":"2024-07-08T09:31:13","date_gmt":"2024-07-08T08:31:13","guid":{"rendered":"https:\/\/blogsaverroes.juntadeandalucia.es\/tomasdeybarra\/?page_id=1693"},"modified":"2024-07-08T18:23:35","modified_gmt":"2024-07-08T17:23:35","slug":"job-shadowing","status":"publish","type":"page","link":"https:\/\/blogsaverroes.juntadeandalucia.es\/tomasdeybarra\/erasmus\/job-shadowing\/","title":{"rendered":"JOB SHADOWING"},"content":{"rendered":"<p><span style=\"color: #000000\">Las actividades de Job Shadowing (seguimiento profesional) las realiza el profesorado de nuestro colegio durante una semana en otro centro europeo. <\/span><\/p>\n<p><span style=\"color: #000000\">All\u00ed siguen a los docentes y observan sus clases, sus recursos, sus metodolog\u00edas de ense\u00f1anza y su entorno. Nos presentan despu\u00e9s ideas y recursos que podemos aplicar en nuestro centro educativo, y las comparten con todo el claustro de maestros y maestras, abriendo un interesante debate sobre nuestra realidad y las oportunidades de mejora que tenemos.&nbsp;<\/span><\/p>\n<h3><span style=\"color: #0000ff\">CURSO 23\/24<\/span><\/h3>\n<h3>PORTUGAL<\/h3>\n<p><iframe loading=\"lazy\" src=\"https:\/\/drive.google.com\/file\/d\/15az_xMxhqbMxytlXNQMB1micmgnlLLls\/preview\" width=\"640\" height=\"480\"><\/iframe><\/p>\n<h3>ISLANDIA<\/h3>\n<p><iframe loading=\"lazy\" src=\"https:\/\/drive.google.com\/file\/d\/1CdMKQNA-DFlrNYyonxHyO3_Vc-6degni\/preview\" width=\"640\" height=\"480\"><\/iframe><\/p>\n<h3>ALEMANIA<\/h3>\n<p><iframe loading=\"lazy\" src=\"https:\/\/drive.google.com\/file\/d\/1HKnI2Nk8ROe9VDo3H_97O3CCZoyRFEJd\/preview\" width=\"640\" height=\"480\"><\/iframe><\/p>\n","protected":false},"excerpt":{"rendered":"<p>Las actividades de Job Shadowing (seguimiento profesional) las realiza el profesorado de nuestro colegio durante una semana en otro centro europeo. All\u00ed siguen a los docentes y observan sus clases, sus recursos, sus metodolog\u00edas de&#46;&#46;&#46;<\/p>\n","protected":false},"author":15493,"featured_media":0,"parent":1008,"menu_order":0,"comment_status":"closed","ping_status":"closed","template":"page-templates\/child-menu.php","meta":{"ngg_post_thumbnail":0,"footnotes":""},"aioseo_notices":[],"_links":{"self":[{"href":"https:\/\/blogsaverroes.juntadeandalucia.es\/tomasdeybarra\/wp-json\/wp\/v2\/pages\/1693"}],"collection":[{"href":"https:\/\/blogsaverroes.juntadeandalucia.es\/tomasdeybarra\/wp-json\/wp\/v2\/pages"}],"about":[{"href":"https:\/\/blogsaverroes.juntadeandalucia.es\/tomasdeybarra\/wp-json\/wp\/v2\/types\/page"}],"author":[{"embeddable":true,"href":"https:\/\/blogsaverroes.juntadeandalucia.es\/tomasdeybarra\/wp-json\/wp\/v2\/users\/15493"}],"replies":[{"embeddable":true,"href":"https:\/\/blogsaverroes.juntadeandalucia.es\/tomasdeybarra\/wp-json\/wp\/v2\/comments?post=1693"}],"version-history":[{"count":1,"href":"https:\/\/blogsaverroes.juntadeandalucia.es\/tomasdeybarra\/wp-json\/wp\/v2\/pages\/1693\/revisions"}],"predecessor-version":[{"id":1699,"href":"https:\/\/blogsaverroes.juntadeandalucia.es\/tomasdeybarra\/wp-json\/wp\/v2\/pages\/1693\/revisions\/1699"}],"up":[{"embeddable":true,"href":"https:\/\/blogsaverroes.juntadeandalucia.es\/tomasdeybarra\/wp-json\/wp\/v2\/pages\/1008"}],"wp:attachment":[{"href":"https:\/\/blogsaverroes.juntadeandalucia.es\/tomasdeybarra\/wp-json\/wp\/v2\/media?parent=1693"}],"curies":[{"name":"wp","href":"https:\/\/api.w.org\/{rel}","templated":true}]}}