{"id":30,"date":"2020-01-09T12:41:20","date_gmt":"2020-01-09T11:41:20","guid":{"rendered":"http:\/\/blogsaverroes.juntadeandalucia.es\/pre\/nuevoceip2v2\/?page_id=30"},"modified":"2026-02-04T11:09:07","modified_gmt":"2026-02-04T10:09:07","slug":"ampa","status":"publish","type":"page","link":"https:\/\/blogsaverroes.juntadeandalucia.es\/tomasdeybarra\/ampa\/","title":{"rendered":"AMPA"},"content":{"rendered":"<h2 style=\"text-align: center\">AMPA<\/h2>\n<p style=\"text-align: center\"><a href=\"http:\/\/www.ampatomasdeybarra.es\/\" target=\"_blank\" rel=\"noopener noreferrer\">http:\/\/www.ampatomasdeybarra.es\/<\/a><\/p>\n<p style=\"text-align: center\"><span style=\"color: #000000\">Ap\u00fantate al AMPA<\/span><\/p>\n<p>&nbsp; &nbsp; <span style=\"font-size: 24pt\"><a href=\"https:\/\/blogsaverroes.juntadeandalucia.es\/tomasdeybarra\/files\/2022\/09\/cartel-Ampa-Tom\u00e1s-de-Ybarra.pdf\" target=\"_blank\" rel=\"noopener noreferrer\">Ajedrez Ampa Tom\u00e1s de Ybarra<\/a><\/span> <img loading=\"lazy\" decoding=\"async\" class=\"alignleft wp-image-2154 \" src=\"https:\/\/blogsaverroes.juntadeandalucia.es\/tomasdeybarra\/files\/2026\/02\/Captura-de-pantalla-2026-02-04-a-las-11.08.02-214x300.png\" alt=\"\" width=\"336\" height=\"471\" srcset=\"https:\/\/blogsaverroes.juntadeandalucia.es\/tomasdeybarra\/files\/2026\/02\/Captura-de-pantalla-2026-02-04-a-las-11.08.02-214x300.png 214w, https:\/\/blogsaverroes.juntadeandalucia.es\/tomasdeybarra\/files\/2026\/02\/Captura-de-pantalla-2026-02-04-a-las-11.08.02-729x1024.png 729w, https:\/\/blogsaverroes.juntadeandalucia.es\/tomasdeybarra\/files\/2026\/02\/Captura-de-pantalla-2026-02-04-a-las-11.08.02-768x1079.png 768w, https:\/\/blogsaverroes.juntadeandalucia.es\/tomasdeybarra\/files\/2026\/02\/Captura-de-pantalla-2026-02-04-a-las-11.08.02.png 800w\" sizes=\"(max-width: 336px) 100vw, 336px\" \/> <img loading=\"lazy\" decoding=\"async\" class=\"alignleft wp-image-2097\" src=\"https:\/\/blogsaverroes.juntadeandalucia.es\/tomasdeybarra\/files\/2025\/09\/actividades-AMPA-212x300.jpeg\" alt=\"\" width=\"301\" height=\"426\" srcset=\"https:\/\/blogsaverroes.juntadeandalucia.es\/tomasdeybarra\/files\/2025\/09\/actividades-AMPA-212x300.jpeg 212w, https:\/\/blogsaverroes.juntadeandalucia.es\/tomasdeybarra\/files\/2025\/09\/actividades-AMPA-724x1024.jpeg 724w, https:\/\/blogsaverroes.juntadeandalucia.es\/tomasdeybarra\/files\/2025\/09\/actividades-AMPA-768x1086.jpeg 768w, https:\/\/blogsaverroes.juntadeandalucia.es\/tomasdeybarra\/files\/2025\/09\/actividades-AMPA-1086x1536.jpeg 1086w, https:\/\/blogsaverroes.juntadeandalucia.es\/tomasdeybarra\/files\/2025\/09\/actividades-AMPA.jpeg 1131w\" sizes=\"(max-width: 301px) 100vw, 301px\" \/><\/p>\n<p>&nbsp; <img loading=\"lazy\" decoding=\"async\" class=\"alignleft wp-image-2098\" src=\"https:\/\/blogsaverroes.juntadeandalucia.es\/tomasdeybarra\/files\/2025\/09\/actividades-ampa-AJEDREZ-175x300.jpeg\" alt=\"\" width=\"235\" height=\"403\" srcset=\"https:\/\/blogsaverroes.juntadeandalucia.es\/tomasdeybarra\/files\/2025\/09\/actividades-ampa-AJEDREZ-175x300.jpeg 175w, https:\/\/blogsaverroes.juntadeandalucia.es\/tomasdeybarra\/files\/2025\/09\/actividades-ampa-AJEDREZ.jpeg 454w\" sizes=\"(max-width: 235px) 100vw, 235px\" \/><\/p>\n<blockquote class=\"wp-embedded-content\" data-secret=\"2lfgGXILAw\"><p><a href=\"https:\/\/ludocienciaconcilia.es\/ceip-tomas-ybarra\/\">CEIP Tom\u00e1s de Ybarra<\/a><\/p><\/blockquote>\n<p><iframe class=\"wp-embedded-content\" sandbox=\"allow-scripts\" security=\"restricted\" style=\"position: absolute; clip: rect(1px, 1px, 1px, 1px);\" title=\"\u00abCEIP Tom\u00e1s de Ybarra\u00bb \u2014 Ludociencia Concilia\" src=\"https:\/\/ludocienciaconcilia.es\/ceip-tomas-ybarra\/embed\/#?secret=azsWJiBdaY#?secret=2lfgGXILAw\" data-secret=\"2lfgGXILAw\" width=\"500\" height=\"282\" frameborder=\"0\" marginwidth=\"0\" marginheight=\"0\" scrolling=\"no\"><\/iframe><\/p>\n<p>&nbsp;<\/p>\n<h3><strong>AGENDA 25-26<\/strong><\/h3>\n<p><img loading=\"lazy\" decoding=\"async\" class=\"alignleft size-medium wp-image-1992\" src=\"https:\/\/blogsaverroes.juntadeandalucia.es\/tomasdeybarra\/files\/2025\/07\/cropped-PHOTO-2025-06-27-14-19-32-1-254x300.jpg\" alt=\"\" width=\"254\" height=\"300\" srcset=\"https:\/\/blogsaverroes.juntadeandalucia.es\/tomasdeybarra\/files\/2025\/07\/cropped-PHOTO-2025-06-27-14-19-32-1-254x300.jpg 254w, https:\/\/blogsaverroes.juntadeandalucia.es\/tomasdeybarra\/files\/2025\/07\/cropped-PHOTO-2025-06-27-14-19-32-1.jpg 376w\" sizes=\"(max-width: 254px) 100vw, 254px\" \/><\/p>\n<p style=\"text-align: center\">&nbsp;<\/p>\n<p>&nbsp;<\/p>\n","protected":false},"excerpt":{"rendered":"<p>AMPA http:\/\/www.ampatomasdeybarra.es\/ Ap\u00fantate al AMPA &nbsp; &nbsp; Ajedrez Ampa Tom\u00e1s de Ybarra &nbsp; CEIP Tom\u00e1s de Ybarra &nbsp; AGENDA 25-26 &nbsp; &nbsp;<\/p>\n","protected":false},"author":1916,"featured_media":0,"parent":0,"menu_order":0,"comment_status":"closed","ping_status":"closed","template":"","meta":{"ngg_post_thumbnail":0,"footnotes":""},"aioseo_notices":[],"_links":{"self":[{"href":"https:\/\/blogsaverroes.juntadeandalucia.es\/tomasdeybarra\/wp-json\/wp\/v2\/pages\/30"}],"collection":[{"href":"https:\/\/blogsaverroes.juntadeandalucia.es\/tomasdeybarra\/wp-json\/wp\/v2\/pages"}],"about":[{"href":"https:\/\/blogsaverroes.juntadeandalucia.es\/tomasdeybarra\/wp-json\/wp\/v2\/types\/page"}],"author":[{"embeddable":true,"href":"https:\/\/blogsaverroes.juntadeandalucia.es\/tomasdeybarra\/wp-json\/wp\/v2\/users\/1916"}],"replies":[{"embeddable":true,"href":"https:\/\/blogsaverroes.juntadeandalucia.es\/tomasdeybarra\/wp-json\/wp\/v2\/comments?post=30"}],"version-history":[{"count":19,"href":"https:\/\/blogsaverroes.juntadeandalucia.es\/tomasdeybarra\/wp-json\/wp\/v2\/pages\/30\/revisions"}],"predecessor-version":[{"id":2156,"href":"https:\/\/blogsaverroes.juntadeandalucia.es\/tomasdeybarra\/wp-json\/wp\/v2\/pages\/30\/revisions\/2156"}],"wp:attachment":[{"href":"https:\/\/blogsaverroes.juntadeandalucia.es\/tomasdeybarra\/wp-json\/wp\/v2\/media?parent=30"}],"curies":[{"name":"wp","href":"https:\/\/api.w.org\/{rel}","templated":true}]}}