{"id":39,"date":"2020-01-09T12:44:11","date_gmt":"2020-01-09T11:44:11","guid":{"rendered":"http:\/\/blogsaverroes.juntadeandalucia.es\/pre\/nuevoceip2v2\/?page_id=39"},"modified":"2025-09-29T08:56:30","modified_gmt":"2025-09-29T07:56:30","slug":"comedor-escolar","status":"publish","type":"page","link":"https:\/\/blogsaverroes.juntadeandalucia.es\/tomasdeybarra\/comedor-escolar\/","title":{"rendered":"Comedor escolar"},"content":{"rendered":"<p><span style=\"color: #000000;font-size: 12pt;font-family: verdana, geneva, sans-serif\">CURSO 25\/26. La empresa adjudicataria de este servicio es <em>Hermanos Gonz\u00e1lez Colectividades. <\/em><\/span><\/p>\n<p><span style=\"color: #000000;font-family: verdana, geneva, sans-serif\"><span style=\"font-size: 12pt\"><strong>El d\u00eda 10 de septiembre<\/strong> (primer d\u00eda de clase) ya contaremos con el servicio de comedor. No as\u00ed el aula matinal, que comenzar\u00e1 el d\u00eda 11 de septiembre. <\/span><\/span><\/p>\n<p><span style=\"color: #000000;font-family: verdana, geneva, sans-serif\"><span style=\"font-size: 12pt\"><strong>Si se ha producido alguna nueva intolerancia o alergia durante el verano, rogamos nos lo comuniquen lo antes posible (tambi\u00e9n a la empresa)<\/strong>. Asimismo deben proceder las familias del alumnado de nuevo ingreso. E<\/span><\/span><span style=\"font-size: 12pt;color: #000000;font-family: verdana, geneva, sans-serif\">l medio de comunicaci\u00f3n con la empresa de catering es el siguiente correo electr\u00f3nico: <\/span><strong style=\"font-size: 12pt;color: #000000;font-family: verdana, geneva, sans-serif\">comedorescolardos@cateringhgonzalez.com&nbsp;<\/strong><\/p>\n<p><span style=\"font-family: verdana, geneva, sans-serif;color: #000000\">El coste del men\u00fa es de 5,54\u20ac (precio oficial BOJA curso 2024\/2025) por d\u00eda (IVA incluido) e incluye servicio de monitora, primer plato, <\/span><span style=\"font-family: verdana, geneva, sans-serif;color: #000000\">segundo plato con guarnici\u00f3n, pan y postre. A este importe se le descontar\u00e1 la bonificaci\u00f3n que corresponda.<\/span><\/p>\n<p><span style=\"color: #000000\">Hermanos Gonz\u00e1lez pone a su disposici\u00f3n la aplicaci\u00f3n m\u00f3vil gratuita <strong>Como en Casa: Comedor Escolar<\/strong>, disponible para&nbsp;<strong>Android<\/strong>,&nbsp;<strong>iOS<\/strong>&nbsp;y&nbsp;<strong>Web<\/strong>. Ideal para tutores de alumnos, permite manejar la&nbsp;<strong>asistencia<\/strong>, consultar el&nbsp;<strong>men\u00fa del d\u00eda<\/strong>, revisar&nbsp;<strong>recibos<\/strong>&nbsp;y acceder a&nbsp;<strong>asistencia v\u00eda chat integrado<\/strong>.<\/span><\/p>\n<p><span style=\"font-size: 12pt;color: #000000;font-family: verdana, geneva, sans-serif\">No duden en contactar si tienen alguna duda. Muchas gracias por su atenci\u00f3n.<\/span><\/p>\n<p><span style=\"font-family: verdana, geneva, sans-serif\"><strong><span style=\"font-size: 18pt\">Documentos para inscripciones de altas, bajas o cambios en el Aula Matinal, Comedor y Actividades Extraescolares.<\/span><\/strong><\/span><\/p>\n<p><span style=\"color: #000000;font-family: verdana, geneva, sans-serif\"><strong>Se dirigir\u00e1n a la direcci\u00f3n de correo a: 41007679.secretaria@g.educaand.es<\/strong><\/span><\/p>\n<ul style=\"list-style-type: circle\">\n<li><span style=\"color: #000000\">SOLICITUD DE ALTA <a style=\"color: #000000\" href=\"https:\/\/blogsaverroes.juntadeandalucia.es\/tomasdeybarra\/files\/2023\/02\/Anexo_II_Inscripcion_en_los_Servicios_de_AM_CE_y_AAEX.pdf\" target=\"_blank\" rel=\"noopener noreferrer\">Anexo_II_Inscripcion_en_los_Servicios_de_AM_CE_y_AAEX<\/a><\/span><\/li>\n<li><span style=\"color: #000000\">SOLICITUD DE <strong>BAJA<\/strong> O <strong>CAMBIOS <\/strong><a style=\"color: #000000\" href=\"https:\/\/blogsaverroes.juntadeandalucia.es\/tomasdeybarra\/files\/2023\/02\/Modificaci\u00f3n-en-el-servicio.pdf\">Modificaci\u00f3n-en-el-servicio<\/a><\/span><\/li>\n<li><span style=\"color: #000000\">SOLICITUD DE <strong>BONIFICACI\u00d3N <\/strong><span style=\"font-size: 10pt\">(Plazo del 1 al 7 de septiembre)<\/span> <a style=\"color: #000000\" href=\"https:\/\/blogsaverroes.juntadeandalucia.es\/tomasdeybarra\/files\/2023\/02\/Anexo_V_Solicitud_de_bonificacion_AM_CE_y_AAEX.pdf\" target=\"_blank\" rel=\"noopener noreferrer\">Anexo_V_Solicitud_de_bonificacion_AM_CE_y_AAEX<\/a><\/span><\/li>\n<\/ul>\n<h3><span style=\"font-family: symbol\"><strong><span style=\"color: #000000\"><span style=\"font-family: verdana, geneva, sans-serif\">INFORMACI\u00d3N IMPORTANTE CURSO 25\/26<\/span>:<\/span><\/strong><\/span><\/h3>\n<h3><iframe loading=\"lazy\" src=\"https:\/\/drive.google.com\/file\/d\/1nBEitMTCPnrF59-M4UuGXd4gn922G4r8\/preview\" width=\"640\" height=\"480\"><\/iframe><\/h3>\n","protected":false},"excerpt":{"rendered":"<p>CURSO 25\/26. La empresa adjudicataria de este servicio es Hermanos Gonz\u00e1lez Colectividades. El d\u00eda 10 de septiembre (primer d\u00eda de clase) ya contaremos con el servicio de comedor. No as\u00ed el aula matinal, que comenzar\u00e1&#46;&#46;&#46;<\/p>\n","protected":false},"author":1916,"featured_media":0,"parent":0,"menu_order":0,"comment_status":"closed","ping_status":"closed","template":"","meta":{"ngg_post_thumbnail":0,"footnotes":""},"aioseo_notices":[],"_links":{"self":[{"href":"https:\/\/blogsaverroes.juntadeandalucia.es\/tomasdeybarra\/wp-json\/wp\/v2\/pages\/39"}],"collection":[{"href":"https:\/\/blogsaverroes.juntadeandalucia.es\/tomasdeybarra\/wp-json\/wp\/v2\/pages"}],"about":[{"href":"https:\/\/blogsaverroes.juntadeandalucia.es\/tomasdeybarra\/wp-json\/wp\/v2\/types\/page"}],"author":[{"embeddable":true,"href":"https:\/\/blogsaverroes.juntadeandalucia.es\/tomasdeybarra\/wp-json\/wp\/v2\/users\/1916"}],"replies":[{"embeddable":true,"href":"https:\/\/blogsaverroes.juntadeandalucia.es\/tomasdeybarra\/wp-json\/wp\/v2\/comments?post=39"}],"version-history":[{"count":50,"href":"https:\/\/blogsaverroes.juntadeandalucia.es\/tomasdeybarra\/wp-json\/wp\/v2\/pages\/39\/revisions"}],"predecessor-version":[{"id":2096,"href":"https:\/\/blogsaverroes.juntadeandalucia.es\/tomasdeybarra\/wp-json\/wp\/v2\/pages\/39\/revisions\/2096"}],"wp:attachment":[{"href":"https:\/\/blogsaverroes.juntadeandalucia.es\/tomasdeybarra\/wp-json\/wp\/v2\/media?parent=39"}],"curies":[{"name":"wp","href":"https:\/\/api.w.org\/{rel}","templated":true}]}}