{"id":45,"date":"2020-01-09T12:46:56","date_gmt":"2020-01-09T11:46:56","guid":{"rendered":"http:\/\/blogsaverroes.juntadeandalucia.es\/pre\/nuevoceip2v2\/?page_id=45"},"modified":"2023-01-08T17:10:09","modified_gmt":"2023-01-08T16:10:09","slug":"inicio","status":"publish","type":"page","link":"https:\/\/blogsaverroes.juntadeandalucia.es\/tomasdeybarra\/inicio\/","title":{"rendered":"Inicio"},"content":{"rendered":"<h3 style=\"font-family: 'Fredoka One',display;font-size: 45px;line-height: 1.2em\"><span style=\"font-size: 18pt;font-family: 'Source Sans Pro', Arial, sans-serif\">Bienvenidos y bienvenidos al colegio p\u00fablico CEIP Tom\u00e1s de Ybarra.&nbsp;<\/span><\/h3>\n<p><img decoding=\"async\" src=\"https:\/\/media.istockphoto.com\/id\/180865955\/es\/foto\/hola-bonjour-hola.jpg?s=612x612&amp;w=0&amp;k=20&amp;c=2gKY0PocRY66nrMPJFY5ez5OUgiAq3fIzWqjYgQrjoY=\" alt=\"Hola Bonjour Hola - foto de stock\"><\/p>\n<p>&nbsp;<\/p>\n<h2>El Centro. <span style=\"color: #333300\">Our school.&nbsp;<\/span><\/h2>\n<p><span style=\"color: #000000\">Nuestro colegio est\u00e1 situado en Tomares, una localidad muy cercana a Sevilla capital, con numerosos parques y una gran calidad de vida. <\/span><br \/>\n<span style=\"color: #000000\">Es un colegio grande, con unos 730 alumnos y alumnas cuya edad abarca desde los 3 a los 11\/12 a\u00f1os. <\/span><\/p>\n<p><span style=\"color: #333300\">Our school is located in Tomares, a town very close to the city of Seville, with a large number of parks and a great quality of life. <\/span><br \/>\n<span style=\"color: #333300\">It is a large school, with around 730 pupils, aged from 3 to 11\/12 years old.<\/span><\/p>\n<p>&nbsp;<\/p>\n<p>&nbsp;<\/p>\n<h3>Acceso a Pasen.&nbsp;<\/h3>\n<p><a title=\"Pasen\" href=\"https:\/\/seneca.juntadeandalucia.es\/seneca\/jsp\/portalpasen\/\" target=\"_blank\" rel=\"noopener noreferrer\"><img loading=\"lazy\" decoding=\"async\" class=\"wp-image-864 size-medium\" src=\"https:\/\/blogsaverroes.juntadeandalucia.es\/tomasdeybarra\/files\/2023\/01\/pasen-300x132.png\" alt=\"\" width=\"300\" height=\"132\" srcset=\"https:\/\/blogsaverroes.juntadeandalucia.es\/tomasdeybarra\/files\/2023\/01\/pasen-300x132.png 300w, https:\/\/blogsaverroes.juntadeandalucia.es\/tomasdeybarra\/files\/2023\/01\/pasen-768x338.png 768w, https:\/\/blogsaverroes.juntadeandalucia.es\/tomasdeybarra\/files\/2023\/01\/pasen.png 885w\" sizes=\"(max-width: 300px) 100vw, 300px\" \/><\/a><\/p>\n<p>&nbsp;<\/p>\n","protected":false},"excerpt":{"rendered":"<p>Bienvenidos y bienvenidos al colegio p\u00fablico CEIP Tom\u00e1s de Ybarra.&nbsp; &nbsp; El Centro. Our school.&nbsp; Nuestro colegio est\u00e1 situado en Tomares, una localidad muy cercana a Sevilla capital, con numerosos parques y una gran calidad&#46;&#46;&#46;<\/p>\n","protected":false},"author":1916,"featured_media":0,"parent":0,"menu_order":1,"comment_status":"closed","ping_status":"closed","template":"","meta":{"ngg_post_thumbnail":0,"footnotes":""},"aioseo_notices":[],"_links":{"self":[{"href":"https:\/\/blogsaverroes.juntadeandalucia.es\/tomasdeybarra\/wp-json\/wp\/v2\/pages\/45"}],"collection":[{"href":"https:\/\/blogsaverroes.juntadeandalucia.es\/tomasdeybarra\/wp-json\/wp\/v2\/pages"}],"about":[{"href":"https:\/\/blogsaverroes.juntadeandalucia.es\/tomasdeybarra\/wp-json\/wp\/v2\/types\/page"}],"author":[{"embeddable":true,"href":"https:\/\/blogsaverroes.juntadeandalucia.es\/tomasdeybarra\/wp-json\/wp\/v2\/users\/1916"}],"replies":[{"embeddable":true,"href":"https:\/\/blogsaverroes.juntadeandalucia.es\/tomasdeybarra\/wp-json\/wp\/v2\/comments?post=45"}],"version-history":[{"count":23,"href":"https:\/\/blogsaverroes.juntadeandalucia.es\/tomasdeybarra\/wp-json\/wp\/v2\/pages\/45\/revisions"}],"predecessor-version":[{"id":875,"href":"https:\/\/blogsaverroes.juntadeandalucia.es\/tomasdeybarra\/wp-json\/wp\/v2\/pages\/45\/revisions\/875"}],"wp:attachment":[{"href":"https:\/\/blogsaverroes.juntadeandalucia.es\/tomasdeybarra\/wp-json\/wp\/v2\/media?parent=45"}],"curies":[{"name":"wp","href":"https:\/\/api.w.org\/{rel}","templated":true}]}}