{"id":984,"date":"2023-01-20T20:52:11","date_gmt":"2023-01-20T19:52:11","guid":{"rendered":"https:\/\/blogsaverroes.juntadeandalucia.es\/tomasdeybarra\/?page_id=984"},"modified":"2024-07-24T17:25:02","modified_gmt":"2024-07-24T16:25:02","slug":"habitos-de-vida-saludable","status":"publish","type":"page","link":"https:\/\/blogsaverroes.juntadeandalucia.es\/tomasdeybarra\/habitos-de-vida-saludable\/","title":{"rendered":"CIMA-Promoci\u00f3n H\u00e1bitos de Vida Saludable"},"content":{"rendered":"<p><span style=\"color: #000000\">Se<\/span> plantean las siguientes L\u00edneas de Actuaci\u00f3n dentro de este \u00e1mbito de conocimiento, entendiendo todas ellas como pilares fundamentales para la promoci\u00f3n de h\u00e1bitos de vida saludable en la comunidad educativa:<\/p>\n<ul>\n<li>Inteligencia emocional.<\/li>\n<li>Alimentaci\u00f3n saludable.<\/li>\n<li>Actividad f\u00edsica y deporte.<\/li>\n<li>Educaci\u00f3n afectivo-sexual.<\/li>\n<li>Higiene digital.<\/li>\n<li>Ocio saludable. Prevenci\u00f3n del consumo de sustancias adictivas.<\/li>\n<li>Educaci\u00f3n vial.<\/li>\n<\/ul>\n<p>Los centros que profundizan en el desarrollo de este \u00e1mbito, se constituyen en la Red de Escuelas Promotoras de Salud (EPSA), una red de centros educativos que proyectan sus actuaciones sobre su estructura, organizaci\u00f3n y funcionamiento para promover ambientes favorables a la salud y modos de vida salutog\u00e9nicos, con la finalidad de impulsar y consolidar la innovaci\u00f3n y transformaci\u00f3n educativa hacia \u201csociedades del bienestar sostenibles y saludables\u201d.<\/p>\n<p><a href=\"https:\/\/www.canva.com\/design\/DAF1cMkG0-o\/view\" target=\"_blank\" rel=\"noopener\"><img loading=\"lazy\" decoding=\"async\" class=\"alignleft  wp-image-1721\" src=\"https:\/\/blogsaverroes.juntadeandalucia.es\/tomasdeybarra\/files\/2024\/07\/CIMA-VIDA-SALUDABLE-300x291.jpg\" alt=\"\" width=\"507\" height=\"492\" srcset=\"https:\/\/blogsaverroes.juntadeandalucia.es\/tomasdeybarra\/files\/2024\/07\/CIMA-VIDA-SALUDABLE-300x291.jpg 300w, https:\/\/blogsaverroes.juntadeandalucia.es\/tomasdeybarra\/files\/2024\/07\/CIMA-VIDA-SALUDABLE.jpg 560w\" sizes=\"(max-width: 507px) 100vw, 507px\" \/><\/a><\/p>\n","protected":false},"excerpt":{"rendered":"<p>Se plantean las siguientes L\u00edneas de Actuaci\u00f3n dentro de este \u00e1mbito de conocimiento, entendiendo todas ellas como pilares fundamentales para la promoci\u00f3n de h\u00e1bitos de vida saludable en la comunidad educativa: Inteligencia emocional. Alimentaci\u00f3n saludable.&#46;&#46;&#46;<\/p>\n","protected":false},"author":15493,"featured_media":0,"parent":0,"menu_order":0,"comment_status":"closed","ping_status":"closed","template":"","meta":{"ngg_post_thumbnail":0,"footnotes":""},"aioseo_notices":[],"_links":{"self":[{"href":"https:\/\/blogsaverroes.juntadeandalucia.es\/tomasdeybarra\/wp-json\/wp\/v2\/pages\/984"}],"collection":[{"href":"https:\/\/blogsaverroes.juntadeandalucia.es\/tomasdeybarra\/wp-json\/wp\/v2\/pages"}],"about":[{"href":"https:\/\/blogsaverroes.juntadeandalucia.es\/tomasdeybarra\/wp-json\/wp\/v2\/types\/page"}],"author":[{"embeddable":true,"href":"https:\/\/blogsaverroes.juntadeandalucia.es\/tomasdeybarra\/wp-json\/wp\/v2\/users\/15493"}],"replies":[{"embeddable":true,"href":"https:\/\/blogsaverroes.juntadeandalucia.es\/tomasdeybarra\/wp-json\/wp\/v2\/comments?post=984"}],"version-history":[{"count":5,"href":"https:\/\/blogsaverroes.juntadeandalucia.es\/tomasdeybarra\/wp-json\/wp\/v2\/pages\/984\/revisions"}],"predecessor-version":[{"id":1722,"href":"https:\/\/blogsaverroes.juntadeandalucia.es\/tomasdeybarra\/wp-json\/wp\/v2\/pages\/984\/revisions\/1722"}],"wp:attachment":[{"href":"https:\/\/blogsaverroes.juntadeandalucia.es\/tomasdeybarra\/wp-json\/wp\/v2\/media?parent=984"}],"curies":[{"name":"wp","href":"https:\/\/api.w.org\/{rel}","templated":true}]}}