{"id":3082,"date":"2016-04-08T07:56:23","date_gmt":"2016-04-08T05:56:23","guid":{"rendered":"http:\/\/blogsaverroes.juntadeandalucia.es\/trovador\/?page_id=3082"},"modified":"2020-05-05T22:25:55","modified_gmt":"2020-05-05T21:25:55","slug":"sustancias-puras-y-mezclas-separacion-de-mezclas","status":"publish","type":"page","link":"https:\/\/blogsaverroes.juntadeandalucia.es\/trovador\/recursos-profesorado\/naturales\/sustancias-puras-y-mezclas-separacion-de-mezclas\/","title":{"rendered":"Sustancias puras y mezclas. Separaci\u00f3n de mezclas. Densidad. Tensi\u00f3n superficial del agua"},"content":{"rendered":"<table>\n<tbody>\n<tr>\n<td style=\"background-color: #8fd8f2;text-align: center;vertical-align: top\" colspan=\"3\">\n<h3><strong>Mezclas &#8211; separaci\u00f3n de mezclas<\/strong><\/h3>\n<\/td>\n<\/tr>\n<tr>\n<td style=\"vertical-align: top;text-align: center\"><a href=\"http:\/\/recursos.crfptic.es\/ambientech\/indice_asignatura.swf\">Actividad interactiva sobre mezclas y separaciones.<img loading=\"lazy\" decoding=\"async\" class=\"aligncenter wp-image-3079\" src=\"http:\/\/blogsaverroes.juntadeandalucia.es\/trovador\/files\/2016\/04\/Sin-t\u00edtulo3-1024x647.jpg\" alt=\"Sin t\u00edtulo\" width=\"199\" height=\"126\" srcset=\"https:\/\/blogsaverroes.juntadeandalucia.es\/trovador\/files\/2016\/04\/Sin-t\u00edtulo3-1024x647.jpg 1024w, https:\/\/blogsaverroes.juntadeandalucia.es\/trovador\/files\/2016\/04\/Sin-t\u00edtulo3-300x190.jpg 300w, https:\/\/blogsaverroes.juntadeandalucia.es\/trovador\/files\/2016\/04\/Sin-t\u00edtulo3.jpg 1403w\" sizes=\"(max-width: 199px) 100vw, 199px\" \/><\/a><\/td>\n<td style=\"text-align: center\">\n<p style=\"text-align: center\"><a href=\"http:\/\/elements.wlonk.com\/ElementsTable.htm\">&nbsp;Tabla peri\u00f3dica con dibujos de cada elemento y su uso actual<\/a><\/p>\n<p><img loading=\"lazy\" decoding=\"async\" class=\"aligncenter wp-image-7187\" src=\"https:\/\/blogsaverroes.juntadeandalucia.es\/trovador\/files\/2016\/04\/Sin-t\u00edtulo-1.png\" alt=\"\" width=\"204\" height=\"130\" srcset=\"https:\/\/blogsaverroes.juntadeandalucia.es\/trovador\/files\/2016\/04\/Sin-t\u00edtulo-1.png 1357w, https:\/\/blogsaverroes.juntadeandalucia.es\/trovador\/files\/2016\/04\/Sin-t\u00edtulo-1-300x191.png 300w, https:\/\/blogsaverroes.juntadeandalucia.es\/trovador\/files\/2016\/04\/Sin-t\u00edtulo-1-768x490.png 768w, https:\/\/blogsaverroes.juntadeandalucia.es\/trovador\/files\/2016\/04\/Sin-t\u00edtulo-1-1024x653.png 1024w, https:\/\/blogsaverroes.juntadeandalucia.es\/trovador\/files\/2016\/04\/Sin-t\u00edtulo-1-280x180.png 280w, https:\/\/blogsaverroes.juntadeandalucia.es\/trovador\/files\/2016\/04\/Sin-t\u00edtulo-1-24x15.png 24w, https:\/\/blogsaverroes.juntadeandalucia.es\/trovador\/files\/2016\/04\/Sin-t\u00edtulo-1-36x23.png 36w, https:\/\/blogsaverroes.juntadeandalucia.es\/trovador\/files\/2016\/04\/Sin-t\u00edtulo-1-48x31.png 48w\" sizes=\"(max-width: 204px) 100vw, 204px\" \/><\/td>\n<td style=\"text-align: center\">Experimento Separaci\u00f3n Mezclas<\/p>\n<p>Extraer el hierro de los cereales del desayuno<\/p>\n<p>[youtube https:\/\/www.youtube.com\/watch?v=DWUq9MkezPo?rel=0&amp;w=200&amp;h=113]&nbsp;<\/td>\n<\/tr>\n<tr>\n<td style=\"background-color: #9dfcf9;text-align: center;vertical-align: top\" colspan=\"3\">\n<h3><strong>Densidad<\/strong><\/h3>\n<\/td>\n<\/tr>\n<tr>\n<td style=\"vertical-align: top;text-align: center\">Experimento Densidades<\/p>\n<p>Creamos l\u00edquidos de diferentes densidades<\/p>\n<p>[youtube https:\/\/www.youtube.com\/watch?v=-T5KRJ67opU&amp;w=200&amp;h=113]<\/td>\n<td style=\"text-align: center\">\n<p style=\"text-align: center\">Experimento con diferentes densidades de l\u00edquidos + flotabilidad&nbsp;<\/p>\n<div class=\"v9TZ3c bFjUmb-Tvm9db\" style=\"text-align: center\">\n<div class=\"qyN25\">\n<div class=\"T4tcpe n0p5v\">\n<div class=\"u0Snqb vraZ7e tLDEHd\">&nbsp;<\/div>\n<\/div>\n<\/div>\n<\/div>\n<div class=\"M7zXZd\" style=\"text-align: center\">\n<aside class=\"DXLeqd\" role=\"complementary\">\n<div class=\"CG2qQ dsW6Nd\">\n<div class=\"d4Fe0d LBlAUc \">\n<div class=\"WMQb5e\">[youtube https:\/\/www.youtube.com\/watch?v=yJw03DNZE30&amp;w=200&amp;h=113]<\/div>\n<\/div>\n<\/div>\n<\/aside>\n<\/div>\n<\/td>\n<td style=\"text-align: center\">C\u00f3mo funciona un submarino + experimento<\/p>\n<p>[youtube https:\/\/www.youtube.com\/watch?v=zF6dSmOBy90&amp;w=200&amp;h=115]<\/td>\n<\/tr>\n<tr>\n<td style=\"background-color: #96f2ec;text-align: center;vertical-align: top\" colspan=\"3\">\n<h3><strong>La tensi\u00f3n superficial del agua<\/strong><\/h3>\n<\/td>\n<\/tr>\n<tr>\n<td style=\"vertical-align: top;text-align: center\">Por qu\u00e9 limpia el jab\u00f3n.<\/p>\n<p>Experimento rompemos la tensi\u00f3n superficial&nbsp;<\/p>\n<p>Pimienta + jab\u00f3n<\/p>\n<p>[youtube https:\/\/www.youtube.com\/watch?v=o83DfVaZlX0&amp;w=200&amp;h=113]<\/td>\n<td style=\"text-align: center\">La tensi\u00f3n superficial del agua, explicaci\u00f3n + experimento<\/p>\n<p>[youtube https:\/\/www.youtube.com\/watch?v=nLMawcFtppQ&amp;w=200&amp;h=113]<\/td>\n<td style=\"text-align: center\">C\u00f3mo observar la tensi\u00f3n superficial del agua<\/p>\n<p>[youtube https:\/\/www.youtube.com\/watch?v=u564Ydg1E9Y&amp;w=200&amp;h=113]<\/td>\n<\/tr>\n<tr>\n<td style=\"vertical-align: top;text-align: center\">[youtube https:\/\/www.youtube.com\/watch?v=nW05bHVC-ZM&#038;w=200&#038;h=113]<\/td>\n<td style=\"text-align: center\">&nbsp;<\/td>\n<td style=\"text-align: center\">&nbsp;<\/td>\n<\/tr>\n<\/tbody>\n<\/table>\n","protected":false},"excerpt":{"rendered":"<p>Mezclas &#8211; separaci\u00f3n de mezclas Actividad interactiva sobre mezclas y separaciones. &nbsp;Tabla peri\u00f3dica con dibujos de cada elemento y su uso actual Experimento Separaci\u00f3n Mezclas Extraer el hierro de los cereales del desayuno [youtube&#46;&#46;&#46;<\/p>\n","protected":false},"author":2245,"featured_media":0,"parent":2399,"menu_order":0,"comment_status":"closed","ping_status":"closed","template":"","meta":{"ngg_post_thumbnail":0,"footnotes":"","_mc_calendar":[]},"aioseo_notices":[],"_links":{"self":[{"href":"https:\/\/blogsaverroes.juntadeandalucia.es\/trovador\/wp-json\/wp\/v2\/pages\/3082"}],"collection":[{"href":"https:\/\/blogsaverroes.juntadeandalucia.es\/trovador\/wp-json\/wp\/v2\/pages"}],"about":[{"href":"https:\/\/blogsaverroes.juntadeandalucia.es\/trovador\/wp-json\/wp\/v2\/types\/page"}],"author":[{"embeddable":true,"href":"https:\/\/blogsaverroes.juntadeandalucia.es\/trovador\/wp-json\/wp\/v2\/users\/2245"}],"replies":[{"embeddable":true,"href":"https:\/\/blogsaverroes.juntadeandalucia.es\/trovador\/wp-json\/wp\/v2\/comments?post=3082"}],"version-history":[{"count":20,"href":"https:\/\/blogsaverroes.juntadeandalucia.es\/trovador\/wp-json\/wp\/v2\/pages\/3082\/revisions"}],"predecessor-version":[{"id":10997,"href":"https:\/\/blogsaverroes.juntadeandalucia.es\/trovador\/wp-json\/wp\/v2\/pages\/3082\/revisions\/10997"}],"up":[{"embeddable":true,"href":"https:\/\/blogsaverroes.juntadeandalucia.es\/trovador\/wp-json\/wp\/v2\/pages\/2399"}],"wp:attachment":[{"href":"https:\/\/blogsaverroes.juntadeandalucia.es\/trovador\/wp-json\/wp\/v2\/media?parent=3082"}],"curies":[{"name":"wp","href":"https:\/\/api.w.org\/{rel}","templated":true}]}}