{"id":8600,"date":"2018-10-29T22:42:19","date_gmt":"2018-10-29T21:42:19","guid":{"rendered":"https:\/\/blogsaverroes.juntadeandalucia.es\/trovador\/?page_id=8600"},"modified":"2023-02-02T18:30:59","modified_gmt":"2023-02-02T17:30:59","slug":"biblioteca","status":"publish","type":"page","link":"https:\/\/blogsaverroes.juntadeandalucia.es\/trovador\/biblioteca\/","title":{"rendered":"Biblioteca"},"content":{"rendered":"<h1>&nbsp;<\/h1>\n<h4><span style=\"color: #ff6600\">Nuestra biblioteca, un lugar divertido<\/span><\/h4>\n<p>&nbsp;<\/p>\n<blockquote>\n<h1><strong>13 de marzo de 2018<\/strong><\/h1>\n<\/blockquote>\n<p><strong>Pues ya este siglo se ha hecho mayor de edad, parece mentira. Como ya os he dicho este a\u00f1o es un a\u00f1o Qui\u00f1ones. Fernando era chiclanero de nacimiento y gaditano de adopci\u00f3n. \u00a1Un gran andaluz!<\/strong><\/p>\n<p><strong>&nbsp; Y \u00bfqu\u00e9 haremos nosotros para homenajearlo? Pues se me ha ocurrido proponer a los profes que nuestra biblioteca adopte el nombre de tan ilustre personaje. As\u00ed que el lunes d\u00eda 30, y no hay mejor d\u00eda; Fernando era un gran pacifista, esta propuesta se va a votar en el Claustro de profesores y en el Consejo Escolar. As\u00ed que si todo va bien pr\u00f3ximamente bautizaremos nuestra biblioteca como:<\/strong><\/p>\n<p><strong>Biblioteca \u201cFernando Qui\u00f1ones\u201d<\/strong><\/p>\n<p><strong>&nbsp;&nbsp; <\/strong><strong>\u00bfSab\u00e9is? He vuelto de las vacaciones con mucha energ\u00eda y gansas de hacer cosas. Para celebrar el d\u00eda de la PAZ he sugerido una actividad para hacer en clase. <\/strong><\/p>\n<h1><strong>LA POEPAZ<\/strong><\/h1>\n<p><strong>&nbsp; Se trata de escribir poes\u00edas en grupo tras haber seleccionado entre todos una serie de palabas amigas y enemigas de la PAZ. Y se expondr\u00e1n para ser leidas en el \u00e1rbol que esta frente a la biblio, al que esta semana llamaremos como \u201cEL \u00c1RBOL DE LA PAZ\u201d<\/strong><\/p>\n<p><strong>&nbsp; La pr\u00f3xima semana se podr\u00e1n leer aqu\u00ed.<\/strong><\/p>\n<p><strong>Bueno me despido, pero antes sabed que Pap\u00e1 Noel y los Reyes Magos me han tr\u00cdido el mejor regalo: LIBROS<\/strong><\/p>\n<p>&nbsp;<\/p>\n<blockquote>\n<h1><strong>26 de Enero de 2018<\/strong><\/h1>\n<\/blockquote>\n<p>&nbsp;<\/p>\n<p><strong>&nbsp;&nbsp; Pues ya este siglo se ha hecho mayor de edad, parece mentira. Como ya os he dicho este a\u00f1o es un a\u00f1o Qui\u00f1ones. Fernando era chiclanero de nacimiento y gaditano de adopci\u00f3n. \u00a1Un gran andaluz!<\/strong><\/p>\n<p><strong>&nbsp; Y \u00bfqu\u00e9 haremos nosotros para homenajearlo? Pues se me ha ocurrido proponer a los profes que nuestra biblioteca adopte el nombre de tan ilustre personaje. As\u00ed que el lunes d\u00eda 30, y no hay mejor d\u00eda; Fernando era un gran pacifista, esta propuesta se va a votar en el Claustro de profesores y en el Consejo Escolar. As\u00ed que si todo va bien pr\u00f3ximamente bautizaremos nuestra biblioteca como:<\/strong><\/p>\n<p><strong>Biblioteca \u201cFernando Qui\u00f1ones\u201d<\/strong><\/p>\n<p><strong>&nbsp;&nbsp; <\/strong><strong>\u00bfSab\u00e9is? He vuelto de las vacaciones con mucha energ\u00eda y gansas de hacer cosas. Para celebrar el d\u00eda de la PAZ he sugerido una actividad para hacer en clase. <\/strong><\/p>\n<p><strong>LA POEPAZ<\/strong><\/p>\n<p><strong>&nbsp; Se trata de escribir poes\u00edas en grupo tras haber seleccionado entre todos una serie de palabas amigas y enemigas de la PAZ. Y se expondr\u00e1n para ser leidas en el \u00e1rbol que esta frente a la biblio, al que esta semana llamaremos como \u201cEL \u00c1RBOL DE LA PAZ\u201d<\/strong><\/p>\n<p><strong>&nbsp; La pr\u00f3xima semana se podr\u00e1n leer aqu\u00ed.<\/strong><\/p>\n<p><strong>Bueno me despido, pero antes sabed que Pap\u00e1 Noel y los Reyes Magos me han tra\u00eddo el mejor regalo: LIBROS<\/strong><\/p>\n<p><strong>&nbsp;<\/strong><\/p>\n<p><strong>&nbsp; <\/strong><a href=\"https:\/\/blogsaverroes.juntadeandalucia.es\/trovador\/files\/2015\/03\/lea-qui\u00f1oneso.jpg\"><img loading=\"lazy\" decoding=\"async\" class=\"aligncenter size-full wp-image-7378\" src=\"https:\/\/blogsaverroes.juntadeandalucia.es\/trovador\/files\/2015\/03\/lea-qui\u00f1oneso.jpg\" alt=\"\" width=\"3106\" height=\"2249\" srcset=\"https:\/\/blogsaverroes.juntadeandalucia.es\/trovador\/files\/2015\/03\/lea-qui\u00f1oneso.jpg 1600w, https:\/\/blogsaverroes.juntadeandalucia.es\/trovador\/files\/2015\/03\/lea-qui\u00f1oneso-300x217.jpg 300w, https:\/\/blogsaverroes.juntadeandalucia.es\/trovador\/files\/2015\/03\/lea-qui\u00f1oneso-768x556.jpg 768w, https:\/\/blogsaverroes.juntadeandalucia.es\/trovador\/files\/2015\/03\/lea-qui\u00f1oneso-1024x741.jpg 1024w, https:\/\/blogsaverroes.juntadeandalucia.es\/trovador\/files\/2015\/03\/lea-qui\u00f1oneso-24x17.jpg 24w, https:\/\/blogsaverroes.juntadeandalucia.es\/trovador\/files\/2015\/03\/lea-qui\u00f1oneso-36x26.jpg 36w, https:\/\/blogsaverroes.juntadeandalucia.es\/trovador\/files\/2015\/03\/lea-qui\u00f1oneso-48x35.jpg 48w\" sizes=\"(max-width: 3106px) 100vw, 3106px\" \/><\/a><\/p>\n<p>&nbsp;<\/p>\n<p>&nbsp;<\/p>\n<blockquote>\n<h1><strong>12 de diciembre de 2018<\/strong><\/h1>\n<\/blockquote>\n<p>Este curso me he propuesto dinamizar el uso de la Biblioteca para as\u00ed convertirlo en un espacio fundamental en la vida de escolar del alumnado. Para ello cuento con la ayuda de un magn\u00edfico equipo de Biblioteca., compuesto por:<\/p>\n<p>Coordinador: \u00c1ngel Guill\u00e9n<\/p>\n<p>Profesorado colaborador: Mercedes Bejarano, Paqui Ortega, Carmen G\u00f3mez, Pepi Arroyo, M\u00aa Santos Tiz\u00f3n<\/p>\n<p>Monitotora escolar: Mila Ramos<\/p>\n<p>&nbsp;<\/p>\n<p>&nbsp;<\/p>\n<p>Y por supuesto, los&nbsp; \u00abratoncitos\/as de biblioteca\u00bb. Un grupo de alumnos-voluntarios. Los cuales desarrollan su labor con el correspondiente carn\u00e9 que lo acredita como tal.<\/p>\n<p><a href=\"https:\/\/blogsaverroes.juntadeandalucia.es\/trovador\/files\/2015\/03\/carne-raton.jpg\"><img loading=\"lazy\" decoding=\"async\" class=\"aligncenter wp-image-7178\" src=\"https:\/\/blogsaverroes.juntadeandalucia.es\/trovador\/files\/2015\/03\/carne-raton.jpg\" alt=\"\" width=\"479\" height=\"347\" srcset=\"https:\/\/blogsaverroes.juntadeandalucia.es\/trovador\/files\/2015\/03\/carne-raton.jpg 1600w, https:\/\/blogsaverroes.juntadeandalucia.es\/trovador\/files\/2015\/03\/carne-raton-300x217.jpg 300w, https:\/\/blogsaverroes.juntadeandalucia.es\/trovador\/files\/2015\/03\/carne-raton-768x556.jpg 768w, https:\/\/blogsaverroes.juntadeandalucia.es\/trovador\/files\/2015\/03\/carne-raton-1024x741.jpg 1024w, https:\/\/blogsaverroes.juntadeandalucia.es\/trovador\/files\/2015\/03\/carne-raton-24x17.jpg 24w, https:\/\/blogsaverroes.juntadeandalucia.es\/trovador\/files\/2015\/03\/carne-raton-36x26.jpg 36w, https:\/\/blogsaverroes.juntadeandalucia.es\/trovador\/files\/2015\/03\/carne-raton-48x35.jpg 48w\" sizes=\"(max-width: 479px) 100vw, 479px\" \/><\/a><\/p>\n<p>Mi primer trabajo fue repartir los carn\u00e9s as\u00ed que, una vez actualizados y plastificados, cit\u00e9 en la Biblio a todos los cursos y una vez terminado el acto de entrega de carn\u00e9s me hice una foto con cada grupo.<\/p>\n<p><a href=\"https:\/\/blogsaverroes.juntadeandalucia.es\/trovador\/files\/2015\/03\/entrega-de-carnes.jpg\"><img loading=\"lazy\" decoding=\"async\" class=\"aligncenter wp-image-7179\" src=\"https:\/\/blogsaverroes.juntadeandalucia.es\/trovador\/files\/2015\/03\/entrega-de-carnes.jpg\" alt=\"\" width=\"457\" height=\"343\" srcset=\"https:\/\/blogsaverroes.juntadeandalucia.es\/trovador\/files\/2015\/03\/entrega-de-carnes.jpg 1600w, https:\/\/blogsaverroes.juntadeandalucia.es\/trovador\/files\/2015\/03\/entrega-de-carnes-300x225.jpg 300w, https:\/\/blogsaverroes.juntadeandalucia.es\/trovador\/files\/2015\/03\/entrega-de-carnes-768x576.jpg 768w, https:\/\/blogsaverroes.juntadeandalucia.es\/trovador\/files\/2015\/03\/entrega-de-carnes-1024x768.jpg 1024w, https:\/\/blogsaverroes.juntadeandalucia.es\/trovador\/files\/2015\/03\/entrega-de-carnes-24x18.jpg 24w, https:\/\/blogsaverroes.juntadeandalucia.es\/trovador\/files\/2015\/03\/entrega-de-carnes-36x27.jpg 36w, https:\/\/blogsaverroes.juntadeandalucia.es\/trovador\/files\/2015\/03\/entrega-de-carnes-48x36.jpg 48w\" sizes=\"(max-width: 457px) 100vw, 457px\" \/><\/a><\/p>\n<p>&nbsp;<\/p>\n<p>La apertura de la biblioteca se establece en tres jornadas a la semana:<\/p>\n<p>Lunes y Mi\u00e9rcoles: prestamos de libros<\/p>\n<p>Viernes: Actividades tanto&nbsp; animaci\u00f3n a la lectura como de escritura creativa. Dichas actividades podr\u00e1n ser realizadas por cualquier miembro de la comunidad educativa. A d\u00eda de hoy dos alumnas de 6\u00baC (Julia&nbsp; y Daniela) representaron el cuento \u00abRICITOS DE ORO\u00bb dramatizado con gui\u00f1oles.<\/p>\n<p>Asimismo el tutor de 6\u00baC con ayuda de uno de sus alumnos (Ismael) ha iniciado con el cuento \u00abLa alfombra m\u00e1gica\u00bb una serie de historias en donde se mezcla la literatura y la magia.<\/p>\n<p>Tambi\u00e9n se han visionado dos episodios de la serie \u00abEl cuentacuentos\u00bb:&nbsp; \u00abEl gigante sin coraz\u00f3n\u00bb y \u00abJuan sin miedo\u00bb<\/p>\n<p>&nbsp;<\/p>\n<p>* Se han adquirido ejemplares destinados a cubrir las necesidades detectadas teniendo en cuenta lo demandado durante el curso pasado.<\/p>\n<p>&nbsp;<\/p>\n<p>* Con el objetivo de mejorar la comunicaci\u00f3n se le ha proporcionado a LEA dos espacios donde ella pueda informar de todo lo relacionado con la biblioteca: Un tabl\u00f3n de biblionoticias en la sala de profesores y otro en la puerta de la biblioteca.<\/p>\n<p>&nbsp;<\/p>\n<p>* Se ha realizado un calendario de la biblioteca donde el profesorado puede reservar horarios para disfrutar&nbsp;&nbsp;del uso de la misma con su grupo .<\/p>\n<p>&nbsp;<\/p>\n<h1><strong>NOTICIAS<\/strong><\/h1>\n<p>&nbsp;<\/p>\n<p>* El 1 de diciembre desde la biblioteca se ha organizado una jornada de juegos de mesa. Se ha contactado con la tienda \u00abLa tierra media\u00bb de C\u00e1diz, y se han prestado de manera gratuita a realizar diferentes juegos con el alumnado del tercer ciclo. Para los ciclos restantes se fijaran otras fechas que m\u00e1s adelante se detallar\u00e1n.<\/p>\n<p>*Semanalmente publicaremos una serie de recomendaciones para favorecer el h\u00e1bito lector. Ah\u00ed van algunos consejos para ELEGIR UN CUENTO PARA CONTAR<\/p>\n<ol>\n<li>Adaptado a la edad y a los intereses. Tener en cuenta su opini\u00f3n.<\/li>\n<li>Interactivo: que pueda participar de alguna manera.<\/li>\n<li>Que tenga partes que puedan ser representadas d\u00e1ndole buena entonaci\u00f3n y alegr\u00eda a la lectura.<\/li>\n<li>El argumento ha de ser comprensible y responda a una estructura lineal: principio, nudo y desenlace.<\/li>\n<li>Transmisor de valores positivos<\/li>\n<li>La historia ha de ser emocionante, entretenida o divertida.<\/li>\n<\/ol>\n<p>&nbsp;&nbsp; En definitiva, se trata de pasar un rato divertido a la vez que despertamos en ellos el inter\u00e9s por disfrutar de historias maravillosas.<\/p>\n<p>&nbsp;<\/p>\n<p><a href=\"http:\/\/es.calameo.com\/read\/00461522251fd816de010\">Gu\u00eda de la biblioteca<\/a><\/p>\n","protected":false},"excerpt":{"rendered":"<p>&nbsp; Nuestra biblioteca, un lugar divertido &nbsp; 13 de marzo de 2018 Pues ya este siglo se ha hecho mayor de edad, parece mentira. Como ya os he dicho este a\u00f1o es un a\u00f1o&#46;&#46;&#46;<\/p>\n","protected":false},"author":2245,"featured_media":0,"parent":0,"menu_order":0,"comment_status":"closed","ping_status":"closed","template":"","meta":{"ngg_post_thumbnail":0,"footnotes":"","_mc_calendar":[]},"aioseo_notices":[],"_links":{"self":[{"href":"https:\/\/blogsaverroes.juntadeandalucia.es\/trovador\/wp-json\/wp\/v2\/pages\/8600"}],"collection":[{"href":"https:\/\/blogsaverroes.juntadeandalucia.es\/trovador\/wp-json\/wp\/v2\/pages"}],"about":[{"href":"https:\/\/blogsaverroes.juntadeandalucia.es\/trovador\/wp-json\/wp\/v2\/types\/page"}],"author":[{"embeddable":true,"href":"https:\/\/blogsaverroes.juntadeandalucia.es\/trovador\/wp-json\/wp\/v2\/users\/2245"}],"replies":[{"embeddable":true,"href":"https:\/\/blogsaverroes.juntadeandalucia.es\/trovador\/wp-json\/wp\/v2\/comments?post=8600"}],"version-history":[{"count":3,"href":"https:\/\/blogsaverroes.juntadeandalucia.es\/trovador\/wp-json\/wp\/v2\/pages\/8600\/revisions"}],"predecessor-version":[{"id":13145,"href":"https:\/\/blogsaverroes.juntadeandalucia.es\/trovador\/wp-json\/wp\/v2\/pages\/8600\/revisions\/13145"}],"wp:attachment":[{"href":"https:\/\/blogsaverroes.juntadeandalucia.es\/trovador\/wp-json\/wp\/v2\/media?parent=8600"}],"curies":[{"name":"wp","href":"https:\/\/api.w.org\/{rel}","templated":true}]}}

<h1>&nbsp;</h1>
<h4><span style="color: #ff6600">Nuestra biblioteca, un lugar divertido</span></h4>
<p>&nbsp;</p>
<blockquote>
<h1><strong>13 de marzo de 2018</strong></h1>
</blockquote>
<p><strong>Pues ya este siglo se ha hecho mayor de edad, parece mentira. Como ya os he dicho este año es un año Quiñones. Fernando era chiclanero de nacimiento y gaditano de adopción. ¡Un gran andaluz!</strong></p>
<p><strong>&nbsp; Y ¿qué haremos nosotros para homenajearlo? Pues se me ha ocurrido proponer a los profes que nuestra biblioteca adopte el nombre de tan ilustre personaje. Así que el lunes día 30, y no hay mejor día; Fernando era un gran pacifista, esta propuesta se va a votar en el Claustro de profesores y en el Consejo Escolar. Así que si todo va bien próximamente bautizaremos nuestra biblioteca como:</strong></p>
<p><strong>Biblioteca “Fernando Quiñones”</strong></p>
<p><strong>&nbsp;&nbsp; </strong><strong>¿Sabéis? He vuelto de las vacaciones con mucha energía y gansas de hacer cosas. Para celebrar el día de la PAZ he sugerido una actividad para hacer en clase. </strong></p>
<h1><strong>LA POEPAZ</strong></h1>
<p><strong>&nbsp; Se trata de escribir poesías en grupo tras haber seleccionado entre todos una serie de palabas amigas y enemigas de la PAZ. Y se expondrán para ser leidas en el árbol que esta frente a la biblio, al que esta semana llamaremos como “EL ÁRBOL DE LA PAZ”</strong></p>
<p><strong>&nbsp; La próxima semana se podrán leer aquí.</strong></p>
<p><strong>Bueno me despido, pero antes sabed que Papá Noel y los Reyes Magos me han trÍido el mejor regalo: LIBROS</strong></p>
<p>&nbsp;</p>
<blockquote>
<h1><strong>26 de Enero de 2018</strong></h1>
</blockquote>
<p>&nbsp;</p>
<p><strong>&nbsp;&nbsp; Pues ya este siglo se ha hecho mayor de edad, parece mentira. Como ya os he dicho este año es un año Quiñones. Fernando era chiclanero de nacimiento y gaditano de adopción. ¡Un gran andaluz!</strong></p>
<p><strong>&nbsp; Y ¿qué haremos nosotros para homenajearlo? Pues se me ha ocurrido proponer a los profes que nuestra biblioteca adopte el nombre de tan ilustre personaje. Así que el lunes día 30, y no hay mejor día; Fernando era un gran pacifista, esta propuesta se va a votar en el Claustro de profesores y en el Consejo Escolar. Así que si todo va bien próximamente bautizaremos nuestra biblioteca como:</strong></p>
<p><strong>Biblioteca “Fernando Quiñones”</strong></p>
<p><strong>&nbsp;&nbsp; </strong><strong>¿Sabéis? He vuelto de las vacaciones con mucha energía y gansas de hacer cosas. Para celebrar el día de la PAZ he sugerido una actividad para hacer en clase. </strong></p>
<p><strong>LA POEPAZ</strong></p>
<p><strong>&nbsp; Se trata de escribir poesías en grupo tras haber seleccionado entre todos una serie de palabas amigas y enemigas de la PAZ. Y se expondrán para ser leidas en el árbol que esta frente a la biblio, al que esta semana llamaremos como “EL ÁRBOL DE LA PAZ”</strong></p>
<p><strong>&nbsp; La próxima semana se podrán leer aquí.</strong></p>
<p><strong>Bueno me despido, pero antes sabed que Papá Noel y los Reyes Magos me han traído el mejor regalo: LIBROS</strong></p>
<p><strong>&nbsp;</strong></p>
<p><strong>&nbsp; </strong><a href="https://blogsaverroes.juntadeandalucia.es/trovador/files/2015/03/lea-quiñoneso.jpg"><img loading="lazy" decoding="async" class="aligncenter size-full wp-image-7378" src="https://blogsaverroes.juntadeandalucia.es/trovador/files/2015/03/lea-quiñoneso.jpg" alt="" width="3106" height="2249" srcset="https://blogsaverroes.juntadeandalucia.es/trovador/files/2015/03/lea-quiñoneso.jpg 1600w, https://blogsaverroes.juntadeandalucia.es/trovador/files/2015/03/lea-quiñoneso-300x217.jpg 300w, https://blogsaverroes.juntadeandalucia.es/trovador/files/2015/03/lea-quiñoneso-768x556.jpg 768w, https://blogsaverroes.juntadeandalucia.es/trovador/files/2015/03/lea-quiñoneso-1024x741.jpg 1024w, https://blogsaverroes.juntadeandalucia.es/trovador/files/2015/03/lea-quiñoneso-24x17.jpg 24w, https://blogsaverroes.juntadeandalucia.es/trovador/files/2015/03/lea-quiñoneso-36x26.jpg 36w, https://blogsaverroes.juntadeandalucia.es/trovador/files/2015/03/lea-quiñoneso-48x35.jpg 48w" sizes="(max-width: 3106px) 100vw, 3106px" /></a></p>
<p>&nbsp;</p>
<p>&nbsp;</p>
<blockquote>
<h1><strong>12 de diciembre de 2018</strong></h1>
</blockquote>
<p>Este curso me he propuesto dinamizar el uso de la Biblioteca para así convertirlo en un espacio fundamental en la vida de escolar del alumnado. Para ello cuento con la ayuda de un magnífico equipo de Biblioteca., compuesto por:</p>
<p>Coordinador: Ángel Guillén</p>
<p>Profesorado colaborador: Mercedes Bejarano, Paqui Ortega, Carmen Gómez, Pepi Arroyo, Mª Santos Tizón</p>
<p>Monitotora escolar: Mila Ramos</p>
<p>&nbsp;</p>
<p>&nbsp;</p>
<p>Y por supuesto, los&nbsp; «ratoncitos/as de biblioteca». Un grupo de alumnos-voluntarios. Los cuales desarrollan su labor con el correspondiente carné que lo acredita como tal.</p>
<p><a href="https://blogsaverroes.juntadeandalucia.es/trovador/files/2015/03/carne-raton.jpg"><img loading="lazy" decoding="async" class="aligncenter wp-image-7178" src="https://blogsaverroes.juntadeandalucia.es/trovador/files/2015/03/carne-raton.jpg" alt="" width="479" height="347" srcset="https://blogsaverroes.juntadeandalucia.es/trovador/files/2015/03/carne-raton.jpg 1600w, https://blogsaverroes.juntadeandalucia.es/trovador/files/2015/03/carne-raton-300x217.jpg 300w, https://blogsaverroes.juntadeandalucia.es/trovador/files/2015/03/carne-raton-768x556.jpg 768w, https://blogsaverroes.juntadeandalucia.es/trovador/files/2015/03/carne-raton-1024x741.jpg 1024w, https://blogsaverroes.juntadeandalucia.es/trovador/files/2015/03/carne-raton-24x17.jpg 24w, https://blogsaverroes.juntadeandalucia.es/trovador/files/2015/03/carne-raton-36x26.jpg 36w, https://blogsaverroes.juntadeandalucia.es/trovador/files/2015/03/carne-raton-48x35.jpg 48w" sizes="(max-width: 479px) 100vw, 479px" /></a></p>
<p>Mi primer trabajo fue repartir los carnés así que, una vez actualizados y plastificados, cité en la Biblio a todos los cursos y una vez terminado el acto de entrega de carnés me hice una foto con cada grupo.</p>
<p><a href="https://blogsaverroes.juntadeandalucia.es/trovador/files/2015/03/entrega-de-carnes.jpg"><img loading="lazy" decoding="async" class="aligncenter wp-image-7179" src="https://blogsaverroes.juntadeandalucia.es/trovador/files/2015/03/entrega-de-carnes.jpg" alt="" width="457" height="343" srcset="https://blogsaverroes.juntadeandalucia.es/trovador/files/2015/03/entrega-de-carnes.jpg 1600w, https://blogsaverroes.juntadeandalucia.es/trovador/files/2015/03/entrega-de-carnes-300x225.jpg 300w, https://blogsaverroes.juntadeandalucia.es/trovador/files/2015/03/entrega-de-carnes-768x576.jpg 768w, https://blogsaverroes.juntadeandalucia.es/trovador/files/2015/03/entrega-de-carnes-1024x768.jpg 1024w, https://blogsaverroes.juntadeandalucia.es/trovador/files/2015/03/entrega-de-carnes-24x18.jpg 24w, https://blogsaverroes.juntadeandalucia.es/trovador/files/2015/03/entrega-de-carnes-36x27.jpg 36w, https://blogsaverroes.juntadeandalucia.es/trovador/files/2015/03/entrega-de-carnes-48x36.jpg 48w" sizes="(max-width: 457px) 100vw, 457px" /></a></p>
<p>&nbsp;</p>
<p>La apertura de la biblioteca se establece en tres jornadas a la semana:</p>
<p>Lunes y Miércoles: prestamos de libros</p>
<p>Viernes: Actividades tanto&nbsp; animación a la lectura como de escritura creativa. Dichas actividades podrán ser realizadas por cualquier miembro de la comunidad educativa. A día de hoy dos alumnas de 6ºC (Julia&nbsp; y Daniela) representaron el cuento «RICITOS DE ORO» dramatizado con guiñoles.</p>
<p>Asimismo el tutor de 6ºC con ayuda de uno de sus alumnos (Ismael) ha iniciado con el cuento «La alfombra mágica» una serie de historias en donde se mezcla la literatura y la magia.</p>
<p>También se han visionado dos episodios de la serie «El cuentacuentos»:&nbsp; «El gigante sin corazón» y «Juan sin miedo»</p>
<p>&nbsp;</p>
<p>* Se han adquirido ejemplares destinados a cubrir las necesidades detectadas teniendo en cuenta lo demandado durante el curso pasado.</p>
<p>&nbsp;</p>
<p>* Con el objetivo de mejorar la comunicación se le ha proporcionado a LEA dos espacios donde ella pueda informar de todo lo relacionado con la biblioteca: Un tablón de biblionoticias en la sala de profesores y otro en la puerta de la biblioteca.</p>
<p>&nbsp;</p>
<p>* Se ha realizado un calendario de la biblioteca donde el profesorado puede reservar horarios para disfrutar&nbsp;&nbsp;del uso de la misma con su grupo .</p>
<p>&nbsp;</p>
<h1><strong>NOTICIAS</strong></h1>
<p>&nbsp;</p>
<p>* El 1 de diciembre desde la biblioteca se ha organizado una jornada de juegos de mesa. Se ha contactado con la tienda «La tierra media» de Cádiz, y se han prestado de manera gratuita a realizar diferentes juegos con el alumnado del tercer ciclo. Para los ciclos restantes se fijaran otras fechas que más adelante se detallarán.</p>
<p>*Semanalmente publicaremos una serie de recomendaciones para favorecer el hábito lector. Ahí van algunos consejos para ELEGIR UN CUENTO PARA CONTAR</p>
<ol>
<li>Adaptado a la edad y a los intereses. Tener en cuenta su opinión.</li>
<li>Interactivo: que pueda participar de alguna manera.</li>
<li>Que tenga partes que puedan ser representadas dándole buena entonación y alegría a la lectura.</li>
<li>El argumento ha de ser comprensible y responda a una estructura lineal: principio, nudo y desenlace.</li>
<li>Transmisor de valores positivos</li>
<li>La historia ha de ser emocionante, entretenida o divertida.</li>
</ol>
<p>&nbsp;&nbsp; En definitiva, se trata de pasar un rato divertido a la vez que despertamos en ellos el interés por disfrutar de historias maravillosas.</p>
<p>&nbsp;</p>
<p><a href="http://es.calameo.com/read/00461522251fd816de010">Guía de la biblioteca</a></p>

<p>&nbsp; Nuestra biblioteca, un lugar divertido &nbsp; 13 de marzo de 2018 Pues ya este siglo se ha hecho mayor de edad, parece mentira. Como ya os he dicho este año es un año&#46;&#46;&#46;</p>
